{"id":59,"date":"2017-10-17T21:22:19","date_gmt":"2017-10-17T20:22:19","guid":{"rendered":"http:\/\/873.gvs.arnes.si\/visja\/?page_id=59"},"modified":"2018-11-19T20:43:07","modified_gmt":"2018-11-19T19:43:07","slug":"aktivnosti-visje-strokovne-sole","status":"publish","type":"page","link":"https:\/\/www.hvu.si\/visja\/aktivnosti-visje-strokovne-sole\/","title":{"rendered":"Aktivnosti Vi\u0161je strokovne \u0161ole"},"content":{"rendered":"<p style=\"text-align: justify;\"><span style=\"font-family: book antiqua, palatino, serif; font-size: 14pt;\">Poleg izobra\u017eevalnega procesa \u0161tudentov so na VS\u0160 tudi aktivnosti, ki dopolnjujejo ali popestrijo \u0161tudij in \u0161tudentsko \u017eivljenje. Predstavljene so le nekatere aktivnosti.<\/span><\/p>\n<h3 style=\"text-align: justify;\"><span style=\"font-family: book antiqua, palatino, serif; font-size: 18pt;\">Erasmus +<\/span><\/h3>\n<p style=\"text-align: justify;\"><span style=\"font-family: book antiqua, palatino, serif; font-size: 14pt;\">Za \u0161tudente in zaposlene na VS\u0160 omogo\u010damo mo\u017enost pridobitve strokovnih izku\u0161enj v tujini preko projekta u\u010dne mobilnosti v okviru programa Erasmus +. Program podpira mobilnost posameznikov ter mednarodna partnerstva med razli\u010dnimi organizacijami z namenom modernizacije ter sodelovanja med podro\u010djem izobra\u017eevanja in trgom dela.<\/span><\/p>\n<h3 style=\"text-align: justify;\"><span style=\"font-family: book antiqua, palatino, serif; font-size: 18pt;\">Strokovni posvet<\/span><\/h3>\n<p style=\"text-align: justify;\"><span style=\"font-family: book antiqua, palatino, serif; font-size: 14pt;\">Vsako leto organiziramo strokovni posvet z naslovom Hortikultura \u2013 mo\u017enosti, prilo\u017enosti, prenos dobre prakse. K sodelovanju so vabljeni tako \u0161tudenti, zaposleni, kot strokovna ali lai\u010dna javnost. Posvete lahko spremljajo razstave na temo posvetov, vsakokrat pa tudi strokovni zbornik prispevkov, dostopen v knji\u017enici ali na internetnih straneh.<\/span><\/p>\n<h3 style=\"text-align: justify;\"><span style=\"font-family: book antiqua, palatino, serif; font-size: 18pt;\">Sejmi, razstave<\/span><\/h3>\n<p style=\"text-align: justify;\"><span style=\"font-family: book antiqua, palatino, serif; font-size: 14pt;\">V okviru VS\u0160 prirejamo ali se udele\u017eujemo strokovnih sejmov (Flora, Agra\u2026) in razstav (Dan mokri\u0161\u010d, Dan zemlje\u2026), kjer sodelujejo tako \u0161tudenti kot zaposleni.<\/span><\/p>\n<h3 style=\"text-align: justify;\"><span style=\"font-family: book antiqua, palatino, serif; font-size: 18pt;\">Tekmovanja<\/span><\/h3>\n<p style=\"text-align: justify;\"><span style=\"font-family: book antiqua, palatino, serif; font-size: 14pt;\">Veseli nas, da vsako leto na strokovnih tekmovanjih (npr. na dr\u017eavnem tekmovanju na Flori, na \u0161olskem tekmovanju, tekmovanju Konzorcija biotehni\u0161kih \u0161ol in drugih tekmovanjih v Sloveniji) sodelujejo \u0161tudenti obeh programov in da so zelo uspe\u0161ni. Prva mesta dosegajo tudi na nekaterih mednarodnih tekmovanjih (npr. na floristi\u010dnem tekmovanju v Splitu, Evropskem tekmovanju cvetli\u010darjev). Posebno pa smo ponosni, da slovenski tekmovalci na Euroskills-u prihajajo z na\u0161e \u0161ole (VS\u0160 in S\u0160) in da so tudi tam zelo uspe\u0161ni.<\/span><\/p>\n<h3 style=\"text-align: justify;\"><span style=\"font-family: book antiqua, palatino, serif; font-size: 18pt;\">U\u010dna pot za slepe, slabovidne in vide\u010de<\/span><\/h3>\n<p style=\"text-align: justify;\"><span style=\"font-family: book antiqua, palatino, serif; font-size: 14pt;\">Po u\u010dni poti vodimo v obdobjih lepega in toplega vremena skupine slepih, slabovidnih ali vide\u010dih. Prilagajamo se vsem starostnim skupinam, ljudem razli\u010dnih poklicev ali zanimanj, tujcem\u2026<\/span><\/p>\n<h3 style=\"text-align: justify;\"><span style=\"font-family: book antiqua, palatino, serif; font-size: 18pt;\">Projektni razpisi<\/span><\/h3>\n<p style=\"text-align: justify;\"><span style=\"font-family: book antiqua, palatino, serif; font-size: 14pt;\">Izkori\u0161\u010damo mo\u017enosti in prilo\u017enosti razpisov, ki dopolnjujejo ali popestrijo na\u0161a programa.<\/span><\/p>\n<h3 style=\"text-align: justify;\"><span style=\"font-family: book antiqua, palatino, serif; font-size: 18pt;\">Teden vse\u017eivljenjskega u\u010denja<\/span><\/h3>\n<p style=\"text-align: justify;\"><span style=\"font-family: book antiqua, palatino, serif; font-size: 14pt;\">Zaposleni in \u0161tudenti vsako leto sodelujemo v okviru Tedna vse\u017eivljenjskega u\u010denja s pripravo delavnic in strokovnih predavanj.<\/span><\/p>\n<h3 style=\"text-align: justify;\"><span style=\"font-family: book antiqua, palatino, serif; font-size: 18pt;\">Ekskurzije<\/span><\/h3>\n<p style=\"text-align: justify;\"><span style=\"font-family: book antiqua, palatino, serif; font-size: 14pt;\">Strokovne ekskurzije so organizirane tako za \u0161tudente kot za zaposlene. Ve\u010dina ekskurzij je po Sloveniji, manj pa po tujini.<\/span><\/p>\n<h3 style=\"text-align: justify;\"><span style=\"font-family: book antiqua, palatino, serif; font-size: 18pt;\">Sodelovanje z in\u0161titucijami<\/span><\/h3>\n<p style=\"text-align: justify;\"><span style=\"font-family: book antiqua, palatino, serif; font-size: 14pt;\">V okviru Regijskega \u0161tudijskega sredi\u0161\u010da se \u017ee ve\u010d let aktivno udele\u017eujemo Dneva raziskovalcev.<\/span><\/p>\n<p style=\"text-align: justify;\"><span style=\"font-family: book antiqua, palatino, serif; font-size: 14pt;\">Na razli\u010dne na\u010dine sodelujemo z delodajalci, npr. s skupnimi projekti, predstavitvami dejavnosti v podjetjih, pri diplomah, pri dnevih odprtih vrat\u2026<\/span><\/p>\n<p style=\"text-align: justify;\"><span style=\"font-family: book antiqua, palatino, serif; font-size: 14pt;\">Strokovno sodelovanje poteka predvsem s sorodnimi \u0161olami pri nas in v tujini, z in\u0161tituti, podjetji in posamezniki.<\/span><\/p>\n<h3 style=\"text-align: justify;\"><span style=\"font-family: book antiqua, palatino, serif; font-size: 18pt;\">Promocija<\/span><\/h3>\n<p style=\"text-align: justify;\"><span style=\"font-family: book antiqua, palatino, serif; font-size: 14pt;\">Izvajamo lastno promocijo \u0161ole in pomagamo nekaterim podjetjem pri njihovih predstavitvah, v\u010dasih pa se predstavljamo skupaj.<\/span><\/p>\n<h3 style=\"text-align: justify;\"><span style=\"font-family: book antiqua, palatino, serif; font-size: 18pt;\">Pomagamo<\/span><\/h3>\n<p style=\"text-align: justify;\"><span style=\"font-family: book antiqua, palatino, serif; font-size: 14pt;\">V preteklosti smo \u017ee pomagali z delom ob naravni nesre\u010di in posameznikom na razli\u010dne na\u010dine.<\/span><\/p>\n<h3 style=\"text-align: justify;\"><span style=\"font-family: book antiqua, palatino, serif; font-size: 18pt;\">Zabava<\/span><\/h3>\n<p style=\"text-align: justify;\"><span style=\"font-family: book antiqua, palatino, serif; font-size: 14pt;\">Prosto\u010dasne aktivnosti popestrijo dneve.<\/span><\/p>\n","protected":false},"excerpt":{"rendered":"<p>Poleg izobra\u017eevalnega procesa \u0161tudentov so na VS\u0160 tudi aktivnosti, ki dopolnjujejo ali popestrijo \u0161tudij in \u0161tudentsko \u017eivljenje. Predstavljene so le nekatere aktivnosti. Erasmus + Za \u0161tudente in zaposlene na VS\u0160 [&hellip;]<\/p>\n","protected":false},"author":1,"featured_media":0,"parent":0,"menu_order":0,"comment_status":"closed","ping_status":"closed","template":"","meta":{"footnotes":""},"class_list":["post-59","page","type-page","status-publish","hentry"],"_links":{"self":[{"href":"https:\/\/www.hvu.si\/visja\/wp-json\/wp\/v2\/pages\/59","targetHints":{"allow":["GET"]}}],"collection":[{"href":"https:\/\/www.hvu.si\/visja\/wp-json\/wp\/v2\/pages"}],"about":[{"href":"https:\/\/www.hvu.si\/visja\/wp-json\/wp\/v2\/types\/page"}],"author":[{"embeddable":true,"href":"https:\/\/www.hvu.si\/visja\/wp-json\/wp\/v2\/users\/1"}],"replies":[{"embeddable":true,"href":"https:\/\/www.hvu.si\/visja\/wp-json\/wp\/v2\/comments?post=59"}],"version-history":[{"count":4,"href":"https:\/\/www.hvu.si\/visja\/wp-json\/wp\/v2\/pages\/59\/revisions"}],"predecessor-version":[{"id":824,"href":"https:\/\/www.hvu.si\/visja\/wp-json\/wp\/v2\/pages\/59\/revisions\/824"}],"wp:attachment":[{"href":"https:\/\/www.hvu.si\/visja\/wp-json\/wp\/v2\/media?parent=59"}],"curies":[{"name":"wp","href":"https:\/\/api.w.org\/{rel}","templated":true}]}}

Aktivnosti Višje strokovne šole

<p style="text-align: justify;"><span style="font-family: book antiqua, palatino, serif; font-size: 14pt;">Poleg izobraževalnega procesa študentov so na VSŠ tudi aktivnosti, ki dopolnjujejo ali popestrijo študij in študentsko življenje. Predstavljene so le nekatere aktivnosti.</span></p>
<h3 style="text-align: justify;"><span style="font-family: book antiqua, palatino, serif; font-size: 18pt;">Erasmus +</span></h3>
<p style="text-align: justify;"><span style="font-family: book antiqua, palatino, serif; font-size: 14pt;">Za študente in zaposlene na VSŠ omogočamo možnost pridobitve strokovnih izkušenj v tujini preko projekta učne mobilnosti v okviru programa Erasmus +. Program podpira mobilnost posameznikov ter mednarodna partnerstva med različnimi organizacijami z namenom modernizacije ter sodelovanja med področjem izobraževanja in trgom dela.</span></p>
<h3 style="text-align: justify;"><span style="font-family: book antiqua, palatino, serif; font-size: 18pt;">Strokovni posvet</span></h3>
<p style="text-align: justify;"><span style="font-family: book antiqua, palatino, serif; font-size: 14pt;">Vsako leto organiziramo strokovni posvet z naslovom Hortikultura – možnosti, priložnosti, prenos dobre prakse. K sodelovanju so vabljeni tako študenti, zaposleni, kot strokovna ali laična javnost. Posvete lahko spremljajo razstave na temo posvetov, vsakokrat pa tudi strokovni zbornik prispevkov, dostopen v knjižnici ali na internetnih straneh.</span></p>
<h3 style="text-align: justify;"><span style="font-family: book antiqua, palatino, serif; font-size: 18pt;">Sejmi, razstave</span></h3>
<p style="text-align: justify;"><span style="font-family: book antiqua, palatino, serif; font-size: 14pt;">V okviru VSŠ prirejamo ali se udeležujemo strokovnih sejmov (Flora, Agra…) in razstav (Dan mokrišč, Dan zemlje…), kjer sodelujejo tako študenti kot zaposleni.</span></p>
<h3 style="text-align: justify;"><span style="font-family: book antiqua, palatino, serif; font-size: 18pt;">Tekmovanja</span></h3>
<p style="text-align: justify;"><span style="font-family: book antiqua, palatino, serif; font-size: 14pt;">Veseli nas, da vsako leto na strokovnih tekmovanjih (npr. na državnem tekmovanju na Flori, na šolskem tekmovanju, tekmovanju Konzorcija biotehniških šol in drugih tekmovanjih v Sloveniji) sodelujejo študenti obeh programov in da so zelo uspešni. Prva mesta dosegajo tudi na nekaterih mednarodnih tekmovanjih (npr. na florističnem tekmovanju v Splitu, Evropskem tekmovanju cvetličarjev). Posebno pa smo ponosni, da slovenski tekmovalci na Euroskills-u prihajajo z naše šole (VSŠ in SŠ) in da so tudi tam zelo uspešni.</span></p>
<h3 style="text-align: justify;"><span style="font-family: book antiqua, palatino, serif; font-size: 18pt;">Učna pot za slepe, slabovidne in videče</span></h3>
<p style="text-align: justify;"><span style="font-family: book antiqua, palatino, serif; font-size: 14pt;">Po učni poti vodimo v obdobjih lepega in toplega vremena skupine slepih, slabovidnih ali videčih. Prilagajamo se vsem starostnim skupinam, ljudem različnih poklicev ali zanimanj, tujcem…</span></p>
<h3 style="text-align: justify;"><span style="font-family: book antiqua, palatino, serif; font-size: 18pt;">Projektni razpisi</span></h3>
<p style="text-align: justify;"><span style="font-family: book antiqua, palatino, serif; font-size: 14pt;">Izkoriščamo možnosti in priložnosti razpisov, ki dopolnjujejo ali popestrijo naša programa.</span></p>
<h3 style="text-align: justify;"><span style="font-family: book antiqua, palatino, serif; font-size: 18pt;">Teden vseživljenjskega učenja</span></h3>
<p style="text-align: justify;"><span style="font-family: book antiqua, palatino, serif; font-size: 14pt;">Zaposleni in študenti vsako leto sodelujemo v okviru Tedna vseživljenjskega učenja s pripravo delavnic in strokovnih predavanj.</span></p>
<h3 style="text-align: justify;"><span style="font-family: book antiqua, palatino, serif; font-size: 18pt;">Ekskurzije</span></h3>
<p style="text-align: justify;"><span style="font-family: book antiqua, palatino, serif; font-size: 14pt;">Strokovne ekskurzije so organizirane tako za študente kot za zaposlene. Večina ekskurzij je po Sloveniji, manj pa po tujini.</span></p>
<h3 style="text-align: justify;"><span style="font-family: book antiqua, palatino, serif; font-size: 18pt;">Sodelovanje z inštitucijami</span></h3>
<p style="text-align: justify;"><span style="font-family: book antiqua, palatino, serif; font-size: 14pt;">V okviru Regijskega študijskega središča se že več let aktivno udeležujemo Dneva raziskovalcev.</span></p>
<p style="text-align: justify;"><span style="font-family: book antiqua, palatino, serif; font-size: 14pt;">Na različne načine sodelujemo z delodajalci, npr. s skupnimi projekti, predstavitvami dejavnosti v podjetjih, pri diplomah, pri dnevih odprtih vrat…</span></p>
<p style="text-align: justify;"><span style="font-family: book antiqua, palatino, serif; font-size: 14pt;">Strokovno sodelovanje poteka predvsem s sorodnimi šolami pri nas in v tujini, z inštituti, podjetji in posamezniki.</span></p>
<h3 style="text-align: justify;"><span style="font-family: book antiqua, palatino, serif; font-size: 18pt;">Promocija</span></h3>
<p style="text-align: justify;"><span style="font-family: book antiqua, palatino, serif; font-size: 14pt;">Izvajamo lastno promocijo šole in pomagamo nekaterim podjetjem pri njihovih predstavitvah, včasih pa se predstavljamo skupaj.</span></p>
<h3 style="text-align: justify;"><span style="font-family: book antiqua, palatino, serif; font-size: 18pt;">Pomagamo</span></h3>
<p style="text-align: justify;"><span style="font-family: book antiqua, palatino, serif; font-size: 14pt;">V preteklosti smo že pomagali z delom ob naravni nesreči in posameznikom na različne načine.</span></p>
<h3 style="text-align: justify;"><span style="font-family: book antiqua, palatino, serif; font-size: 18pt;">Zabava</span></h3>
<p style="text-align: justify;"><span style="font-family: book antiqua, palatino, serif; font-size: 14pt;">Prostočasne aktivnosti popestrijo dneve.</span></p>

<p>Poleg izobraževalnega procesa študentov so na VSŠ tudi aktivnosti, ki dopolnjujejo ali popestrijo študij in študentsko življenje. Predstavljene so le nekatere aktivnosti. Erasmus + Za študente in zaposlene na VSŠ [&hellip;]</p>
