{"id":526,"date":"2018-05-27T14:11:46","date_gmt":"2018-05-27T13:11:46","guid":{"rendered":"http:\/\/873.gvs.arnes.si\/visja\/?page_id=526"},"modified":"2026-02-09T08:18:39","modified_gmt":"2026-02-09T07:18:39","slug":"cenik-storitev-izobrazevanja-na-visji-strokovni-soli","status":"publish","type":"page","link":"https:\/\/www.hvu.si\/visja\/cenik-storitev-izobrazevanja-na-visji-strokovni-soli\/","title":{"rendered":"Cenik storitev izobra\u017eevanja na Vi\u0161ji strokovni \u0161oli"},"content":{"rendered":"<table style=\"width: 700px\" border=\"1\" cellspacing=\"0\" cellpadding=\"3\">\n<tbody>\n<tr style=\"height: 18px;background-color: #ebb12a\">\n<td style=\"height: 18px;width: 65.0073%\"><span style=\"font-family: book antiqua, palatino, serif;font-size: 14pt\"><strong>REDNI \u0160TUDIJ<\/strong><\/span><\/td>\n<td style=\"height: 18px;width: 34.8463%;text-align: center\"><span style=\"font-family: book antiqua, palatino, serif;font-size: 14pt\"><strong>CENA<\/strong><\/span><\/td>\n<\/tr>\n<tr style=\"height: 10px\">\n<td style=\"height: 10px;width: 65.0073%\"><span style=\"font-family: book antiqua, palatino, serif;font-size: 14pt\">Vpisnina v I. letnik<\/span><\/td>\n<td style=\"height: 10px;width: 34.8463%;text-align: center\"><span style=\"font-family: book antiqua, palatino, serif;font-size: 14pt\">30,00 \u20ac<\/span><\/td>\n<\/tr>\n<tr style=\"height: 10px\">\n<td style=\"height: 10px;width: 65.0073%\"><span style=\"font-family: book antiqua, palatino, serif;font-size: 14pt\">Vpisnina v vi\u0161ji letnik ali ponovni vpis v letnik<\/span><\/td>\n<td style=\"height: 10px;width: 34.8463%;text-align: center\"><span style=\"font-family: book antiqua, palatino, serif;font-size: 14pt\">20,00 \u20ac<\/span><\/td>\n<\/tr>\n<tr style=\"height: 10px\">\n<td style=\"height: 10px;width: 65.0073%\"><span style=\"font-family: book antiqua, palatino, serif;font-size: 14pt\">Vpisnina eviden\u010dni vpis<\/span><\/td>\n<td style=\"height: 10px;width: 34.8463%;text-align: center\"><span style=\"font-family: book antiqua, palatino, serif;font-size: 14pt\">20,00 \u20ac<\/span><\/td>\n<\/tr>\n<tr style=\"height: 10px\">\n<td style=\"height: 10px;width: 65.0073%\"><span style=\"font-family: book antiqua, palatino, serif;font-size: 14pt\">Dvojnik indeksa s prepisom podatkov<\/span><\/td>\n<td style=\"height: 10px;width: 34.8463%;text-align: center\"><span style=\"font-family: book antiqua, palatino, serif;font-size: 14pt\">20,00 \u20ac<\/span><\/td>\n<\/tr>\n<tr style=\"height: 10px\">\n<td style=\"height: 10px;width: 65.0073%\"><span style=\"font-family: book antiqua, palatino, serif;font-size: 14pt\">Dvojnik \u0161tudentske izkaznice z nalepko<\/span><\/td>\n<td style=\"height: 10px;width: 34.8463%;text-align: center\"><span style=\"font-family: book antiqua, palatino, serif;font-size: 14pt\">10,00 \u20ac<\/span><\/td>\n<\/tr>\n<tr style=\"height: 10px\">\n<td style=\"height: 10px;width: 65.0073%\"><span style=\"font-family: book antiqua, palatino, serif;font-size: 14pt\">Zdravni\u0161ki pregledi<\/span><\/td>\n<td style=\"height: 10px;width: 34.8463%;text-align: center\"><span style=\"font-family: book antiqua, palatino, serif;font-size: 14pt\">(po dejanskih stro\u0161kih)<\/span><\/td>\n<\/tr>\n<tr style=\"height: 10px\">\n<td style=\"height: 10px;width: 65.0073%\"><span style=\"font-family: book antiqua, palatino, serif;font-size: 14pt\">Terenske vaje in strokovne ekskurzije<\/span><\/td>\n<td style=\"height: 10px;width: 34.8463%;text-align: center\"><span style=\"font-family: book antiqua, palatino, serif;font-size: 14pt\">(po dejanskih stro\u0161kih)<\/span><\/td>\n<\/tr>\n<tr style=\"height: 17px\">\n<td style=\"height: 17px;width: 65.0073%\"><span style=\"font-family: book antiqua, palatino, serif;font-size: 14pt\">Laboratorijske vaje za osebe brez statusa<\/span><\/td>\n<td style=\"height: 17px;width: 34.8463%;text-align: center\"><span style=\"font-family: book antiqua, palatino, serif;font-size: 14pt\">40,00 \u20ac<\/span><\/td>\n<\/tr>\n<tr style=\"height: 10px\">\n<td style=\"height: 10px;width: 65.0073%\"><span style=\"font-family: book antiqua, palatino, serif;font-size: 14pt\">Organizacija prakti\u010dnega izobra\u017eevanja za osebe brez statusa<\/span><\/td>\n<td style=\"height: 10px;width: 34.8463%;text-align: center\"><span style=\"font-family: book antiqua, palatino, serif;font-size: 14pt\">40,00 \u20ac<\/span><\/td>\n<\/tr>\n<tr style=\"height: 10px\">\n<td style=\"height: 10px;width: 65.0073%\"><span style=\"font-family: book antiqua, palatino, serif;font-size: 14pt\">IZPITI:<\/span><br \/>\n<span style=\"font-family: book antiqua, palatino, serif;font-size: 14pt\">IV. in vsako nadaljnje opravljanje izpitov<\/span><\/td>\n<td style=\"height: 10px;width: 34.8463%;text-align: center\"><span style=\"font-family: book antiqua, palatino, serif;font-size: 14pt\">40,00 \u20ac<\/span><\/td>\n<\/tr>\n<tr style=\"height: 15px\">\n<td style=\"height: 15px;width: 65.0073%\"><span style=\"font-family: book antiqua, palatino, serif;font-size: 14pt\">I., II., III. opravljanje izpita za osebe brez statusa\u00a0<\/span><\/td>\n<td style=\"height: 15px;width: 34.8463%;text-align: center\"><span style=\"font-family: book antiqua, palatino, serif;font-size: 14pt\">20,00 \u20ac<\/span><\/td>\n<\/tr>\n<tr style=\"height: 20px\">\n<td style=\"height: 20px;width: 65.0073%\"><span style=\"font-family: book antiqua, palatino, serif;font-size: 14pt\">IV. in vsako nadaljnje komisijsko opravljanje izpita za osebe brez statusa<\/span><\/td>\n<td style=\"height: 20px;width: 34.8463%;text-align: center\"><span style=\"font-family: book antiqua, palatino, serif;font-size: 14pt\">120,00 \u20ac<\/span><\/td>\n<\/tr>\n<tr style=\"height: 10px\">\n<td style=\"height: 10px;width: 65.0073%\"><span style=\"font-family: book antiqua, palatino, serif;font-size: 14pt\">Diplomski izpit za osebe brez statusa<\/span><\/td>\n<td style=\"height: 10px;width: 34.8463%;text-align: center\"><span style=\"font-family: book antiqua, palatino, serif;font-size: 14pt\">30,00 \u20ac<\/span><\/td>\n<\/tr>\n<tr style=\"height: 10px\">\n<td style=\"height: 10px;width: 65.0073%\"><span style=\"font-family: book antiqua, palatino, serif;font-size: 14pt\">Izdaja nove diplomske listine<\/span><\/td>\n<td style=\"height: 10px;width: 34.8463%;text-align: center\"><span style=\"font-family: book antiqua, palatino, serif;font-size: 14pt\">150,00 \u20ac<\/span><\/td>\n<\/tr>\n<tr style=\"height: 28px\">\n<td style=\"height: 28px;width: 65.0073%\"><span style=\"font-family: book antiqua, palatino, serif;font-size: 14pt\">POTRDILA:<\/span><br \/>\n<span style=\"font-family: book antiqua, palatino, serif;font-size: 14pt\">Izdaja potrdil o opravljenih izpitih oz. o dose\u017eeni povpre\u010dni oceni<\/span><\/td>\n<td style=\"height: 28px;width: 34.8463%;text-align: center\">\n<span style=\"font-family: book antiqua, palatino, serif;font-size: 14pt\">5,00 \u20ac<\/span><\/td>\n<\/tr>\n<tr style=\"height: 10px\">\n<td style=\"height: 10px;width: 65.0073%\"><span style=\"font-family: book antiqua, palatino, serif;font-size: 14pt\">Druga potrdila na zahtevo za osebe brez statusa<\/span><\/td>\n<td style=\"height: 10px;width: 34.8463%;text-align: center\"><span style=\"font-family: book antiqua, palatino, serif;font-size: 14pt\">10,00 \u20ac<\/span><\/td>\n<\/tr>\n<\/tbody>\n<\/table>\n<p>&nbsp;<\/p>\n<table style=\"width: 700px\" border=\"1\" width=\"700\" cellspacing=\"0\" cellpadding=\"3\">\n<tbody>\n<tr style=\"background-color: #eda515\">\n<td style=\"width: 65.0289%\" width=\"482\"><span style=\"font-family: book antiqua, palatino, serif;font-size: 14pt\"><strong>IZREDNI \u0160TUDIJ<\/strong><\/span><\/td>\n<td style=\"width: 34.6821%;text-align: center\" width=\"170\"><span style=\"font-family: book antiqua, palatino, serif;font-size: 14pt\"><strong>CENA<\/strong><\/span><\/td>\n<\/tr>\n<tr>\n<td style=\"width: 65.0289%\" width=\"482\"><span style=\"font-family: book antiqua, palatino, serif;font-size: 14pt\">Vpisnina v I. ciklus<\/span><\/td>\n<td style=\"width: 34.6821%;text-align: center\" width=\"170\"><span style=\"font-family: book antiqua, palatino, serif;font-size: 14pt\">30,00 \u20ac<\/span><\/td>\n<\/tr>\n<tr>\n<td style=\"width: 65.0289%\" width=\"482\"><span style=\"font-family: book antiqua, palatino, serif;font-size: 14pt\">\u0160olnina\u00a0 za \u0161tudijsko leto \u2013 izredni \u0161tudij \u2013 1. ciklus(izvajanje programa, \u0161tudijsko gradivo, I. opravljanje izpita in enkratno opravljanje izpita za posamezni predmet, \u0161tudijska izkaznica)<\/span><\/td>\n<td style=\"width: 34.6821%;text-align: center\" width=\"170\">\n<span style=\"font-family: book antiqua, palatino, serif;font-size: 14pt\">1.170,00 \u20ac<\/span><\/td>\n<\/tr>\n<tr>\n<td style=\"width: 65.0289%\" width=\"482\"><span style=\"font-family: book antiqua, palatino, serif;font-size: 14pt\">Vpisnina v vi\u0161ji letnik ali ponovni vpis v letnik<\/span><\/td>\n<td style=\"width: 34.6821%;text-align: center\" width=\"170\"><span style=\"font-family: book antiqua, palatino, serif;font-size: 14pt\">20,00 \u20ac<\/span><\/td>\n<\/tr>\n<tr>\n<td style=\"width: 65.0289%\" width=\"482\"><span style=\"font-family: book antiqua, palatino, serif;font-size: 14pt\">\u0160olnina za \u0161tudijsko leto \u2013 izredni \u0161tudij \u2013 2. ciklus(izvajanje programa, \u0161tudijsko gradivo, I. opravljanje izpita in enkratno opravljanje izpita za posamezni predmet, \u0161tudijska izkaznica)<\/span><\/td>\n<td style=\"width: 34.6821%;text-align: center\" width=\"170\">\n<span style=\"font-family: book antiqua, palatino, serif;font-size: 14pt\">1.180,00 \u20ac<\/span><\/td>\n<\/tr>\n<tr>\n<td style=\"width: 65.0289%\" width=\"482\"><span style=\"font-family: book antiqua, palatino, serif;font-size: 14pt\">\u0160olnina za \u0161tudijsko leto \u2013 izredni \u0161tudij \u2013 3. ciklus(izvajanje programa, \u0161tudijsko gradivo, I. opravljanje izpita in enkratno opravljanje izpita za posamezni predmet, zagovor diplome)<\/span><\/td>\n<td style=\"width: 34.6821%;text-align: center\" width=\"170\"><span style=\"font-family: book antiqua, palatino, serif;font-size: 14pt\">880,00 \u20ac<\/span><\/td>\n<\/tr>\n<tr>\n<td style=\"width: 65.0289%\" width=\"482\"><span style=\"font-family: book antiqua, palatino, serif;font-size: 14pt\">Diplomska naloga \u2013 izredni \u0161tudij<\/span><\/td>\n<td style=\"width: 34.6821%;text-align: center\" width=\"170\"><span style=\"font-family: book antiqua, palatino, serif;font-size: 14pt\">350,00 \u20ac<\/span><\/td>\n<\/tr>\n<tr>\n<td style=\"width: 65.0289%\" width=\"482\"><span style=\"font-family: book antiqua, palatino, serif;font-size: 14pt\">Dvojnik indeksa s prepisom podatkov<\/span><\/td>\n<td style=\"width: 34.6821%;text-align: center\" width=\"170\"><span style=\"font-family: book antiqua, palatino, serif;font-size: 14pt\">20,00 \u20ac<\/span><\/td>\n<\/tr>\n<tr>\n<td style=\"width: 65.0289%\" width=\"482\"><span style=\"font-family: book antiqua, palatino, serif;font-size: 14pt\">Izdaja nove diplomske listine<\/span><\/td>\n<td style=\"width: 34.6821%;text-align: center\" width=\"170\"><span style=\"font-family: book antiqua, palatino, serif;font-size: 14pt\">150,00 \u20ac<\/span><\/td>\n<\/tr>\n<tr>\n<td style=\"width: 65.0289%\" width=\"482\"><span style=\"font-family: book antiqua, palatino, serif;font-size: 14pt\">Zdravni\u0161ki pregledi<\/span><\/td>\n<td style=\"width: 34.6821%;text-align: center\" width=\"170\"><span style=\"font-family: book antiqua, palatino, serif;font-size: 14pt\">(po dejanskih stro\u0161kih)<\/span><\/td>\n<\/tr>\n<tr>\n<td style=\"width: 65.0289%\" width=\"482\"><span style=\"font-family: book antiqua, palatino, serif;font-size: 14pt\">Terenske vaje in strokovne ekskurzije<\/span><\/td>\n<td style=\"width: 34.6821%;text-align: center\" width=\"170\"><span style=\"font-family: book antiqua, palatino, serif;font-size: 14pt\">(po dejanskih stro\u0161kih)<\/span><\/td>\n<\/tr>\n<tr>\n<td style=\"width: 65.0289%\" width=\"482\"><span style=\"font-family: book antiqua, palatino, serif;font-size: 14pt\">Laboratorijske vaje in strokovne ekskurzije<\/span><\/td>\n<td style=\"width: 34.6821%;text-align: center\" width=\"170\"><span style=\"font-family: book antiqua, palatino, serif;font-size: 14pt\">(po dejanskih stro\u0161kih)<\/span><\/td>\n<\/tr>\n<tr>\n<td style=\"width: 65.0289%\" width=\"482\"><span style=\"font-family: book antiqua, palatino, serif;font-size: 14pt\">Laboratorijske vaje za osebe brez statusa<\/span><\/td>\n<td style=\"width: 34.6821%;text-align: center\" width=\"170\"><span style=\"font-family: book antiqua, palatino, serif;font-size: 14pt\">40,00 \u20ac<\/span><\/td>\n<\/tr>\n<tr>\n<td style=\"width: 65.0289%\" width=\"482\"><span style=\"font-family: book antiqua, palatino, serif;font-size: 14pt\">Organizacija prakti\u010dnega izobra\u017eevanja za osebe brez statusa<\/span><\/td>\n<td style=\"width: 34.6821%;text-align: center\" width=\"170\"><span style=\"font-family: book antiqua, palatino, serif;font-size: 14pt\">40,00 \u20ac<\/span><\/td>\n<\/tr>\n<tr>\n<td style=\"width: 65.0289%\" width=\"482\"><span style=\"font-family: book antiqua, palatino, serif;font-size: 14pt\"><strong>IZPITI:<\/strong>IV. in vsako nadaljnje opravljanje izpitov<\/span><\/td>\n<td style=\"width: 34.6821%;text-align: center\" width=\"170\"><span style=\"font-family: book antiqua, palatino, serif;font-size: 14pt\">40,00 \u20ac<\/span><\/td>\n<\/tr>\n<tr>\n<td style=\"width: 65.0289%\" width=\"482\"><span style=\"font-family: book antiqua, palatino, serif;font-size: 14pt\">I., II., III. opravljanje izpita za osebe brez statusa\u00a0<\/span><\/td>\n<td style=\"width: 34.6821%;text-align: center\" width=\"170\"><span style=\"font-family: book antiqua, palatino, serif;font-size: 14pt\">20,00 \u20ac<\/span><\/td>\n<\/tr>\n<tr>\n<td style=\"width: 65.0289%\" width=\"482\"><span style=\"font-family: book antiqua, palatino, serif;font-size: 14pt\">IV. in vsako nadaljnje komisijsko opravljanje izpita za osebe brez statusa<\/span><\/td>\n<td style=\"width: 34.6821%;text-align: center\" width=\"170\"><span style=\"font-family: book antiqua, palatino, serif;font-size: 14pt\">120,00 \u20ac<\/span><\/td>\n<\/tr>\n<tr>\n<td style=\"width: 65.0289%\" width=\"482\"><span style=\"font-family: book antiqua, palatino, serif;font-size: 14pt\"><strong><u>POTRDILA:<\/u> <\/strong>Izdaja potrdil o opravljenih izpitih oz. o dose\u017eeni povpre\u010dni oceni<\/span><\/td>\n<td style=\"width: 34.6821%;text-align: center\" width=\"170\">\n<span style=\"font-family: book antiqua, palatino, serif;font-size: 14pt\">5,00 \u20ac<\/span><\/td>\n<\/tr>\n<tr>\n<td style=\"width: 65.0289%\" width=\"482\"><span style=\"font-family: book antiqua, palatino, serif;font-size: 14pt\">Druga potrdila na zahtevo za osebe brez statusa<\/span><\/td>\n<td style=\"width: 34.6821%;text-align: center\" width=\"170\"><span style=\"font-family: book antiqua, palatino, serif;font-size: 14pt\">10,00 \u20ac<\/span><\/td>\n<\/tr>\n<\/tbody>\n<\/table>\n<p style=\"text-align: left\" align=\"center\"><span style=\"font-family: book antiqua, palatino, serif;font-size: 14pt\">Cenika veljata od 19. 8. 2024 dalje.<\/span><\/p>\n<table class=\" alignleft\" style=\"height: 48px;width: 890px\" border=\"0\" cellspacing=\"0\" cellpadding=\"3\" align=\"center\">\n<tbody>\n<tr style=\"height: 24px\">\n<td style=\"width: 322px;height: 24px\"><span style=\"font-family: book antiqua, palatino, serif;font-size: 14pt\">Ravnateljica Vi\u0161je strokovne \u0161ole<\/span><\/td>\n<td style=\"width: 379px;height: 24px;text-align: right\"><span style=\"font-family: book antiqua, palatino, serif;font-size: 14pt\">Direktorica<\/span><\/td>\n<\/tr>\n<tr style=\"height: 24px\">\n<td style=\"width: 322px;height: 24px\"><span style=\"font-family: book antiqua, palatino, serif;font-size: 14pt\">Nada Reber\u0161ek Natek<\/span><\/td>\n<td style=\"width: 379px;height: 24px;text-align: right\"><span style=\"font-family: book antiqua, palatino, serif;font-size: 14pt\">\u0160tefanija Kos Zidar<\/span><\/td>\n<\/tr>\n<\/tbody>\n<\/table>\n","protected":false},"excerpt":{"rendered":"<p>REDNI \u0160TUDIJ CENA Vpisnina v I. letnik 30,00 \u20ac Vpisnina v vi\u0161ji letnik ali ponovni vpis v letnik 20,00 \u20ac Vpisnina eviden\u010dni vpis 20,00 \u20ac Dvojnik indeksa s prepisom podatkov [&hellip;]<\/p>\n","protected":false},"author":1,"featured_media":0,"parent":0,"menu_order":0,"comment_status":"closed","ping_status":"closed","template":"","meta":{"footnotes":""},"class_list":["post-526","page","type-page","status-publish","hentry"],"_links":{"self":[{"href":"https:\/\/www.hvu.si\/visja\/wp-json\/wp\/v2\/pages\/526","targetHints":{"allow":["GET"]}}],"collection":[{"href":"https:\/\/www.hvu.si\/visja\/wp-json\/wp\/v2\/pages"}],"about":[{"href":"https:\/\/www.hvu.si\/visja\/wp-json\/wp\/v2\/types\/page"}],"author":[{"embeddable":true,"href":"https:\/\/www.hvu.si\/visja\/wp-json\/wp\/v2\/users\/1"}],"replies":[{"embeddable":true,"href":"https:\/\/www.hvu.si\/visja\/wp-json\/wp\/v2\/comments?post=526"}],"version-history":[{"count":10,"href":"https:\/\/www.hvu.si\/visja\/wp-json\/wp\/v2\/pages\/526\/revisions"}],"predecessor-version":[{"id":4021,"href":"https:\/\/www.hvu.si\/visja\/wp-json\/wp\/v2\/pages\/526\/revisions\/4021"}],"wp:attachment":[{"href":"https:\/\/www.hvu.si\/visja\/wp-json\/wp\/v2\/media?parent=526"}],"curies":[{"name":"wp","href":"https:\/\/api.w.org\/{rel}","templated":true}]}}