{"id":522,"date":"2018-05-27T14:05:52","date_gmt":"2018-05-27T13:05:52","guid":{"rendered":"http:\/\/873.gvs.arnes.si\/visja\/?page_id=522"},"modified":"2025-02-12T17:30:31","modified_gmt":"2025-02-12T16:30:31","slug":"za-bodoce-studente","status":"publish","type":"page","link":"https:\/\/www.hvu.si\/visja\/za-bodoce-studente\/","title":{"rendered":"Za bodo\u010de \u0161tudente"},"content":{"rendered":"<p><span style=\"font-family: book antiqua, palatino, serif; font-size: 14pt;\"><a href=\"https:\/\/www.hvu.si\/visja\/?page_id=42\">\u0160tudijski programi<\/a>:<\/span><\/p>\n<ul>\n<li><a href=\"\/visja\/predmetnik-v-programu-fotografija\/\"><span style=\"font-family: 'book antiqua', palatino, serif; font-size: 14pt;\">Fotografija (NOVO 25\/26)<\/span><\/a><\/li>\n<li><span style=\"font-family: book antiqua, palatino, serif; font-size: 14pt;\"><a href=\"https:\/\/www.hvu.si\/visja\/?page_id=44\">Hortikultura<\/a><\/span><\/li>\n<li><span style=\"font-family: book antiqua, palatino, serif; font-size: 14pt;\"><a href=\"https:\/\/www.hvu.si\/visja\/?page_id=51\">Snovanje vizualnih komunikacij in tr\u017eenja<\/a><\/span><\/li>\n<\/ul>\n<p><span style=\"font-family: book antiqua, palatino, serif; font-size: 14pt;\"><a href=\"https:\/\/www.hvu.si\/visja\/?page_id=575\">Vpis v \u0161tudij<\/a><\/span><br \/>\n<span style=\"font-family: book antiqua, palatino, serif; font-size: 14pt;\"><a href=\"https:\/\/www.hvu.si\/visja\/?page_id=526\">Cenik storitev<\/a><\/span><br \/>\n<span style=\"font-family: book antiqua, palatino, serif; font-size: 14pt;\"><a href=\"https:\/\/www.hvu.si\/visja\/?page_id=235\">Priznavanje predhodno pridobljenega znanja<\/a><\/span><br \/>\n<span style=\"font-family: book antiqua, palatino, serif; font-size: 14pt;\"><a href=\"https:\/\/www.hvu.si\/visja\/?page_id=267\">Predmetna podro\u010dja<\/a><\/span><br \/>\n<span style=\"font-family: book antiqua, palatino, serif; font-size: 14pt;\"><a href=\"https:\/\/www.hvu.si\/visja\/?page_id=59\">Aktivnosti VS\u0160<\/a><\/span><br \/>\n<a href=\"https:\/\/www.hvu.si\/visja\/?page_id=552\"><span style=\"font-family: book antiqua, palatino, serif; font-size: 14pt;\">Ambasadorji<\/span><\/a><\/p>\n","protected":false},"excerpt":{"rendered":"<p>\u0160tudijski programi: Fotografija (NOVO 25\/26) Hortikultura Snovanje vizualnih komunikacij in tr\u017eenja Vpis v \u0161tudij Cenik storitev Priznavanje predhodno pridobljenega znanja Predmetna podro\u010dja Aktivnosti VS\u0160 Ambasadorji<\/p>\n","protected":false},"author":1,"featured_media":0,"parent":0,"menu_order":0,"comment_status":"closed","ping_status":"closed","template":"","meta":{"footnotes":""},"class_list":["post-522","page","type-page","status-publish","hentry"],"_links":{"self":[{"href":"https:\/\/www.hvu.si\/visja\/wp-json\/wp\/v2\/pages\/522","targetHints":{"allow":["GET"]}}],"collection":[{"href":"https:\/\/www.hvu.si\/visja\/wp-json\/wp\/v2\/pages"}],"about":[{"href":"https:\/\/www.hvu.si\/visja\/wp-json\/wp\/v2\/types\/page"}],"author":[{"embeddable":true,"href":"https:\/\/www.hvu.si\/visja\/wp-json\/wp\/v2\/users\/1"}],"replies":[{"embeddable":true,"href":"https:\/\/www.hvu.si\/visja\/wp-json\/wp\/v2\/comments?post=522"}],"version-history":[{"count":14,"href":"https:\/\/www.hvu.si\/visja\/wp-json\/wp\/v2\/pages\/522\/revisions"}],"predecessor-version":[{"id":3221,"href":"https:\/\/www.hvu.si\/visja\/wp-json\/wp\/v2\/pages\/522\/revisions\/3221"}],"wp:attachment":[{"href":"https:\/\/www.hvu.si\/visja\/wp-json\/wp\/v2\/media?parent=522"}],"curies":[{"name":"wp","href":"https:\/\/api.w.org\/{rel}","templated":true}]}}