{"id":447,"date":"2018-05-26T22:20:47","date_gmt":"2018-05-26T21:20:47","guid":{"rendered":"http:\/\/873.gvs.arnes.si\/visja\/?page_id=447"},"modified":"2025-09-24T20:49:30","modified_gmt":"2025-09-24T18:49:30","slug":"e-naslov-natisni-erasmus","status":"publish","type":"page","link":"https:\/\/www.hvu.si\/visja\/e-naslov-natisni-erasmus\/","title":{"rendered":"Erasmus+"},"content":{"rendered":"<table style=\"width: 100%;border-collapse: collapse;height: 331px\" border=\"0\" cellpadding=\"10\">\n<tbody>\n<tr style=\"height: 231px\">\n<td style=\"width: 45.3815%;height: 249px\"><span style=\"font-family: book antiqua, palatino, serif\"><img loading=\"lazy\" decoding=\"async\" class=\"wp-image-446 alignright\" src=\"\/visja\/wp-content\/uploads\/sites\/3\/2018\/05\/Erasmus-plus_logo-1024x728.jpg\" alt=\"\" width=\"306\" height=\"217\" srcset=\"https:\/\/www.hvu.si\/visja\/wp-content\/uploads\/sites\/3\/2018\/05\/Erasmus-plus_logo-1024x728.jpg 1024w, https:\/\/www.hvu.si\/visja\/wp-content\/uploads\/sites\/3\/2018\/05\/Erasmus-plus_logo-300x213.jpg 300w, https:\/\/www.hvu.si\/visja\/wp-content\/uploads\/sites\/3\/2018\/05\/Erasmus-plus_logo-768x546.jpg 768w, https:\/\/www.hvu.si\/visja\/wp-content\/uploads\/sites\/3\/2018\/05\/Erasmus-plus_logo.jpg 1103w\" sizes=\"(max-width: 306px) 100vw, 306px\" \/><\/span><\/td>\n<td style=\"width: 30.7722%;height: 249px\"><span style=\"font-family: book antiqua, palatino, serif\"><img loading=\"lazy\" decoding=\"async\" class=\"alignnone wp-image-445\" src=\"\/visja\/wp-content\/uploads\/sites\/3\/2018\/05\/cmepius_sl.jpg\" alt=\"\" width=\"66\" height=\"88\" \/><\/span><\/td>\n<td style=\"width: 23.7124%;height: 249px\"><span style=\"font-family: book antiqua, palatino, serif\"><img loading=\"lazy\" decoding=\"async\" class=\"alignnone size-full wp-image-11\" src=\"\/visja\/wp-content\/uploads\/sites\/3\/2017\/10\/Logotip_horizont_tiskovine_m.png\" alt=\"\" width=\"330\" height=\"150\" srcset=\"https:\/\/www.hvu.si\/visja\/wp-content\/uploads\/sites\/3\/2017\/10\/Logotip_horizont_tiskovine_m.png 330w, https:\/\/www.hvu.si\/visja\/wp-content\/uploads\/sites\/3\/2017\/10\/Logotip_horizont_tiskovine_m-300x136.png 300w\" sizes=\"(max-width: 330px) 100vw, 330px\" \/><\/span><\/td>\n<\/tr>\n<tr style=\"height: 72px\">\n<td style=\"width: 99.8661%;text-align: center;height: 72px\" colspan=\"3\">\n<p><span style=\"font-family: book antiqua, palatino, serif;font-size: 14pt\">PIC KODA: 949280025<\/span><\/p>\n<pre class=\"ng-tns-c3-1\"><span style=\"font-family: book antiqua, palatino, serif;font-size: 14pt\">ID ORGANIZACIJE: E10083198\r\n<\/span>\r\n<span style=\"font-family: book antiqua, palatino, serif;font-size: 14pt\">Erasmus identifikacijska koda: SI CELJE01<\/span>\r\n<span style=\"font-family: book antiqua, palatino, serif;font-size: 14pt\">\r\nKoordinator: Tja\u0161a Ogrizek, prof.\r\n<a href=\"mailto:tjasa.ogrizek@hvu.si\">tjasa.ogrizek@hvu.si<\/a>\r\n<\/span><\/pre>\n<\/td>\n<\/tr>\n<\/tbody>\n<\/table>\n<p><span style=\"font-family: book antiqua, palatino, serif;font-size: 14pt\"><a href=\"https:\/\/www.hvu.si\/visja\/?page_id=450\">KA 1<\/a><\/span><\/p>\n<p><a href=\"https:\/\/www.hvu.si\/visja\/erasmus-usposabljanje-zaposlenih\/\" target=\"_blank\" rel=\"noopener\"><span style=\"font-family: 'book antiqua', palatino, serif;font-size: 14pt\">Rafael Hrustel in Lidija Oblak, usposabljanje zaposlenih v Istanbulu (september 2025)<\/span><\/a><\/p>\n<p><a href=\"https:\/\/www.hvu.si\/visja\/wp-content\/uploads\/sites\/3\/2024\/12\/Erasmus-v-Indijo.pdf\" target=\"_blank\" rel=\"noopener\"><span style=\"font-family: 'book antiqua', palatino, serif;font-size: 14pt\">Predstavitev mobilnosti za namen prakse \u0161tudenta &#8211; An\u017ee Cajhen (2024)<\/span><\/a><\/p>\n<p><span style=\"font-family: 'book antiqua', palatino, serif\"><a href=\"https:\/\/www.hvu.si\/visja\/wp-content\/uploads\/sites\/3\/2024\/12\/Erasmus-organizacija-mobilnosti-2024.pdf\" target=\"_blank\" rel=\"noopener\"><span style=\"font-size: 14pt\">Predstavitev programa Erasmus+ (Skupnost VS\u0160) &#8211; Nejc Gaj\u0161ek (2024)<\/span><\/a><\/span><\/p>\n<p><a href=\"https:\/\/www.hvu.si\/visja\/wp-content\/uploads\/sites\/3\/2023\/02\/Predstavitev-praksa-Veronika-compressed.pdf\" target=\"_blank\" rel=\"noopener\"><span style=\"font-family: book antiqua, palatino, serif;font-size: 14pt\">Predstavitev mobilnosti za namen prakse \u0161tudentke Veronike Kocjan\u010di\u010d (2022)<\/span><\/a><\/p>\n<p><a href=\"https:\/\/www.hvu.si\/visja\/wp-content\/uploads\/sites\/3\/2021\/02\/erasmus-predstavitev_2021.pptx\"><span style=\"font-family: book antiqua, palatino, serif;font-size: 14pt\">Predstavitev Programa Erasmus+, 16. 2. 2021<\/span><\/a><\/p>\n<p><a href=\"https:\/\/erasmus-plus.ec.europa.eu\/sl\/erasmus-programme-guide\"><span style=\"font-family: book antiqua, palatino, serif;font-size: 14pt\">Vodnik za prijavitelje<\/span><\/a><\/p>\n<p style=\"text-align: center\"><span style=\"color: #ff0000\"><strong><span style=\"font-family: book antiqua, palatino, serif;font-size: 14pt\"><a href=\"https:\/\/www.hvu.si\/visja\/wp-content\/uploads\/sites\/3\/2024\/01\/RAZPIS_Erasmus_2023_studenti.pdf\" target=\"_blank\" rel=\"noopener\"><span style=\"color: #ff0000\">RAZPIS\u00a0 &#8211; MOBILNOST \u0160TUDENTOV<\/span><\/a><br \/>\n<\/span><\/strong><\/span><\/p>\n<p style=\"text-align: center\"><a href=\"https:\/\/www.hvu.si\/visja\/wp-content\/uploads\/sites\/3\/2020\/10\/RAZPIS_Erasmus_2020_21_osebje.docx\"><span style=\"color: #ff0000\"><strong><span style=\"font-family: book antiqua, palatino, serif;font-size: 14pt\">RAZPIS\u00a0<\/span><\/strong><strong><span style=\"font-family: book antiqua, palatino, serif;font-size: 14pt\"> &#8211; MOBILNOST OSEBJA<\/span><\/strong><\/span><\/a><\/p>\n<ul>\n<li><span style=\"font-family: book antiqua, palatino, serif;font-size: 14pt\"><a href=\"https:\/\/www.hvu.si\/visja\/wp-content\/uploads\/sites\/3\/2018\/05\/PRIJAVNI-OBRAZEC_erasmus.pdf\">Prijavni obrazec &#8211; \u0161tudenti<\/a><\/span>\n<ul>\n<li><a href=\"https:\/\/www.hvu.si\/visja\/wp-content\/uploads\/sites\/3\/2024\/01\/Kriteriji-izbora-Erasmus-za-studente.pdf\" target=\"_blank\" rel=\"noopener\">Kriteriji izbora<\/a><\/li>\n<\/ul>\n<\/li>\n<li><a href=\"https:\/\/www.hvu.si\/visja\/wp-content\/uploads\/sites\/3\/2019\/04\/PRIJAVNI-OBRAZEC_osebje.pdf\"><span style=\"font-family: book antiqua, palatino, serif;font-size: 14pt\">Prijavni obrazec &#8211; osebje<\/span><\/a>\n<ul>\n<li><a href=\"https:\/\/www.hvu.si\/visja\/wp-content\/uploads\/sites\/3\/2024\/01\/Kriteriji-izbora-Erasmus-za-zaposlene-na-VSS.pdf\" target=\"_blank\" rel=\"noopener\">Kriteriji izbora<\/a><\/li>\n<\/ul>\n<\/li>\n<\/ul>\n<p>&nbsp;<\/p>\n<p><span style=\"font-family: book antiqua, palatino, serif;font-size: 14pt\"><strong><em><span style=\"text-decoration: underline\">DOKUMENTACIJA<\/span><\/em><\/strong>:<\/span><\/p>\n<ul>\n<li><span style=\"font-family: book antiqua, palatino, serif;font-size: 14pt\"><a href=\"https:\/\/www.hvu.si\/visja\/wp-content\/uploads\/sites\/3\/2018\/05\/PRIJAVNI-OBRAZEC_erasmus.pdf\">Prijavni obrazec &#8211; \u0161tudenti<\/a><\/span><\/li>\n<li><a href=\"https:\/\/www.hvu.si\/visja\/wp-content\/uploads\/sites\/3\/2019\/04\/PRIJAVNI-OBRAZEC_osebje.pdf\"><span style=\"font-family: book antiqua, palatino, serif;font-size: 14pt\">Prijavni obrazec &#8211; osebje<\/span><\/a><\/li>\n<\/ul>\n<p>&nbsp;<\/p>\n<ul>\n<li><span style=\"font-family: book antiqua, palatino, serif;font-size: 14pt\"><a href=\"https:\/\/www.hvu.si\/visja\/wp-content\/uploads\/sites\/3\/2021\/04\/eche21-27.pdf\">ECHE listina \/ Erasmus charter 2021 &#8211; 2027<\/a><\/span><\/li>\n<li><a href=\"https:\/\/www.hvu.si\/visja\/wp-content\/uploads\/sites\/3\/2018\/05\/ECHE_listina-1.jpg\"><span style=\"font-family: book antiqua, palatino, serif;font-size: 14pt\">ECHE listina \/ Erasmus charter 2014 &#8211; 2020<\/span><\/a><\/li>\n<li><span style=\"font-family: book antiqua, palatino, serif;font-size: 14pt\"><a href=\"https:\/\/www.hvu.si\/visja\/?page_id=499\">Erasmus strategija<\/a><\/span><\/li>\n<li><span style=\"font-family: book antiqua, palatino, serif;font-size: 14pt\"><a href=\"https:\/\/www.hvu.si\/visja\/wp-content\/uploads\/sites\/3\/2018\/05\/chartersl_sl.pdf\">Erasmus \u0161tudentska listina<\/a> \u00a0\/ <a href=\"https:\/\/www.hvu.si\/visja\/wp-content\/uploads\/sites\/3\/2018\/05\/student-charter_en.pdf\">Student charter<\/a><\/span><\/li>\n<li><a href=\"https:\/\/www.hvu.si\/visja\/wp-content\/uploads\/sites\/3\/2019\/04\/pravilnik-mobilnosti.pdf\"><span style=\"font-family: book antiqua, palatino, serif;font-size: 14pt\">Pravilnik o mobilnosti v programu Erasmus+<\/span><\/a>\n<ul>\n<li><a href=\"https:\/\/www.hvu.si\/visja\/wp-content\/uploads\/sites\/3\/2019\/04\/analiza_mobilnosti.docx\"><span style=\"font-family: book antiqua, palatino, serif\">Analiza mobilnosti &#8211; obrazec<\/span><\/a><\/li>\n<\/ul>\n<\/li>\n<\/ul>\n<p>&nbsp;<\/p>\n<ul>\n<li><span style=\"font-family: book antiqua, palatino, serif;font-size: 14pt\"><a href=\"https:\/\/www.hvu.si\/visja\/?page_id=511\">Erasmus Policy Statement<\/a><\/span><\/li>\n<li><span style=\"font-family: book antiqua, palatino, serif;font-size: 14pt\"><a href=\"https:\/\/www.hvu.si\/visja\/?page_id=516\">Catalogue of training for Erasmus students<\/a><\/span><\/li>\n<\/ul>\n<p style=\"text-align: center\">\u00a0<\/p>\n<p>&nbsp;<\/p>\n<p><span style=\"font-family: book antiqua, palatino, serif;font-size: 14pt\"><a href=\"https:\/\/www.hvu.si\/visja\/?page_id=492\">KA 2<\/a><\/span><\/p>\n<p>&nbsp;<\/p>\n<p style=\"text-align: left\"><span style=\"font-family: book antiqua, palatino, serif;font-size: 14pt\">Arhiv mobilnosti KA 1<\/span><\/p>\n<p>&nbsp;<\/p>\n<ul>\n<li><span style=\"font-family: book antiqua, palatino, serif;font-size: 14pt\">Ana Soto\u0161ek, udele\u017eenka mobilnosti<\/span>\n<ul>\n<li><a href=\"https:\/\/www.florint.org\/successful-florint-ncjfd-judges-certification-assessment\"><span style=\"font-family: book antiqua, palatino, serif\">FLORINT, usposabljanje 2020 (spletna stran organizatorja)<\/span><\/a><\/li>\n<li><a href=\"https:\/\/www.novitednik.si\/druzba\/21484-ustvarjenje-s-cvetjem-je-umetnost?fbclid=IwAR1ELkaULJnh0Dl4M27QZOzUriuy-zS86Y25Jzf9rMLCWwSjM_3EKCPUIUc\"><span style=\"font-family: book antiqua, palatino, serif\">Novi tednik, oktober 2020 (prispevek o A. Soto\u0161ek)<\/span><\/a><\/li>\n<\/ul>\n<\/li>\n<\/ul>\n<ul>\n<li><span style=\"font-family: book antiqua, palatino, serif;font-size: 14pt\"><a href=\"https:\/\/www.hvu.si\/visja\/?page_id=465\">Interflora flower Cup 2015<\/a><\/span>\n<ul>\n<li><span style=\"font-family: book antiqua, palatino, serif;font-size: 14pt\"><a href=\"http:\/\/worldcup-berlin2015.com\/\">uradna spletna stran organizatorja<\/a><\/span><\/li>\n<\/ul>\n<\/li>\n<\/ul>\n","protected":false},"excerpt":{"rendered":"<p>PIC KODA: 949280025 ID ORGANIZACIJE: E10083198 Erasmus identifikacijska koda: SI CELJE01 Koordinator: Tja\u0161a Ogrizek, prof. tjasa.ogrizek@hvu.si KA 1 Rafael Hrustel in Lidija Oblak, usposabljanje zaposlenih v Istanbulu (september 2025) Predstavitev [&hellip;]<\/p>\n","protected":false},"author":1,"featured_media":0,"parent":0,"menu_order":0,"comment_status":"closed","ping_status":"closed","template":"","meta":{"footnotes":""},"class_list":["post-447","page","type-page","status-publish","hentry"],"_links":{"self":[{"href":"https:\/\/www.hvu.si\/visja\/wp-json\/wp\/v2\/pages\/447","targetHints":{"allow":["GET"]}}],"collection":[{"href":"https:\/\/www.hvu.si\/visja\/wp-json\/wp\/v2\/pages"}],"about":[{"href":"https:\/\/www.hvu.si\/visja\/wp-json\/wp\/v2\/types\/page"}],"author":[{"embeddable":true,"href":"https:\/\/www.hvu.si\/visja\/wp-json\/wp\/v2\/users\/1"}],"replies":[{"embeddable":true,"href":"https:\/\/www.hvu.si\/visja\/wp-json\/wp\/v2\/comments?post=447"}],"version-history":[{"count":76,"href":"https:\/\/www.hvu.si\/visja\/wp-json\/wp\/v2\/pages\/447\/revisions"}],"predecessor-version":[{"id":3716,"href":"https:\/\/www.hvu.si\/visja\/wp-json\/wp\/v2\/pages\/447\/revisions\/3716"}],"wp:attachment":[{"href":"https:\/\/www.hvu.si\/visja\/wp-json\/wp\/v2\/media?parent=447"}],"curies":[{"name":"wp","href":"https:\/\/api.w.org\/{rel}","templated":true}]}}