{"id":42,"date":"2017-10-17T20:48:36","date_gmt":"2017-10-17T19:48:36","guid":{"rendered":"http:\/\/873.gvs.arnes.si\/visja\/?page_id=42"},"modified":"2025-01-28T16:23:55","modified_gmt":"2025-01-28T15:23:55","slug":"izobrazevalna-programa-hortikultura-in-snovanje-vizualnih-komunikacij-in-trzenja","status":"publish","type":"page","link":"https:\/\/www.hvu.si\/visja\/izobrazevalna-programa-hortikultura-in-snovanje-vizualnih-komunikacij-in-trzenja\/","title":{"rendered":"Izobra\u017eevalni programi"},"content":{"rendered":"<p style=\"text-align: justify;\"><span style=\"font-family: book antiqua, palatino, serif; font-size: 14pt;\">V tem \u0161tudijskem letu izvajamo programe:<\/span><\/p>\n<ul style=\"text-align: justify;\">\n<li><span style=\"font-family: book antiqua, palatino, serif; font-size: 14pt;\"><a href=\"http:\/\/www.hvu.si\/visja\/?page_id=44\">HORTIKULTURA,<\/a><\/span><\/li>\n<li><span style=\"font-family: book antiqua, palatino, serif; font-size: 14pt;\"><a href=\"http:\/\/www.hvu.si\/visja\/?page_id=51\">SNOVANJE VIZUALNIH KOMUNIKACIJ IN TR\u017dENJA,<\/a><br \/>\n<\/span><\/li>\n<li><a href=\"\/visja\/predmetnik-v-programu-fotografija\/\"><span style=\"font-family: book antiqua, palatino, serif; font-size: 14pt;\">FOTOGRAFIJA<\/span><\/a><\/li>\n<\/ul>\n<p style=\"text-align: justify;\"><span style=\"font-family: book antiqua, palatino, serif; font-size: 14pt;\">Programi so organizirani za redne in izredne \u0161tudente.<\/span><\/p>\n<p style=\"text-align: justify;\"><span style=\"font-family: book antiqua, palatino, serif; font-size: 14pt;\">Programi za redne \u0161tudente trajajo 2 leti in pol ter se zaklju\u010dijo z diplomskim delom.<\/span><\/p>\n<p style=\"text-align: justify;\"><span style=\"font-family: book antiqua, palatino, serif; font-size: 14pt;\">Programi za izredni \u0161tudij so prilagojeni tako, da trajajo 3 leta oz. 3 cikluse in se zaklju\u010dijo z diplomskim delom. To je usklajeno z Navodili za prilagajanje izrednega \u0161tudija v vi\u0161jem strokovnem izobra\u017eevanju(SSRSPSI, 9.7.2010). Organizacija programov je naravnana tako, da \u0161tudentom omogo\u010da doseganje enakega \u0161tevila kreditnih to\u010dk kot rednim. Pri izrednem \u0161tudiju uporabljamo druge oblike pou\u010devanja in \u0161tudentovega dela (ve\u010d je samoizobra\u017eevanja, vodenega u\u010denja, konzultacij, tutorstva) in manj kontaktnih ur.<\/span><\/p>\n","protected":false},"excerpt":{"rendered":"<p>V tem \u0161tudijskem letu izvajamo programe: HORTIKULTURA, SNOVANJE VIZUALNIH KOMUNIKACIJ IN TR\u017dENJA, FOTOGRAFIJA Programi so organizirani za redne in izredne \u0161tudente. Programi za redne \u0161tudente trajajo 2 leti in pol [&hellip;]<\/p>\n","protected":false},"author":1,"featured_media":0,"parent":0,"menu_order":0,"comment_status":"closed","ping_status":"closed","template":"","meta":{"footnotes":""},"class_list":["post-42","page","type-page","status-publish","hentry"],"_links":{"self":[{"href":"https:\/\/www.hvu.si\/visja\/wp-json\/wp\/v2\/pages\/42","targetHints":{"allow":["GET"]}}],"collection":[{"href":"https:\/\/www.hvu.si\/visja\/wp-json\/wp\/v2\/pages"}],"about":[{"href":"https:\/\/www.hvu.si\/visja\/wp-json\/wp\/v2\/types\/page"}],"author":[{"embeddable":true,"href":"https:\/\/www.hvu.si\/visja\/wp-json\/wp\/v2\/users\/1"}],"replies":[{"embeddable":true,"href":"https:\/\/www.hvu.si\/visja\/wp-json\/wp\/v2\/comments?post=42"}],"version-history":[{"count":10,"href":"https:\/\/www.hvu.si\/visja\/wp-json\/wp\/v2\/pages\/42\/revisions"}],"predecessor-version":[{"id":3164,"href":"https:\/\/www.hvu.si\/visja\/wp-json\/wp\/v2\/pages\/42\/revisions\/3164"}],"wp:attachment":[{"href":"https:\/\/www.hvu.si\/visja\/wp-json\/wp\/v2\/media?parent=42"}],"curies":[{"name":"wp","href":"https:\/\/api.w.org\/{rel}","templated":true}]}}