{"id":242,"date":"2018-03-03T15:29:20","date_gmt":"2018-03-03T14:29:20","guid":{"rendered":"http:\/\/873.gvs.arnes.si\/visja\/?page_id=242"},"modified":"2018-11-19T20:50:47","modified_gmt":"2018-11-19T19:50:47","slug":"diplomski-izpit","status":"publish","type":"page","link":"https:\/\/www.hvu.si\/visja\/diplomski-izpit\/","title":{"rendered":"Diplomski izpit"},"content":{"rendered":"<h2><span style=\"font-family: book antiqua, palatino, serif; font-size: 18pt;\"><strong>1. Pogoji za dokon\u010danje<\/strong><\/span><\/h2>\n<h3><span style=\"font-family: book antiqua, palatino, serif; font-size: 14pt;\"><strong>Program Hortikultura<\/strong><\/span><\/h3>\n<p style=\"text-align: justify;\"><span style=\"font-family: book antiqua, palatino, serif; font-size: 14pt;\">Za kon\u010danje \u0161tudijskega programa in pridobitev izobrazbe mora \u0161tudent\/ka opraviti vse \u0161tudijske obveznosti programa (izpite, vaje, seminarske naloge&#8230;) in sicer:<\/span><\/p>\n<p style=\"text-align: justify;\"><span style=\"font-family: book antiqua, palatino, serif; font-size: 14pt;\">1. <span style=\"text-decoration: underline;\">Vse obvezne<\/span> module\/ predmete v obsegu 62 kreditnih to\u010dk:<\/span><\/p>\n<ul style=\"text-align: justify;\">\n<li><span style=\"font-family: book antiqua, palatino, serif; font-size: 14pt;\">Poslovanje in ekonomika,<\/span><\/li>\n<li><span style=\"font-family: book antiqua, palatino, serif; font-size: 14pt;\">Komunikacija in informatika,<\/span><\/li>\n<li><span style=\"font-family: book antiqua, palatino, serif; font-size: 14pt;\">Trajnostni razvoj z izbranimi poglavji biologije,<\/span><\/li>\n<li><span style=\"font-family: book antiqua, palatino, serif; font-size: 14pt;\">Vrtnarska tehnologija,<\/span><\/li>\n<li><span style=\"font-family: book antiqua, palatino, serif; font-size: 14pt;\">Varovanje krajine, prostora in okolja,<\/span><\/li>\n<li><span style=\"font-family: book antiqua, palatino, serif; font-size: 14pt;\">Mehanizacija v krajinarstvu in hortikulturi,<\/span><\/li>\n<li><span style=\"font-family: book antiqua, palatino, serif; font-size: 14pt;\">Poslovanje in zakonodaja,<\/span><\/li>\n<\/ul>\n<p style=\"text-align: justify;\"><span style=\"font-family: book antiqua, palatino, serif; font-size: 14pt;\">2. naslednje <u>izbirne<\/u> module\/predmete v obsegu 22 kreditnih to\u010dk (vsaj enega):<\/span><\/p>\n<ul style=\"text-align: justify;\">\n<li><span style=\"font-family: book antiqua, palatino, serif; font-size: 14pt;\">Tehnologija hortikulturnih rastlin ali<\/span><\/li>\n<li><span style=\"font-family: book antiqua, palatino, serif; font-size: 14pt;\">Krajinsko vrtnarstvo ali<\/span><\/li>\n<li><span style=\"font-family: book antiqua, palatino, serif; font-size: 14pt;\">Oblikovanje in urejanje prostora z rastlinami ali<\/span><\/li>\n<li><span style=\"font-family: book antiqua, palatino, serif; font-size: 14pt;\">Upravljanje z rekreacijskimi in \u0161portnimi povr\u0161inami,<\/span><\/li>\n<\/ul>\n<p style=\"text-align: justify;\"><span style=\"font-family: book antiqua, palatino, serif; font-size: 14pt;\">3. prosto izbirni modul\/predmet v obsegu 5 kreditnih to\u010dk,<\/span><\/p>\n<p style=\"text-align: justify;\"><span style=\"font-family: book antiqua, palatino, serif; font-size: 14pt;\">4. prakti\u010dno izobra\u017eevanje v obsegu 26 kreditnih to\u010dk,<\/span><\/p>\n<p style=\"text-align: justify;\"><span style=\"font-family: book antiqua, palatino, serif; font-size: 14pt;\">5. diplomski izpit v obsegu 5 kreditnih to\u010dk.<\/span><\/p>\n<p style=\"text-align: justify;\"><span style=\"font-family: book antiqua, palatino, serif; font-size: 14pt;\">Diplomski izpit je sestavljen iz diplomskega dela, pisne naloge in zagovora diplomskega dela. Temo diplomskega dela dolo\u010dita mentor v organizaciji, kjer se \u0161tudent\/ka prakti\u010dno izobra\u017euje in predavatelj vi\u0161je strokovne \u0161ole. Za diplomsko delo lahko \u0161tudent\/ka pripravi in izvede tudi projekt ali izdelek oz. storitev z zagovorom.<\/span><\/p>\n<h3><span style=\"font-family: book antiqua, palatino, serif; font-size: 14pt;\"><strong>Program Snovanje vizualnih komunikacij in tr\u017eenja<\/strong><\/span><\/h3>\n<p style=\"text-align: justify;\"><span style=\"font-family: book antiqua, palatino, serif; font-size: 14pt;\"><strong>\u00a0<\/strong>Za kon\u010danje \u0161tudijskega programa in pridobitev izobrazbe mora \u0161tudent\/ka opraviti vse \u0161tudijske obveznosti programa (izpite, vaje, seminarske naloge&#8230;) in sicer:<\/span><\/p>\n<p style=\"text-align: justify;\"><span style=\"font-family: book antiqua, palatino, serif; font-size: 14pt;\">1. <span style=\"text-decoration: underline;\">Vse obvezne<\/span> module in predmete v obsegu 80 KT:<\/span><\/p>\n<ul style=\"text-align: justify;\">\n<li><span style=\"font-family: book antiqua, palatino, serif; font-size: 14pt;\">Komunikacije (20 KT),<\/span><\/li>\n<li><span style=\"font-family: book antiqua, palatino, serif; font-size: 14pt;\">Ekonomika in poslovanje (20 KT),<\/span><\/li>\n<li><span style=\"font-family: book antiqua, palatino, serif; font-size: 14pt;\">Vizualne umetnosti (20 KT),<\/span><\/li>\n<li><span style=\"font-family: book antiqua, palatino, serif; font-size: 14pt;\">Projekti v prodajnem prostoru (20 KT) in<\/span><\/li>\n<\/ul>\n<p style=\"text-align: justify;\"><span style=\"font-family: book antiqua, palatino, serif; font-size: 14pt;\">2. <span style=\"text-decoration: underline;\">En izbirni modul<\/span> v obsegu 25 kreditnih to\u010dk:<\/span><\/p>\n<ul style=\"text-align: justify;\">\n<li><span style=\"font-family: book antiqua, palatino, serif; font-size: 14pt;\">Dekoriranje (25 KT) ali<\/span><\/li>\n<li><span style=\"font-family: book antiqua, palatino, serif; font-size: 14pt;\">Tr\u017eno komuniciranje (25 KT).<\/span><\/li>\n<\/ul>\n<p style=\"text-align: justify;\"><span style=\"font-family: book antiqua, palatino, serif; font-size: 14pt;\">3. Eden od naslednjih izbirnih predmetov v obsegu 5 kreditnih to\u010dk:<\/span><\/p>\n<ul style=\"text-align: justify;\">\n<li><span style=\"font-family: book antiqua, palatino, serif; font-size: 14pt;\">Vedenje potro\u0161nikov in ravnanje z odnosi s kupci (5 KT),<\/span><\/li>\n<li><span style=\"font-family: book antiqua, palatino, serif; font-size: 14pt;\">Interier (5 KT),<\/span><\/li>\n<li><span style=\"font-family: book antiqua, palatino, serif; font-size: 14pt;\">Eksterier (5 KT),<\/span><\/li>\n<li><span style=\"font-family: book antiqua, palatino, serif; font-size: 14pt;\">Komercialna fotografija (5 KT) ali<\/span><\/li>\n<li><span style=\"font-family: book antiqua, palatino, serif; font-size: 14pt;\">Kreativno mi\u0161ljenje v tr\u017eenju (5 KT).<\/span><\/li>\n<\/ul>\n<p style=\"text-align: justify;\"><span style=\"font-family: book antiqua, palatino, serif; font-size: 14pt;\">4. Prosto izbirni predmet (5 KT)<\/span><\/p>\n<p style=\"text-align: justify;\"><span style=\"font-family: book antiqua, palatino, serif; font-size: 14pt;\">5. Diplomsko delo (5 KT)<\/span><\/p>\n<h2><span style=\"font-family: book antiqua, palatino, serif; font-size: 18pt;\"><strong>2. Diplomski praktikum<\/strong><\/span><\/h2>\n<p style=\"text-align: justify;\"><span style=\"font-family: book antiqua, palatino, serif; font-size: 14pt;\">V okviru Diplomskega praktikuma \u017eelimo tudi v \u0161tudijskem letu 2017-18 \u0161tudente drugega letnika oz. tretjega ciklusa vzpodbuditi k \u010dimprej\u0161nji izdelavi diplomskega dela, jim razlo\u017eiti pomembna dejstva in tako zagotoviti zaklju\u010dek \u0161tudija. Pomagati in svetovati jim \u017eelimo pri pripravi in izvedbi prakti\u010dnega raziskovalnega dela, pri iskanju knji\u017enih virov in pri pisanju diplomskega dela.<\/span><\/p>\n<p style=\"text-align: justify;\"><span style=\"font-family: book antiqua, palatino, serif; font-size: 14pt;\"><strong>Tutor<\/strong> za \u0161tudente smeri Hortikultura je <u>Bogdana Kapitler<\/u> v \u010dasu svojih govorilnih ur in vsak prvi torek popoldne v mesecu.<\/span><\/p>\n<p style=\"text-align: justify;\"><span style=\"font-family: book antiqua, palatino, serif; font-size: 14pt;\"><strong>Tutor<\/strong> za \u0161tudente smeri Snovanje vizualnih komunikcij in tr\u017eenja je <u>Lidija Oblak<\/u> v \u010dasu svojih govorilnih ur in vsak prvi torek v mesecu popoldne.<\/span><\/p>\n<p style=\"text-align: justify;\"><span style=\"font-family: book antiqua, palatino, serif; font-size: 14pt;\">Na internetnih straneh vi\u0161je strokovne \u0161ole so prav tako predstavljena Navodila za izdelavo diplomskega dela. K navodilom so v prilogi dodani potrebni obrazci za prijavo diplomskega dela.<\/span><\/p>\n<p style=\"text-align: justify;\"><span style=\"font-family: book antiqua, palatino, serif; font-size: 14pt;\">\u017delimo si a\u017eurnega sodelovanja s \u0161tudenti, zato bo komunikacija v zvezi s pregledom diplom v ve\u010djem obsegu potekala preko e-po\u0161te, z mentorji pa individualno, osebno in po e-po\u0161ti.<\/span><\/p>\n<p style=\"text-align: justify;\"><span style=\"font-family: book antiqua, palatino, serif; font-size: 14pt;\"><u>Primerno je, da na ustni zagovor diplomskega dela in na sve\u010dano podelitev pridejo \u0161tudenti oz. diplomanti urejeni (z urejeno osebno higieno, \u010distimi in neraztrganimi obla\u010dili ipd.), saj sta to uradna in sve\u010dana dogodka.<\/u><\/span><\/p>\n<p style=\"text-align: justify;\"><span style=\"font-family: book antiqua, palatino, serif; font-size: 14pt;\">Naslov, ki ga po uspe\u0161no opravljenih obveznostih \u0161tudija Hortikulture pridobite, je IN\u017dENIR\/IN\u017dENIRKA HORTIKULTURE.<\/span><\/p>\n<p style=\"text-align: justify;\"><span style=\"font-family: book antiqua, palatino, serif; font-size: 14pt;\">Naslov, ki ga po uspe\u0161no opravljenih obveznostih \u0161tudija Snovanje vizualnih komunikacij in tr\u017eenja pridobite, je SNOVALEC\/SNOVALKA VIZUALNIH KOMUNIKACIJ IN TR\u017dENJA.<\/span><\/p>\n","protected":false},"excerpt":{"rendered":"<p>1. Pogoji za dokon\u010danje Program Hortikultura Za kon\u010danje \u0161tudijskega programa in pridobitev izobrazbe mora \u0161tudent\/ka opraviti vse \u0161tudijske obveznosti programa (izpite, vaje, seminarske naloge&#8230;) in sicer: 1. Vse obvezne module\/ [&hellip;]<\/p>\n","protected":false},"author":1,"featured_media":0,"parent":0,"menu_order":0,"comment_status":"closed","ping_status":"closed","template":"","meta":{"footnotes":""},"class_list":["post-242","page","type-page","status-publish","hentry"],"_links":{"self":[{"href":"https:\/\/www.hvu.si\/visja\/wp-json\/wp\/v2\/pages\/242","targetHints":{"allow":["GET"]}}],"collection":[{"href":"https:\/\/www.hvu.si\/visja\/wp-json\/wp\/v2\/pages"}],"about":[{"href":"https:\/\/www.hvu.si\/visja\/wp-json\/wp\/v2\/types\/page"}],"author":[{"embeddable":true,"href":"https:\/\/www.hvu.si\/visja\/wp-json\/wp\/v2\/users\/1"}],"replies":[{"embeddable":true,"href":"https:\/\/www.hvu.si\/visja\/wp-json\/wp\/v2\/comments?post=242"}],"version-history":[{"count":2,"href":"https:\/\/www.hvu.si\/visja\/wp-json\/wp\/v2\/pages\/242\/revisions"}],"predecessor-version":[{"id":832,"href":"https:\/\/www.hvu.si\/visja\/wp-json\/wp\/v2\/pages\/242\/revisions\/832"}],"wp:attachment":[{"href":"https:\/\/www.hvu.si\/visja\/wp-json\/wp\/v2\/media?parent=242"}],"curies":[{"name":"wp","href":"https:\/\/api.w.org\/{rel}","templated":true}]}}