{"id":235,"date":"2018-03-03T14:41:42","date_gmt":"2018-03-03T13:41:42","guid":{"rendered":"http:\/\/873.gvs.arnes.si\/visja\/?page_id=235"},"modified":"2024-09-22T12:10:28","modified_gmt":"2024-09-22T10:10:28","slug":"priznavanje-predhodno-pridobljenega-znanja","status":"publish","type":"page","link":"https:\/\/www.hvu.si\/visja\/priznavanje-predhodno-pridobljenega-znanja\/","title":{"rendered":"Priznavanje predhodno pridobljenega znanja"},"content":{"rendered":"<p style=\"text-align: justify;\"><span style=\"font-family: book antiqua, palatino, serif; font-size: 14pt;\">Na podlagi 6. \u010dlena Pravilnika o priznavanju predhodno pridobljenega znanja v vi\u0161jem strokovnem izobra\u017eevanju (Ur. list RS, \u0161t. 20\/2010) je \u0160tudijska komisija Vi\u0161je strokovne \u0161ole \u0160ole za hortikulturo in vizualne umetnosti Celje na 1. seji v \u0161tudijskem letu 2010\/2011, dne\u00a04.10.2010 sprejela<\/span><\/p>\n<p><span style=\"font-family: book antiqua, palatino, serif; font-size: 14pt;\"><strong>\u00a0<\/strong><strong>Podrobnej\u0161a merila za postopek priznavanja predhodno pridobljenega znanja<\/strong><\/span><\/p>\n<p style=\"text-align: center;\"><span style=\"font-family: book antiqua, palatino, serif; font-size: 14pt;\"><strong>1. \u010dlen<br \/>\n<\/strong>(postopek za izvedbo postopka priznavanja)<\/span><\/p>\n<p style=\"text-align: justify;\"><span style=\"font-family: book antiqua, palatino, serif; font-size: 14pt;\">\u0160tudent posreduje vlogo za priznavanje pridobljenega znanja v referatu 2 krat v letu, in sicer v \u010dasu od 1. &#8211; 15. novembra in od 1. &#8211; 15. marca. Postopek priznavanje je dolo\u010den v 8. \u010dlenu Pravilnika o priznavanju predhodno pridobljenega znanja v vi\u0161jem strokovnem izobra\u017eevanju (Ur. list RS, \u0161t. 20\/2010).<\/span><\/p>\n<p style=\"text-align: justify;\"><span style=\"font-family: book antiqua, palatino, serif; font-size: 14pt;\">\u0160tudijska komisija glede na vlogo, prilo\u017eena dokazila, strokovno mnenje in preverjanje znanja oceni pridobljeno znanje \u0161tudenta. V primeru, da \u0161tudent kot dokazilo predlo\u017ei izdelek ali storitev mora \u0161tudijska komisija oceniti tudi to delo.<\/span><\/p>\n<p style=\"text-align: justify;\"><span style=\"font-family: book antiqua, palatino, serif; font-size: 14pt;\">\u0160tudijska komisija izda \u0161tudentu sklep najkasneje v roku 2 mesecev od datuma vlo\u017eitve popolne vloge.<\/span><\/p>\n<p style=\"text-align: center;\"><span style=\"font-family: book antiqua, palatino, serif; font-size: 14pt;\"><strong>2. <\/strong><strong>\u010dlen<br \/>\n<\/strong>(na\u010dini pridobivanja znanja, ki se upo\u0161tevajo pri priznavanju)<\/span><\/p>\n<p style=\"text-align: justify;\"><span style=\"font-family: book antiqua, palatino, serif; font-size: 14pt;\">\u0160tudentu se lahko prizna:<\/span><\/p>\n<ul style=\"text-align: justify;\">\n<li><span style=\"font-family: book antiqua, palatino, serif; font-size: 14pt;\">znanje pridobljeno v formalnih izobra\u017eevalnih programih,<\/span><\/li>\n<li><span style=\"font-family: book antiqua, palatino, serif; font-size: 14pt;\">znanje pridobljeno v neformalnih oblikah izobra\u017eevanja ali usposabljanja,<\/span><\/li>\n<li><span style=\"font-family: book antiqua, palatino, serif; font-size: 14pt;\">znanje pridobljeno z delom ali samoizobra\u017eevanjem.<\/span><\/li>\n<\/ul>\n<p style=\"text-align: center;\"><span style=\"font-family: book antiqua, palatino, serif; font-size: 14pt;\"><strong>3. <\/strong><strong>\u010dlen<br \/>\n<\/strong>(ocenjevanje neformalnega\/z delom pridobljenega znanja)<\/span><\/p>\n<p style=\"text-align: justify;\"><span style=\"font-family: book antiqua, palatino, serif; font-size: 14pt;\">Ocenjevanje lahko poteka na naslednje na\u010dine:<\/span><\/p>\n<ul style=\"text-align: justify;\">\n<li><span style=\"font-family: book antiqua, palatino, serif; font-size: 14pt;\">z intervjujem, zagovorom ali pogovorom,<\/span><\/li>\n<li><span style=\"font-family: book antiqua, palatino, serif; font-size: 14pt;\">z zagovorom seminarskih nalog, projekta ali izdelka,<\/span><\/li>\n<li><span style=\"font-family: book antiqua, palatino, serif; font-size: 14pt;\">s prakti\u010dnim preizkusom, demonstracijo, nastopom ali simulacijo,<\/span><\/li>\n<li><span style=\"font-family: book antiqua, palatino, serif; font-size: 14pt;\">z ustnim ali pisnim izpitom.<\/span><\/li>\n<\/ul>\n<p style=\"text-align: justify;\"><span style=\"font-family: book antiqua, palatino, serif; font-size: 14pt;\">\u0160tudijska komisija na podlagi \u0161tudentove vloge, in dokazil in ciljev izbere najprimernej\u0161i na\u010din ocenjevanja znanja.<\/span><\/p>\n<p style=\"text-align: center;\"><span style=\"font-family: book antiqua, palatino, serif; font-size: 14pt;\"><strong>4. \u010dlen<br \/>\n<\/strong>(podlaga za priznavanje formalno pridobljenega znanja)<\/span><\/p>\n<p style=\"text-align: justify;\"><span style=\"font-family: book antiqua, palatino, serif; font-size: 14pt;\">Podlaga za priznavanje formalno pridobljenega znanja je potrdilo o opravljenih izpitih oziroma dokument, ki dokazuje pridobljeno izobrazbo, in prilo\u017eeni katalogi znanj \u017ee opravljenega izpita po vi\u0161je\u0161olskih oz. visoko\u0161olskih \u0161tudijskih programih (v primeru, da so programi vrednoteni s kreditnimi to\u010dkami, se priznajo tudi tako pridobljene kreditne to\u010dke). V primeru, da znanje ni vrednoteno s kreditnimi to\u010dkami, \u0161tudijska komisija tako pridobljeno znanje po vsebini in obsegu primerja z vi\u0161je\u0161olskim programom, za katerega \u017eeli \u0161tudent pridobiti priznavanje.<\/span><\/p>\n<p style=\"text-align: center;\"><span style=\"font-family: book antiqua, palatino, serif; font-size: 14pt;\"><strong>\u00a05. <\/strong><strong>\u010dlen<br \/>\n<\/strong>(podlaga za priznavanje neformalno pridobljenega znanja)<\/span><\/p>\n<p style=\"text-align: justify;\"><span style=\"font-family: book antiqua, palatino, serif; font-size: 14pt;\">Podlaga za priznavanje neformalno pridobljenega znanja so dokumenti, ki izkazujejo uspe\u0161no opravljeno izobra\u017eevanje oz. usposabljanje, ki ga je \u0161tudent opravil. V primeru, da \u0161tudent tega dokumenta ne more predlo\u017eiti, \u0161tudijska komisija omogo\u010di \u0161tudentu preverjanje znanja v skladu s 3. \u010dlenom Podrobnej\u0161ih meril za postopek priznavanja predhodno pridobljenega znanja in dolo\u010di najustreznej\u0161i postopek.<\/span><\/p>\n<p style=\"text-align: justify;\"><span style=\"font-family: book antiqua, palatino, serif; font-size: 14pt;\"><strong>Priznavanje obveznosti prakti\u010dnega izobra\u017eevanja (PRI)<\/strong><\/span><\/p>\n<p style=\"text-align: justify;\"><span style=\"font-family: book antiqua, palatino, serif; font-size: 14pt;\">Ta merila se uporabljajo tudi v postopku priznavanja obveznosti pri PRI in pri ugotavljanju, preverjanju ter vrednotenju predhodno pridobljenega znanja oz. kompetenc, ki jih je \u0161tudent vi\u0161je strokovne \u0161ole \u017ee pridobil z delom.<\/span><\/p>\n<p style=\"text-align: justify;\"><span style=\"font-family: book antiqua, palatino, serif; font-size: 14pt;\">\u0160tudent, ki vlo\u017ei vlogo za priznavanje z delom pridobljene ustrezne delovne izku\u0161nje, mora prilo\u017eiti opis in dokazila o delovnih izku\u0161njah na obrazcih Izjava in ocena z delovnimi izku\u0161njami pridobljenih kompetenc, Poro\u010dila o delu na prakti\u010dnem izobra\u017eevanju potrjene s strani delodajalca in jih predstaviti organizatorju PRI. Organizator PRI oceni ustreznost pridobljenih kompetenc, dolo\u010denih s katalogom znanj za PRI.<\/span><\/p>\n<p style=\"text-align: justify;\"><span style=\"font-family: book antiqua, palatino, serif; font-size: 14pt;\">\u0160tudent, ki ima delno priznane obveznosti iz PRI, mora dodatno opraviti \u0161e:<\/span><\/p>\n<ul>\n<li style=\"text-align: justify;\"><span style=\"font-family: book antiqua, palatino, serif; font-size: 14pt;\">prakti\u010dno izobra\u017eevanje v podjetju v obsegu preostalih manjkajo\u010dih KT x 30 delovnih ur in<\/span><\/li>\n<li style=\"text-align: justify;\"><span style=\"font-family: book antiqua, palatino, serif; font-size: 14pt;\">izpit iz PRI oz. PRI 2, pri katerem se s seminarsko oz. projektno nalogo, poro\u010dilom o delu in zagovorom dokazuje vsebina in raven predhodno pridobljenih in s preostalo prakso dose\u017eenih kompetenc.<\/span><\/li>\n<\/ul>\n<p style=\"text-align: center;\"><span style=\"font-family: book antiqua, palatino, serif; font-size: 14pt;\"><strong>\u00a06. <\/strong><strong>\u010dlen<br \/>\n<\/strong>(merila za priznavanje neformalno pridobljenega znanja)<\/span><\/p>\n<p style=\"text-align: justify;\"><span style=\"font-family: book antiqua, palatino, serif; font-size: 14pt;\"><strong>V postopku priznavanja se upo\u0161tevajo \u0161e naslednja merila:<\/strong><\/span><\/p>\n<ul>\n<li style=\"text-align: justify;\"><span style=\"font-family: book antiqua, palatino, serif; font-size: 14pt;\">ocenjevanje o dose\u017eeni zmo\u017enosti in spretnosti mora temeljiti na izobra\u017eevalnih ciljih (katalogih znanja) \u0161tudijskega programa (<a href=\"http:\/\/www.cpi.si\/visjesolski-studijski-programi.aspx\">http:\/\/www.cpi.si\/visjesolski-studijski-programi.aspx<\/a>),<\/span><\/li>\n<li style=\"text-align: justify;\"><span style=\"font-family: book antiqua, palatino, serif; font-size: 14pt;\">relevantne zmo\u017enosti in spretnosti morajo biti ustrezno dokumentirane (potrdila in druge listine izvajalcev, predlo\u017een izdelek, objave ali druga avtorska dela) in morajo biti najmanj na vi\u0161je\u0161olskem nivoju,<\/span><\/li>\n<li style=\"text-align: justify;\"><span style=\"font-family: book antiqua, palatino, serif; font-size: 14pt;\">dose\u017eene zmo\u017enosti in spretnosti se priznajo ne glede na to, kje in kdaj jih je \u0161tudent pridobil z upo\u0161tevanjem aktualnosti znanja. znanje pri predmetu oz. drugih sestavinah se prizna v celoti, \u010de se ugotovi vsaj 75 % primerljivih vsebin in obvladovanje kompetenc, dolo\u010denih s \u0161tudijskim programom,<\/span><\/li>\n<li style=\"text-align: justify;\"><span style=\"font-family: book antiqua, palatino, serif; font-size: 14pt;\">znanje se prizna, \u010de je obseg primerljivega podro\u010dja v izobra\u017eevalnem programu vrednoten z najmanj 1 KT (25-30 ur dela s \u0161tudenti),<\/span><\/li>\n<li style=\"text-align: justify;\"><span style=\"font-family: book antiqua, palatino, serif; font-size: 14pt;\">opravljene obveznosti v obsegu 800 ur pri PRI se lahko priznajo \u0161tudentu v celoti, \u010de je opravil izpit pri PRI v istem programu in je pridobil zahtevane kompetence,<\/span><\/li>\n<li style=\"text-align: justify;\"><span style=\"font-family: book antiqua, palatino, serif; font-size: 14pt;\">PRI v podjetju se lahko \u0161tudentu prizna v celoti, \u010de ima 3 leta ustreznih delovnih izku\u0161enj in je pridobil ve\u010dino kompetenc, kot so dolo\u010dene s katalogom znanj za PRI v \u0161tudijskem programu,<\/span><\/li>\n<li style=\"text-align: justify;\"><span style=\"font-family: book antiqua, palatino, serif; font-size: 14pt;\">PRI v podjetju se lahko \u0161tudentu prizna delno v obsegu pridobljenih kompetenc in KT, kot so dolo\u010dene s katalogom znanj za PRI v \u0161tudijskem programu.<\/span><\/li>\n<li style=\"text-align: justify;\"><span style=\"font-family: book antiqua, palatino, serif; font-size: 14pt;\">Pri uveljavljanju prilo\u017enostno pridobljenega znanja (delo, samoizobra\u017eevanje, izkustveno u\u010denje) je potrebno vlogi prilo\u017eiti podroben opis pridobljenih znanj in kompetenc ter opis na\u010dina njihove pridobitve (npr. vodenje oz. sodelovanje pri zahtevnih projektih, pri \u010demer mora biti viden kandidatov prispevek, njegovo samoizobra\u017eevanje itd.)<\/span><\/li>\n<\/ul>\n<p style=\"text-align: center;\"><span style=\"font-family: book antiqua, palatino, serif; font-size: 14pt;\"><strong>7. \u010dlen<br \/>\n<\/strong>(vsebina vloge)<\/span><\/p>\n<p style=\"text-align: justify;\"><span style=\"font-family: book antiqua, palatino, serif; font-size: 14pt;\">Vsebina vloge je dolo\u010dena z obrazcem Vloga za priznavanje formalno oz. neformalno pridobljenega znanja, ki se nahaja na spletni strani \u0161ole.<\/span><\/p>\n<p style=\"text-align: center;\"><span style=\"font-family: book antiqua, palatino, serif; font-size: 14pt;\"><strong>8. \u010dlen<br \/>\n<\/strong>(nepopolna vloga)<\/span><\/p>\n<p style=\"text-align: justify;\"><span style=\"font-family: book antiqua, palatino, serif; font-size: 14pt;\">Vsebina popolne vloge je dolo\u010dena z obrazcem Vloga za priznavanje formalno oz. neformalno<strong>\u00a0<\/strong>pridobljenega znanja, v katerega je potrebno vnesti vse predpisane podatke. V primeru, da manjkajo podatki, je vloga nepopolna (npr. \u010de vloga ni podpisana, \u010de prilo\u017eena dokazila niso ustrezno evidentirana z \u017eigom, podpisom odgovorne osebe, \u2026.) se \u0161tudenta obvesti, da manjkajo\u010do ali neustrezno dokumentacijo v 8 dneh dopolni, v nasprotnem primeru pa se vloga zavr\u017ee.<\/span><\/p>\n<p style=\"text-align: center;\"><span style=\"font-family: book antiqua, palatino, serif; font-size: 14pt;\"><strong>9. \u010dlen<br \/>\n<\/strong>(naloge izvajalcev postopka in na\u010din informiranja \u0161tudentom)<\/span><\/p>\n<p style=\"text-align: justify;\"><span style=\"font-family: book antiqua, palatino, serif; font-size: 14pt;\">Referentka za \u0161tudijske in \u0161tudentske zadeve prejeto vlogo ozna\u010di z datumom prejema in jo posreduje predsednici \u0161tudijske komisije. \u0160tudijska komisija na svoji seji pregleda vloge. V primeru, da vloga ni popolna, \u0161tudijska komisija z dopisom pozove \u0161tudenta k dopolnitvi. \u0160tudent mora nepopolno vlogo dopolniti v 8 dneh, sicer je vloga ni\u010delna.<\/span><\/p>\n<p style=\"text-align: justify;\"><span style=\"font-family: book antiqua, palatino, serif; font-size: 14pt;\">\u0160tudenti si potrebne informacije lahko pridobijo na spletni strani \u0161ole in na oglasni deski. Svetovanje \u0161tudentom je na voljo v \u010dasu pogovornih ur tudi referentka.<\/span><\/p>\n<p style=\"text-align: justify;\"><span style=\"font-family: book antiqua, palatino, serif; font-size: 14pt;\">\u0160tudijska komisija \u0161tudente pisno povabi na ocenjevanje neformalno pridobljenega znanja po 7. \u010dlenu Pravilnika o priznavanju predhodno pridobljenega znanja v vi\u0161jem strokovnem izobra\u017eevanju (Ur. list RS, \u0161t. 20\/2010). Predavatelj, ki ga \u0161tudijska komisija zaprosi za izdelavo pisnega strokovnega mnenja, ga predlo\u017ei \u0161tudijski komisiji v 8 dneh in se na povabilo \u0161tudijske komisije tudi udele\u017ei ocenjevanja.<\/span><\/p>\n<p style=\"text-align: center;\"><span style=\"font-family: book antiqua, palatino, serif; font-size: 14pt;\"><strong>10. <\/strong><strong>\u010dlen<br \/>\n<\/strong>(vsebina pisnega strokovnega mnenja)<\/span><\/p>\n<p style=\"text-align: justify;\"><span style=\"font-family: book antiqua, palatino, serif; font-size: 14pt;\">Vsebina pisnega strokovnega mnenja je dolo\u010dena z obrazcem Strokovno mnenje o formalnem in neformalnem priznavanju znanja.<\/span><\/p>\n<p style=\"text-align: center;\"><span style=\"font-family: book antiqua, palatino, serif; font-size: 14pt;\"><strong>11. \u010dlen<br \/>\n<\/strong>(postopek in merila za izvedbo ocenjevanja)<\/span><\/p>\n<p style=\"text-align: justify;\"><span style=\"font-family: book antiqua, palatino, serif; font-size: 14pt;\">\u0160tudijska komisija glede na vlogo in prilo\u017eena dokazila ter pisno strokovno mnenje o neformalnem priznavanju znanja predavatelja oceni neformalno pridobljeno znanje. Znanje oceni na na\u010dine, ki so dolo\u010deni v 7. \u010dlenu Pravilnika o priznavanju predhodno pridobljenega znanja v vi\u0161jem strokovnem izobra\u017eevanju (Ur. list RS, \u0161t. 20\/2010) z obrazcem Ocenjevanje neformalno pridobljenega znanja.<\/span><\/p>\n<p style=\"text-align: center;\"><span style=\"font-family: book antiqua, palatino, serif; font-size: 14pt;\"><strong>\u00a012. <\/strong><strong>\u010dlen<br \/>\n<\/strong>(vsebina pisnega strokovnega mnenja)<\/span><\/p>\n<p style=\"text-align: justify;\"><span style=\"font-family: book antiqua, palatino, serif; font-size: 14pt;\">Vsebina pisnega strokovnega mnenja je dolo\u010dena z Obrazcem strokovno mnenje o predhodno pridobljenem znanju. Izpolni ga predavatelj, imenovan za dolo\u010deno podro\u010dje.<\/span><\/p>\n<p style=\"text-align: center;\"><span style=\"font-family: book antiqua, palatino, serif; font-size: 14pt;\"><strong>\u00a013. <\/strong><strong>\u010dlen<br \/>\n<\/strong>(spremembe meril)<\/span><\/p>\n<p style=\"text-align: justify;\"><span style=\"font-family: book antiqua, palatino, serif; font-size: 14pt;\">Ta merila se lahko spremeni ali dopolni po postopku, ki velja za njegov sprejem. Predloge za njegove spremembe ali dopolnitve dajejo, ravnateljica \u0161ole, predsednica \u0161tudijske komisije. in \u010dlani.<\/span><\/p>\n<p style=\"text-align: center;\"><span style=\"font-family: book antiqua, palatino, serif; font-size: 14pt;\"><strong>14. <\/strong><strong>\u010dlen<br \/>\n(<\/strong>veljavnost meril)<\/span><\/p>\n<p style=\"text-align: justify;\"><span style=\"font-family: book antiqua, palatino, serif; font-size: 14pt;\">Ta merila za\u010dnejo veljati, ko jih sprejme \u0161tudijska komisija na svoji seji z ve\u010dino glasov.<\/span><\/p>\n<p style=\"text-align: center;\"><span style=\"font-family: book antiqua, palatino, serif; font-size: 14pt;\"><strong>15. <\/strong><strong>\u010dlen<br \/>\n<\/strong>(mo\u017enost prito\u017ebe)<\/span><\/p>\n<p><span style=\"font-family: book antiqua, palatino, serif; font-size: 14pt;\"><strong>Pravni pouk<\/strong><\/span><\/p>\n<p style=\"text-align: justify;\"><span style=\"font-family: book antiqua, palatino, serif; font-size: 14pt;\">\u0160tudent se lahko zoper sklep o priznavanju predhodno pridobljenega znanja prito\u017ei ravnateljici vi\u0161je strokovne \u0161ole v roku 8 dni od prejema tega sklepa. Ravnateljica mora o ugovoru odlo\u010diti v 30 dneh od prejema in ta odlo\u010ditev o ugovoru je dokon\u010dna.<\/span><\/p>\n<p style=\"text-align: right;\"><span style=\"font-family: book antiqua, palatino, serif; font-size: 14pt;\">Predsednica \u0161tudijske komisije, Andreja Ger\u010der<\/span><\/p>\n<table style=\"border-collapse: collapse; width: 100%;\" border=\"1\">\n<tbody>\n<tr>\n<td style=\"width: 100%;\">\n<ul>\n<li><span style=\"font-family: book antiqua, palatino, serif; font-size: 14pt;\"><a href=\"\/visja\/wp-content\/uploads\/sites\/3\/2024\/09\/Obrazec_neformalno.pdf\">Vloga za priznavanje znanj in spretnosti pridobljenih z neformalnim izobra\u017eevanjem<\/a><\/span><\/li>\n<li><span style=\"font-family: book antiqua, palatino, serif; font-size: 14pt;\"><a href=\"https:\/\/www.hvu.si\/visja\/wp-content\/uploads\/sites\/3\/2018\/05\/Vloga_za_priznavanje_znanj_in_spretnosti.pdf\">Vloga za priznavanje znanj in spretnosti, pridobljenih v formalnih izobra\u017eevalnih programih<\/a><\/span><\/li>\n<\/ul>\n<\/td>\n<\/tr>\n<\/tbody>\n<\/table>\n","protected":false},"excerpt":{"rendered":"<p>Na podlagi 6. \u010dlena Pravilnika o priznavanju predhodno pridobljenega znanja v vi\u0161jem strokovnem izobra\u017eevanju (Ur. list RS, \u0161t. 20\/2010) je \u0160tudijska komisija Vi\u0161je strokovne \u0161ole \u0160ole za hortikulturo in vizualne [&hellip;]<\/p>\n","protected":false},"author":1,"featured_media":0,"parent":0,"menu_order":0,"comment_status":"closed","ping_status":"closed","template":"","meta":{"footnotes":""},"class_list":["post-235","page","type-page","status-publish","hentry"],"_links":{"self":[{"href":"https:\/\/www.hvu.si\/visja\/wp-json\/wp\/v2\/pages\/235","targetHints":{"allow":["GET"]}}],"collection":[{"href":"https:\/\/www.hvu.si\/visja\/wp-json\/wp\/v2\/pages"}],"about":[{"href":"https:\/\/www.hvu.si\/visja\/wp-json\/wp\/v2\/types\/page"}],"author":[{"embeddable":true,"href":"https:\/\/www.hvu.si\/visja\/wp-json\/wp\/v2\/users\/1"}],"replies":[{"embeddable":true,"href":"https:\/\/www.hvu.si\/visja\/wp-json\/wp\/v2\/comments?post=235"}],"version-history":[{"count":8,"href":"https:\/\/www.hvu.si\/visja\/wp-json\/wp\/v2\/pages\/235\/revisions"}],"predecessor-version":[{"id":2909,"href":"https:\/\/www.hvu.si\/visja\/wp-json\/wp\/v2\/pages\/235\/revisions\/2909"}],"wp:attachment":[{"href":"https:\/\/www.hvu.si\/visja\/wp-json\/wp\/v2\/media?parent=235"}],"curies":[{"name":"wp","href":"https:\/\/api.w.org\/{rel}","templated":true}]}}