{"id":8251,"date":"2026-01-14T20:36:03","date_gmt":"2026-01-14T19:36:03","guid":{"rendered":"https:\/\/www.hvu.si\/srednja\/?page_id=8251"},"modified":"2026-01-14T20:36:03","modified_gmt":"2026-01-14T19:36:03","slug":"pomocnik-v-biotehniki-in-oskrbi","status":"publish","type":"page","link":"https:\/\/www.hvu.si\/srednja\/?page_id=8251","title":{"rendered":"Pomo\u010dnik v biotehniki in oskrbi"},"content":{"rendered":"<p><span style=\"font-family: book antiqua, palatino, serif; font-size: 14pt;\"><strong>DELO POMO\u010cNIKA\/POMO\u010cNICE V BIOTEHNIKI IN OSKRBI<\/strong><\/span><\/p>\n<ul>\n<li><span style=\"font-family: book antiqua, palatino, serif; font-size: 14pt;\">Opravi osnovno vzdr\u017eevanje in enostavna popravila, pripravi in varno upravlja s stroji, orodji in napravami v vrtnarstvu;<\/span><\/li>\n<li><span style=\"font-family: book antiqua, palatino, serif; font-size: 14pt;\">pripravi rasti\u0161\u010de, izvede setev oziroma sajenje, oskrbi posevke, sadike in nasade;<\/span><\/li>\n<li><span style=\"font-family: book antiqua, palatino, serif; font-size: 14pt;\">sodeluje pri ureditvi, zasaditvi in oskrbi zelenih povr\u0161in;<\/span><\/li>\n<li><span style=\"font-family: book antiqua, palatino, serif; font-size: 14pt;\">pozna in goji doma\u010da zeli\u0161\u010da, vrtnine in okrasne rastline;<\/span><\/li>\n<li><span style=\"font-family: book antiqua, palatino, serif; font-size: 14pt;\">vklju\u010duje zeli\u0161\u010da in vrtnine v prehrano ter uporablja okrasne rastline v zasaditvah in cvetli\u010dnih aran\u017emajih;<\/span><\/li>\n<li><span style=\"font-family: book antiqua, palatino, serif; font-size: 14pt;\">pozna osnove tekstilnih materialov in njihovo uporabo ter izdela preproste tekstilne izdelke;<\/span><\/li>\n<li><span style=\"font-family: book antiqua, palatino, serif; font-size: 14pt;\">izdela enostavne izdelke za dekoracijo, enostavne aran\u017emaje razli\u010dnih tehnik, oblikuje modni nakit in modne dodatke.<\/span><\/li>\n<\/ul>\n<p><span style=\"font-family: book antiqua, palatino, serif; font-size: 14pt;\"><strong>TRAJANJE IZOBRA\u017dEVANJA<\/strong><\/span><\/p>\n<p><span style=\"font-family: book antiqua, palatino, serif; font-size: 14pt;\">Dve leti (120 kreditnih to\u010dk).<\/span><\/p>\n<p><span style=\"font-family: book antiqua, palatino, serif; font-size: 14pt;\"><strong>VPISNI POGOJI<\/strong><\/span><\/p>\n<ul>\n<li><span style=\"font-family: book antiqua, palatino, serif; font-size: 14pt;\">Izpolnjena osnovno\u0161olska obveznost in kon\u010dan najmanj 7. razred devetletne osnovne \u0161ole.<\/span><\/li>\n<li><span style=\"font-family: book antiqua, palatino, serif; font-size: 14pt;\">Zaklju\u010deno osnovno\u0161olsko izobra\u017eevanje po prilagojenem izobra\u017eevalnem programu z ni\u017ejim izobrazbenim standardom.<\/span><\/li>\n<\/ul>\n<p><span style=\"font-family: book antiqua, palatino, serif; font-size: 14pt;\"><strong>IZVEDBA IZOBRA\u017dEVALNEGA PROGRAMA<\/strong><\/span><\/p>\n<ul>\n<li><span style=\"font-family: book antiqua, palatino, serif; font-size: 14pt;\">Izobra\u017eevalni program se izvaja v \u0161oli in pri delodajalcih.<\/span><\/li>\n<li><span style=\"font-family: book antiqua, palatino, serif; font-size: 14pt;\">Prakti\u010dno usposabljanje z delom se izvaja pri delodajalcih, na \u0161olskem posestvu, mojstrskih kmetijah ali v medpodjetni\u0161kih izobra\u017eevalnih centrih.<\/span><\/li>\n<li><span style=\"font-family: book antiqua, palatino, serif; font-size: 14pt;\">Del prakti\u010dnega pouka se lahko nadomesti s prakti\u010dnim usposabljanjem z delom.<\/span><\/li>\n<\/ul>\n<p><span style=\"font-family: book antiqua, palatino, serif; font-size: 14pt;\"><strong>POGOJI ZA DOKON\u010cANJE<\/strong><\/span><\/p>\n<p><span style=\"font-family: book antiqua, palatino, serif; font-size: 14pt;\">Dijak uspe\u0161no opravi:<\/span><\/p>\n<ul>\n<li><span style=\"font-family: book antiqua, palatino, serif; font-size: 14pt;\">vse splo\u0161noizobra\u017eevalne predmete,<\/span><\/li>\n<li><span style=\"font-family: book antiqua, palatino, serif; font-size: 14pt;\">obvezne strokovne module,<\/span><\/li>\n<li><span style=\"font-family: book antiqua, palatino, serif; font-size: 14pt;\">izbirne strokovne module,<\/span><\/li>\n<li><span style=\"font-family: book antiqua, palatino, serif; font-size: 14pt;\">odprti del kurikula.<\/span><\/li>\n<\/ul>\n<p><span style=\"font-family: book antiqua, palatino, serif; font-size: 14pt;\">Poleg tega mora opraviti:<\/span><\/p>\n<ul>\n<li><span style=\"font-family: book antiqua, palatino, serif; font-size: 14pt;\">vse interesne dejavnosti,<\/span><\/li>\n<li><span style=\"font-family: book antiqua, palatino, serif; font-size: 14pt;\">obveznosti pri prakti\u010dnem usposabljanju z delom in<\/span><\/li>\n<li><span style=\"font-family: book antiqua, palatino, serif; font-size: 14pt;\">zaklju\u010dni izpit.<\/span><\/li>\n<\/ul>\n<p><span style=\"font-family: book antiqua, palatino, serif; font-size: 14pt;\">Kon\u010danje izobra\u017eevalnega programa z zaklju\u010dnim izpitom (izdelek oz. storitev in zagovor) omogo\u010da vpis v programe srednjega poklicnega izobra\u017eevanja ali programe srednjega strokovnega izobra\u017eevanja.<\/span><\/p>\n<p><span style=\"font-family: book antiqua, palatino, serif; font-size: 14pt;\"><strong>MO\u017dNOSTI ZAPOSLITVE<\/strong><\/span><\/p>\n<ul>\n<li><span style=\"font-family: book antiqua, palatino, serif; font-size: 14pt;\">V vrtnarijah, drevesnicah, botani\u010dnih vrtovih, arboretumih, zdravili\u0161\u010dih in drugih turisti\u010dnih ustanovah;<\/span><\/li>\n<li><span style=\"font-family: book antiqua, palatino, serif; font-size: 14pt;\">v cvetli\u010darnah in darilnih butikih;<\/span><\/li>\n<li><span style=\"font-family: book antiqua, palatino, serif; font-size: 14pt;\">v trgovskih centrih z vrtnim oddelkom;<\/span><\/li>\n<li><span style=\"font-family: book antiqua, palatino, serif; font-size: 14pt;\">na kmetijah, turisti\u010dnih kmetijah ali manj\u0161ih kmetijskih gospodarstvih;<\/span><\/li>\n<li><span style=\"font-family: book antiqua, palatino, serif; font-size: 14pt;\">v industrijskih obratih, kjer se izvajajo biotehni\u010dna dela.<\/span><\/li>\n<\/ul>\n<p><!--nextpage--><\/p>\n<p><span style=\"font-family: book antiqua, palatino, serif; font-size: 14pt;\"><strong>PREDMETNIK<\/strong><\/span><\/p>\n<table style=\"width: 80%;\" border=\"1\" width=\"80%\" cellspacing=\"0\" cellpadding=\"3\">\n<tbody>\n<tr>\n<td width=\"122\"><strong><span style=\"font-family: book antiqua, palatino, serif; font-size: 14pt;\">Oznaka<\/span><\/strong><\/td>\n<td width=\"284\"><strong><span style=\"font-family: book antiqua, palatino, serif; font-size: 14pt;\">Programske enote<\/span><\/strong><\/td>\n<td width=\"66\"><strong><span style=\"font-family: book antiqua, palatino, serif; font-size: 14pt;\">Obvezno\/ izbirno<\/span><\/strong><\/td>\n<td width=\"66\"><strong><span style=\"font-family: book antiqua, palatino, serif; font-size: 14pt;\">Skupno \u0161tevilo\u00a0 ur<\/span><\/strong><\/td>\n<td width=\"104\"><strong><span style=\"font-family: book antiqua, palatino, serif; font-size: 14pt;\">\u0160tevilo kreditnih to\u010dk<\/span><\/strong><\/td>\n<\/tr>\n<tr>\n<td colspan=\"5\" width=\"642\"><strong><span style=\"font-family: book antiqua, palatino, serif; font-size: 14pt;\">A \u2013 Splo\u0161noizobra\u017eevalni predmeti<\/span><\/strong><\/td>\n<\/tr>\n<tr>\n<td width=\"122\"><span style=\"font-family: book antiqua, palatino, serif; font-size: 14pt;\">P1<\/span><\/td>\n<td width=\"284\"><span style=\"font-family: book antiqua, palatino, serif; font-size: 14pt;\">Sloven\u0161\u010dina<\/span><\/td>\n<td width=\"66\"><span style=\"font-family: book antiqua, palatino, serif; font-size: 14pt;\">obvezno<\/span><\/td>\n<td width=\"66\"><span style=\"font-family: book antiqua, palatino, serif; font-size: 14pt;\">155<\/span><\/td>\n<td width=\"104\"><span style=\"font-family: book antiqua, palatino, serif; font-size: 14pt;\">8<\/span><\/td>\n<\/tr>\n<tr>\n<td width=\"122\"><span style=\"font-family: book antiqua, palatino, serif; font-size: 14pt;\">P2<\/span><\/td>\n<td width=\"284\"><span style=\"font-family: book antiqua, palatino, serif; font-size: 14pt;\">Matematika<\/span><\/td>\n<td width=\"66\"><span style=\"font-family: book antiqua, palatino, serif; font-size: 14pt;\">obvezno<\/span><\/td>\n<td width=\"66\"><span style=\"font-family: book antiqua, palatino, serif; font-size: 14pt;\">168<\/span><\/td>\n<td width=\"104\"><span style=\"font-family: book antiqua, palatino, serif; font-size: 14pt;\">9<\/span><\/td>\n<\/tr>\n<tr>\n<td width=\"122\"><span style=\"font-family: book antiqua, palatino, serif; font-size: 14pt;\">P3<\/span><\/td>\n<td width=\"284\"><span style=\"font-family: book antiqua, palatino, serif; font-size: 14pt;\">Dru\u017eboslovje in naravoslovje<\/span><\/td>\n<td width=\"66\"><span style=\"font-family: book antiqua, palatino, serif; font-size: 14pt;\">obvezno<\/span><\/td>\n<td width=\"66\"><span style=\"font-family: book antiqua, palatino, serif; font-size: 14pt;\">248<\/span><\/td>\n<td width=\"104\"><span style=\"font-family: book antiqua, palatino, serif; font-size: 14pt;\">12<\/span><\/td>\n<\/tr>\n<tr>\n<td width=\"122\"><span style=\"font-family: book antiqua, palatino, serif; font-size: 14pt;\">P4<\/span><\/td>\n<td width=\"284\"><span style=\"font-family: book antiqua, palatino, serif; font-size: 14pt;\">\u0160portna vzgoja<\/span><\/td>\n<td width=\"66\"><span style=\"font-family: book antiqua, palatino, serif; font-size: 14pt;\">obvezno<\/span><\/td>\n<td width=\"66\"><span style=\"font-family: book antiqua, palatino, serif; font-size: 14pt;\">124<\/span><\/td>\n<td width=\"104\"><span style=\"font-family: book antiqua, palatino, serif; font-size: 14pt;\">5<\/span><\/td>\n<\/tr>\n<tr>\n<td colspan=\"3\" width=\"472\"><span style=\"font-family: book antiqua, palatino, serif; font-size: 14pt;\">Skupaj A\u00a0<\/span><\/td>\n<td width=\"66\"><span style=\"font-family: book antiqua, palatino, serif; font-size: 14pt;\">695<\/span><\/td>\n<td width=\"104\"><span style=\"font-family: book antiqua, palatino, serif; font-size: 14pt;\">34<\/span><\/td>\n<\/tr>\n<tr>\n<td colspan=\"5\" width=\"642\"><strong><span style=\"font-family: book antiqua, palatino, serif; font-size: 14pt;\">B \u2013 Strokovni moduli<\/span><\/strong><\/td>\n<\/tr>\n<tr>\n<td width=\"122\"><span style=\"font-family: book antiqua, palatino, serif; font-size: 14pt;\">M1<\/span><\/td>\n<td width=\"284\"><span style=\"font-family: book antiqua, palatino, serif; font-size: 14pt;\">Komunikacija na delovnem mestu<\/span><\/td>\n<td width=\"66\"><span style=\"font-family: book antiqua, palatino, serif; font-size: 14pt;\">obvezno<\/span><\/td>\n<td width=\"66\"><span style=\"font-family: book antiqua, palatino, serif; font-size: 14pt;\">112<\/span><\/td>\n<td width=\"104\"><span style=\"font-family: book antiqua, palatino, serif; font-size: 14pt;\">6<\/span><\/td>\n<\/tr>\n<tr>\n<td width=\"122\"><span style=\"font-family: book antiqua, palatino, serif; font-size: 14pt;\">M3<\/span><\/td>\n<td width=\"284\"><span style=\"font-family: book antiqua, palatino, serif; font-size: 14pt;\">Mehanizacija v biotehniki<\/span><\/td>\n<td width=\"66\"><span style=\"font-family: book antiqua, palatino, serif; font-size: 14pt;\">izbirno<\/span><\/td>\n<td width=\"66\"><span style=\"font-family: book antiqua, palatino, serif; font-size: 14pt;\">160<\/span><\/td>\n<td width=\"104\"><span style=\"font-family: book antiqua, palatino, serif; font-size: 14pt;\">9<\/span><\/td>\n<\/tr>\n<tr>\n<td width=\"122\"><span style=\"font-family: book antiqua, palatino, serif; font-size: 14pt;\">M7<\/span><\/td>\n<td width=\"284\"><span style=\"font-family: book antiqua, palatino, serif; font-size: 14pt;\">Osnove rastlinske pridelave<\/span><\/td>\n<td width=\"66\"><span style=\"font-family: book antiqua, palatino, serif; font-size: 14pt;\">izbirno<\/span><\/td>\n<td width=\"66\"><span style=\"font-family: book antiqua, palatino, serif; font-size: 14pt;\">140<\/span><\/td>\n<td width=\"104\"><span style=\"font-family: book antiqua, palatino, serif; font-size: 14pt;\">8<\/span><\/td>\n<\/tr>\n<tr>\n<td width=\"122\"><span style=\"font-family: book antiqua, palatino, serif; font-size: 14pt;\">M10<\/span><\/td>\n<td width=\"284\"><span style=\"font-family: book antiqua, palatino, serif; font-size: 14pt;\">Oblikovanje enostavnih tekstilij<\/span><\/td>\n<td width=\"66\"><span style=\"font-family: book antiqua, palatino, serif; font-size: 14pt;\">izbirno<\/span><\/td>\n<td width=\"66\"><span style=\"font-family: book antiqua, palatino, serif; font-size: 14pt;\">140<\/span><\/td>\n<td width=\"104\"><span style=\"font-family: book antiqua, palatino, serif; font-size: 14pt;\">8<\/span><\/td>\n<\/tr>\n<tr>\n<td width=\"122\"><span style=\"font-family: book antiqua, palatino, serif; font-size: 14pt;\">M22<\/span><\/td>\n<td width=\"284\"><span style=\"font-family: book antiqua, palatino, serif; font-size: 14pt;\">Pridelava in uporaba zeli\u0161\u010d<\/span><\/td>\n<td width=\"66\"><span style=\"font-family: book antiqua, palatino, serif; font-size: 14pt;\">izbirno<\/span><\/td>\n<td width=\"66\"><span style=\"font-family: book antiqua, palatino, serif; font-size: 14pt;\">160<\/span><\/td>\n<td width=\"104\"><span style=\"font-family: book antiqua, palatino, serif; font-size: 14pt;\">9<\/span><\/td>\n<\/tr>\n<tr>\n<td width=\"122\"><span style=\"font-family: book antiqua, palatino, serif; font-size: 14pt;\">M23<\/span><\/td>\n<td width=\"284\"><span style=\"font-family: book antiqua, palatino, serif; font-size: 14pt;\">Enostavni izdelki za dekoracijo<\/span><\/td>\n<td width=\"66\"><span style=\"font-family: book antiqua, palatino, serif; font-size: 14pt;\">izbirno<\/span><\/td>\n<td width=\"66\"><span style=\"font-family: book antiqua, palatino, serif; font-size: 14pt;\">160<\/span><\/td>\n<td width=\"104\"><span style=\"font-family: book antiqua, palatino, serif; font-size: 14pt;\">9<\/span><\/td>\n<\/tr>\n<tr>\n<td colspan=\"3\" width=\"472\"><span style=\"font-family: book antiqua, palatino, serif; font-size: 14pt;\">Skupaj B\u00a0<\/span><\/td>\n<td width=\"66\"><span style=\"font-family: book antiqua, palatino, serif; font-size: 14pt;\">872<\/span><\/td>\n<td width=\"104\"><span style=\"font-family: book antiqua, palatino, serif; font-size: 14pt;\">49<\/span><\/td>\n<\/tr>\n<tr>\n<td colspan=\"5\" width=\"642\"><span style=\"font-family: book antiqua, palatino, serif; font-size: 14pt;\">Od tega:<\/span><br \/>\n<strong><span style=\"font-family: book antiqua, palatino, serif; font-size: 14pt;\">C \u2013 Prakti\u010dno izobra\u017eevanje v \u0161oli<\/span><\/strong><\/td>\n<\/tr>\n<tr>\n<td width=\"122\"><\/td>\n<td width=\"284\"><span style=\"font-family: book antiqua, palatino, serif; font-size: 14pt;\">Prakti\u010dni pouk<\/span><\/td>\n<td width=\"66\"><\/td>\n<td width=\"66\"><span style=\"font-family: book antiqua, palatino, serif; font-size: 14pt;\">600<\/span><\/td>\n<td width=\"104\"><span style=\"font-family: book antiqua, palatino, serif; font-size: 14pt;\">24<\/span><\/td>\n<\/tr>\n<tr>\n<td colspan=\"5\" width=\"642\"><strong><span style=\"font-family: book antiqua, palatino, serif; font-size: 14pt;\">\u010c\u00a0\u2013\u00a0Prakti\u010dno izobra\u017eevanje pri delodajalcu<\/span><\/strong><\/td>\n<\/tr>\n<tr>\n<td width=\"122\"><\/td>\n<td width=\"284\"><span style=\"font-family: book antiqua, palatino, serif; font-size: 14pt;\">Prakti\u010dno usposabljanje z delom<\/span><\/td>\n<td width=\"66\"><\/td>\n<td width=\"66\"><span style=\"font-family: book antiqua, palatino, serif; font-size: 14pt;\">152<\/span><\/td>\n<td width=\"104\"><span style=\"font-family: book antiqua, palatino, serif; font-size: 14pt;\">6<\/span><\/td>\n<\/tr>\n<tr>\n<td colspan=\"5\" width=\"642\"><strong><span style=\"font-family: book antiqua, palatino, serif; font-size: 14pt;\">D \u2013 Interesne dejavnosti<\/span><\/strong><\/td>\n<\/tr>\n<tr>\n<td width=\"122\"><\/td>\n<td width=\"284\"><span style=\"font-family: book antiqua, palatino, serif; font-size: 14pt;\">Interesne dejavnosti<\/span><\/td>\n<td width=\"66\"><\/td>\n<td width=\"66\"><span style=\"font-family: book antiqua, palatino, serif; font-size: 14pt;\">96<\/span><\/td>\n<td width=\"104\"><span style=\"font-family: book antiqua, palatino, serif; font-size: 14pt;\">4<\/span><\/td>\n<\/tr>\n<tr>\n<td colspan=\"5\" width=\"642\"><strong><span style=\"font-family: book antiqua, palatino, serif; font-size: 14pt;\">E \u2013 Odprti kurikulum<\/span><\/strong><\/td>\n<\/tr>\n<tr>\n<td width=\"122\"><\/td>\n<td width=\"284\"><span style=\"font-family: book antiqua, palatino, serif; font-size: 14pt;\">Odprti kurikulum<\/span><\/td>\n<td width=\"66\"><\/td>\n<td width=\"66\"><span style=\"font-family: book antiqua, palatino, serif; font-size: 14pt;\">448<\/span><\/td>\n<td width=\"104\"><span style=\"font-family: book antiqua, palatino, serif; font-size: 14pt;\">25<\/span><\/td>\n<\/tr>\n<tr>\n<td colspan=\"5\" width=\"642\"><\/td>\n<\/tr>\n<tr>\n<td colspan=\"3\" width=\"472\"><span style=\"font-family: book antiqua, palatino, serif; font-size: 14pt;\">Skupaj pouka (A+B+E)\u00a0<\/span><\/td>\n<td width=\"66\"><span style=\"font-family: book antiqua, palatino, serif; font-size: 14pt;\">2015<\/span><\/td>\n<td width=\"104\"><span style=\"font-family: book antiqua, palatino, serif; font-size: 14pt;\">108<\/span><\/td>\n<\/tr>\n<tr>\n<td colspan=\"3\" width=\"472\"><span style=\"font-family: book antiqua, palatino, serif; font-size: 14pt;\">Skupaj prakti\u010dnega izobra\u017eevanja (C+\u010c)\u00a0<\/span><\/td>\n<td width=\"66\"><span style=\"font-family: book antiqua, palatino, serif; font-size: 14pt;\">752<\/span><\/td>\n<td width=\"104\"><span style=\"font-family: book antiqua, palatino, serif; font-size: 14pt;\">30<\/span><\/td>\n<\/tr>\n<tr>\n<td colspan=\"3\" width=\"472\"><span style=\"font-family: book antiqua, palatino, serif; font-size: 14pt;\">Skupaj izobra\u017eevanja v \u0161oli (A+B+D+E)\u00a0<\/span><\/td>\n<td width=\"66\"><span style=\"font-family: book antiqua, palatino, serif; font-size: 14pt;\">2111<\/span><\/td>\n<td width=\"104\"><span style=\"font-family: book antiqua, palatino, serif; font-size: 14pt;\">112<\/span><\/td>\n<\/tr>\n<tr>\n<td colspan=\"3\" width=\"472\"><span style=\"font-family: book antiqua, palatino, serif; font-size: 14pt;\">Skupaj (A+B+\u010c+D+E)\u00a0<\/span><\/td>\n<td width=\"66\"><span style=\"font-family: book antiqua, palatino, serif; font-size: 14pt;\">2263<\/span><\/td>\n<td width=\"104\"><span style=\"font-family: book antiqua, palatino, serif; font-size: 14pt;\">118<\/span><\/td>\n<\/tr>\n<tr>\n<td colspan=\"4\" width=\"538\"><span style=\"font-family: book antiqua, palatino, serif; font-size: 14pt;\">Zaklju\u010dni izpit\u00a0(izdelek oziroma storitev in zagovor)<\/span><\/td>\n<td width=\"104\"><span style=\"font-family: book antiqua, palatino, serif; font-size: 14pt;\">2<\/span><\/td>\n<\/tr>\n<tr>\n<td colspan=\"4\" width=\"538\"><span style=\"font-family: book antiqua, palatino, serif; font-size: 14pt;\">Skupaj kreditnih to\u010dk\u00a0<\/span><\/td>\n<td width=\"104\"><span style=\"font-family: book antiqua, palatino, serif; font-size: 14pt;\">120<\/span><\/td>\n<\/tr>\n<tr>\n<td colspan=\"5\" width=\"642\"><\/td>\n<\/tr>\n<tr>\n<td colspan=\"3\" width=\"472\"><span style=\"font-family: book antiqua, palatino, serif; font-size: 14pt;\">\u0160tevilo tednov izobra\u017eevanja v \u0161oli\u00a0<\/span><\/td>\n<td width=\"66\"><span style=\"font-family: book antiqua, palatino, serif; font-size: 14pt;\">63<\/span><\/td>\n<td width=\"104\"><\/td>\n<\/tr>\n<tr>\n<td colspan=\"3\" width=\"472\"><span style=\"font-family: book antiqua, palatino, serif; font-size: 14pt;\">\u0160tevilo tednov prakti\u010dnega\u00a0usposabljanja z delom\u00a0<\/span><\/td>\n<td width=\"66\"><span style=\"font-family: book antiqua, palatino, serif; font-size: 14pt;\">4<\/span><\/td>\n<td width=\"104\"><\/td>\n<\/tr>\n<tr>\n<td colspan=\"3\" width=\"472\"><span style=\"font-family: book antiqua, palatino, serif; font-size: 14pt;\">\u0160tevilo tednov interesnih dejavnosti\u00a0<\/span><\/td>\n<td width=\"66\"><span style=\"font-family: book antiqua, palatino, serif; font-size: 14pt;\">3<\/span><\/td>\n<td width=\"104\"><\/td>\n<\/tr>\n<tr>\n<td colspan=\"3\" width=\"472\"><span style=\"font-family: book antiqua, palatino, serif; font-size: 14pt;\">Skupno \u0161tevilo tednov izobra\u017eevanja\u00a0<\/span><\/td>\n<td width=\"66\"><span style=\"font-family: book antiqua, palatino, serif; font-size: 14pt;\">70<\/span><\/td>\n<td width=\"104\"><\/td>\n<\/tr>\n<\/tbody>\n<\/table>\n<p><span style=\"font-family: book antiqua, palatino, serif; font-size: 14pt;\"><strong>\u00a0<\/strong><\/span><\/p>\n","protected":false},"excerpt":{"rendered":"<p>DELO POMO\u010cNIKA\/POMO\u010cNICE V BIOTEHNIKI IN OSKRBI Opravi osnovno vzdr\u017eevanje in enostavna popravila, pripravi in varno upravlja s stroji, orodji in napravami v vrtnarstvu; pripravi rasti\u0161\u010de, izvede setev oziroma sajenje, oskrbi posevke, sadike in nasade; sodeluje pri ureditvi, zasaditvi in oskrbi zelenih povr\u0161in; pozna in goji doma\u010da zeli\u0161\u010da, vrtnine in okrasne rastline; vklju\u010duje zeli\u0161\u010da in vrtnine [&hellip;]<\/p>\n","protected":false},"author":1,"featured_media":0,"parent":0,"menu_order":0,"comment_status":"closed","ping_status":"closed","template":"","meta":{"footnotes":""},"class_list":["post-8251","page","type-page","status-publish","hentry"],"_links":{"self":[{"href":"https:\/\/www.hvu.si\/srednja\/index.php?rest_route=\/wp\/v2\/pages\/8251","targetHints":{"allow":["GET"]}}],"collection":[{"href":"https:\/\/www.hvu.si\/srednja\/index.php?rest_route=\/wp\/v2\/pages"}],"about":[{"href":"https:\/\/www.hvu.si\/srednja\/index.php?rest_route=\/wp\/v2\/types\/page"}],"author":[{"embeddable":true,"href":"https:\/\/www.hvu.si\/srednja\/index.php?rest_route=\/wp\/v2\/users\/1"}],"replies":[{"embeddable":true,"href":"https:\/\/www.hvu.si\/srednja\/index.php?rest_route=%2Fwp%2Fv2%2Fcomments&post=8251"}],"version-history":[{"count":1,"href":"https:\/\/www.hvu.si\/srednja\/index.php?rest_route=\/wp\/v2\/pages\/8251\/revisions"}],"predecessor-version":[{"id":8252,"href":"https:\/\/www.hvu.si\/srednja\/index.php?rest_route=\/wp\/v2\/pages\/8251\/revisions\/8252"}],"wp:attachment":[{"href":"https:\/\/www.hvu.si\/srednja\/index.php?rest_route=%2Fwp%2Fv2%2Fmedia&parent=8251"}],"curies":[{"name":"wp","href":"https:\/\/api.w.org\/{rel}","templated":true}]}}