{"id":8182,"date":"2025-12-05T09:50:11","date_gmt":"2025-12-05T08:50:11","guid":{"rendered":"https:\/\/www.hvu.si\/srednja\/?page_id=8182"},"modified":"2025-12-05T09:50:11","modified_gmt":"2025-12-05T08:50:11","slug":"okvirni-koledar-opravljanja-zakljucnega-izpita-2026","status":"publish","type":"page","link":"https:\/\/www.hvu.si\/srednja\/?page_id=8182","title":{"rendered":"Okvirni koledar opravljanja zaklju\u010dnega izpita 2026"},"content":{"rendered":"<p><span style=\"font-family: 'book antiqua', palatino, serif\"><strong><u>Zimski izpitni rok<\/u><\/strong><\/span><\/p>\n<p><span style=\"font-family: 'book antiqua', palatino, serif\">Rok za pisno prijavo k zaklju\u010dnemu izpitu: 9. 1. 2026<\/span><\/p>\n<p><span style=\"font-family: 'book antiqua', palatino, serif\">Rok za pisno odjavo od zaklju\u010dnega izpita: 6. 2. 2026<\/span><\/p>\n<p><span style=\"font-family: 'book antiqua', palatino, serif\">Rok za predlo\u017eitev dokazil o izpolnjevanju pogojev: 4. 2. 2026<\/span><\/p>\n<p><span style=\"font-family: 'book antiqua', palatino, serif\"><em>Sloven\u0161\u010dina (pisni izpit): ponedeljek, 9. 2. 2026<\/em><\/span><\/p>\n<p><span style=\"font-family: 'book antiqua', palatino, serif\"><em>Ustni in prakti\u010dni izpiti: od 10. 2. 2026 do 13. 2. 2026<\/em><\/span><\/p>\n<p><span style=\"font-family: 'book antiqua', palatino, serif\"><strong>Podelitev spri\u010deval ZI: petek, 6. 3. 2026<\/strong><\/span><\/p>\n<p>&nbsp;<\/p>\n<p><span style=\"font-family: 'book antiqua', palatino, serif\"><strong><u>Spomladanski izpitni rok<\/u><\/strong><\/span><\/p>\n<p><span style=\"font-family: 'book antiqua', palatino, serif\">Rok za pisno prijavo k zaklju\u010dnemu izpitu: 4. 5. 2026<\/span><\/p>\n<p><span style=\"font-family: 'book antiqua', palatino, serif\">Rok za pisno odjavo od zaklju\u010dnega izpita: 4. 6. 2026<\/span><\/p>\n<p><span style=\"font-family: 'book antiqua', palatino, serif\">Rok za predlo\u017eitev dokazil o izpolnjevanju pogojev: 2. 6. 2026<\/span><\/p>\n<p><span style=\"font-family: 'book antiqua', palatino, serif\"><em>Sloven\u0161\u010dina (pisni izpit): petek, 5. 6. 2026<\/em><\/span><\/p>\n<p><span style=\"font-family: 'book antiqua', palatino, serif\"><em>Ustni in prakti\u010dni izpiti: od 6. 6. 2026 do 15. 6. 2026<\/em><\/span><\/p>\n<p><span style=\"font-family: 'book antiqua', palatino, serif\"><strong>Podelitev spri\u010deval ZI: sreda, 8. 7. 2026<\/strong><\/span><\/p>\n<p>&nbsp;<\/p>\n<p><span style=\"font-family: 'book antiqua', palatino, serif\"><strong><u>Jesenski izpitni rok<\/u><\/strong><\/span><\/p>\n<p><span style=\"font-family: 'book antiqua', palatino, serif\">Rok za pisno prijavo k zaklju\u010dnemu izpitu: 24. 7. 2026<\/span><\/p>\n<p><span style=\"font-family: 'book antiqua', palatino, serif\">Rok za pisno odjavo od zaklju\u010dnega izpita: 21. 8. 2026<\/span><\/p>\n<p><span style=\"font-family: 'book antiqua', palatino, serif\">Rok za predlo\u017eitev dokazil o izpolnjevanju pogojev: 21. 8. 2026<\/span><\/p>\n<p><span style=\"font-family: 'book antiqua', palatino, serif\"><em>Sloven\u0161\u010dina (pisni izpit): ponedeljek, 24. 8. 2026<\/em><\/span><\/p>\n<p><span style=\"font-family: 'book antiqua', palatino, serif\"><em>Ustni in prakti\u010dni izpiti: od 25. 8. 2026 do 28. 8. 2026<\/em><\/span><\/p>\n<p><span style=\"font-family: 'book antiqua', palatino, serif\"><strong>Podelitev spri\u010deval ZI: torek, 8. 9. 2026<\/strong><\/span><\/p>\n","protected":false},"excerpt":{"rendered":"<p>Zimski izpitni rok Rok za pisno prijavo k zaklju\u010dnemu izpitu: 9. 1. 2026 Rok za pisno odjavo od zaklju\u010dnega izpita: 6. 2. 2026 Rok za predlo\u017eitev dokazil o izpolnjevanju pogojev: 4. 2. 2026 Sloven\u0161\u010dina (pisni izpit): ponedeljek, 9. 2. 2026 Ustni in prakti\u010dni izpiti: od 10. 2. 2026 do 13. 2. 2026 Podelitev spri\u010deval ZI: [&hellip;]<\/p>\n","protected":false},"author":6,"featured_media":0,"parent":0,"menu_order":0,"comment_status":"closed","ping_status":"closed","template":"","meta":{"footnotes":""},"class_list":["post-8182","page","type-page","status-publish","hentry"],"_links":{"self":[{"href":"https:\/\/www.hvu.si\/srednja\/index.php?rest_route=\/wp\/v2\/pages\/8182","targetHints":{"allow":["GET"]}}],"collection":[{"href":"https:\/\/www.hvu.si\/srednja\/index.php?rest_route=\/wp\/v2\/pages"}],"about":[{"href":"https:\/\/www.hvu.si\/srednja\/index.php?rest_route=\/wp\/v2\/types\/page"}],"author":[{"embeddable":true,"href":"https:\/\/www.hvu.si\/srednja\/index.php?rest_route=\/wp\/v2\/users\/6"}],"replies":[{"embeddable":true,"href":"https:\/\/www.hvu.si\/srednja\/index.php?rest_route=%2Fwp%2Fv2%2Fcomments&post=8182"}],"version-history":[{"count":1,"href":"https:\/\/www.hvu.si\/srednja\/index.php?rest_route=\/wp\/v2\/pages\/8182\/revisions"}],"predecessor-version":[{"id":8183,"href":"https:\/\/www.hvu.si\/srednja\/index.php?rest_route=\/wp\/v2\/pages\/8182\/revisions\/8183"}],"wp:attachment":[{"href":"https:\/\/www.hvu.si\/srednja\/index.php?rest_route=%2Fwp%2Fv2%2Fmedia&parent=8182"}],"curies":[{"name":"wp","href":"https:\/\/api.w.org\/{rel}","templated":true}]}}