{"id":8179,"date":"2025-12-05T09:47:02","date_gmt":"2025-12-05T08:47:02","guid":{"rendered":"https:\/\/www.hvu.si\/srednja\/?page_id=8179"},"modified":"2025-12-05T09:47:02","modified_gmt":"2025-12-05T08:47:02","slug":"teme-za-zakljucni-izpit-2026","status":"publish","type":"page","link":"https:\/\/www.hvu.si\/srednja\/?page_id=8179","title":{"rendered":"Teme za zaklju\u010dni izpit 2026"},"content":{"rendered":"<table style=\"width: 90.6626%;border-collapse: collapse;height: 120px\" border=\"1\" cellspacing=\"0\" cellpadding=\"3\">\n<tbody>\n<tr style=\"height: 24px\">\n<td style=\"width: 20%;height: 24px\"><span style=\"font-family: 'book antiqua', palatino, serif\">U\u010cITELJ<\/span><\/td>\n<td style=\"width: 20%;height: 24px\"><span style=\"font-family: 'book antiqua', palatino, serif\">TEMA 1<\/span><\/td>\n<td style=\"width: 20%;height: 24px\"><span style=\"font-family: 'book antiqua', palatino, serif\">TEMA 2<\/span><\/td>\n<td style=\"width: 20%;height: 24px\"><span style=\"font-family: 'book antiqua', palatino, serif\">TEMA 3<\/span><\/td>\n<td style=\"width: 20%;height: 24px\"><span style=\"font-family: 'book antiqua', palatino, serif\">TEMA 4<\/span><\/td>\n<\/tr>\n<tr style=\"height: 24px\">\n<td style=\"width: 20%;height: 24px\"><span style=\"font-family: 'book antiqua', palatino, serif\">Ana Soto\u0161ek<\/span><\/td>\n<td style=\"width: 20%;height: 24px\"><span style=\"font-family: 'book antiqua', palatino, serif\">Poro\u010dna dekoracija<\/span><\/td>\n<td style=\"width: 20%;height: 24px\"><span style=\"font-family: 'book antiqua', palatino, serif\">Poro\u010dna dekoracija<\/span><\/td>\n<td style=\"width: 20%;height: 24px\"><span style=\"font-family: 'book antiqua', palatino, serif\">Poro\u010dna dekoracija<\/span><\/td>\n<td style=\"width: 20%;height: 24px\"><span style=\"font-family: 'book antiqua', palatino, serif\">Poro\u010dna dekoracija<\/span><\/td>\n<\/tr>\n<tr style=\"height: 24px\">\n<td style=\"width: 20%;height: 24px\"><span style=\"font-family: 'book antiqua', palatino, serif\">Romana \u0160pes<\/span><\/td>\n<td style=\"width: 20%;height: 24px\"><span style=\"font-family: 'book antiqua', palatino, serif\">Valentinovo tekmovanje<\/span><\/td>\n<td style=\"width: 20%;height: 24px\"><span style=\"font-family: 'book antiqua', palatino, serif\">Valentinovo tekmovanje<\/span><\/td>\n<td style=\"width: 20%;height: 24px\"><span style=\"font-family: 'book antiqua', palatino, serif\">Ureditev po\u010divali\u0161\u010da v parku<\/span><\/td>\n<td style=\"width: 20%;height: 24px\"><span style=\"font-family: 'book antiqua', palatino, serif\">Ureditev po\u010divali\u0161\u010da v parku<\/span><\/td>\n<\/tr>\n<tr style=\"height: 24px\">\n<td style=\"width: 20%;height: 24px\"><span style=\"font-family: 'book antiqua', palatino, serif\">Sergej Kos<\/span><\/td>\n<td style=\"width: 20%;height: 24px\"><span style=\"font-family: 'book antiqua', palatino, serif\">Zasaditev medovitega vrta<\/span><\/td>\n<td style=\"width: 20%;height: 24px\"><span style=\"font-family: 'book antiqua', palatino, serif\">Izdelava in zasaditev visoke grede<\/span><\/td>\n<td style=\"width: 20%;height: 24px\"><\/td>\n<td style=\"width: 20%;height: 24px\"><\/td>\n<\/tr>\n<tr style=\"height: 24px\">\n<td style=\"width: 20%;height: 24px\"><span style=\"font-family: 'book antiqua', palatino, serif\">Katja Funtek<\/span><\/td>\n<td style=\"width: 20%;height: 24px\"><span style=\"font-family: 'book antiqua', palatino, serif\">Razmno\u017eevanje okrasnih zelnatih rastlin<\/span><\/td>\n<td style=\"width: 20%;height: 24px\"><span style=\"font-family: 'book antiqua', palatino, serif\">Pridelava sadik vrtnin<\/span><\/td>\n<td style=\"width: 20%;height: 24px\"><span style=\"font-family: 'book antiqua', palatino, serif\">Ureditev okrasne grede v parku<\/span><\/td>\n<td style=\"width: 20%;height: 24px\"><span style=\"font-family: 'book antiqua', palatino, serif\">Zasaditev visoke grede<\/span><\/td>\n<\/tr>\n<\/tbody>\n<\/table>\n","protected":false},"excerpt":{"rendered":"<p>U\u010cITELJ TEMA 1 TEMA 2 TEMA 3 TEMA 4 Ana Soto\u0161ek Poro\u010dna dekoracija Poro\u010dna dekoracija Poro\u010dna dekoracija Poro\u010dna dekoracija Romana \u0160pes Valentinovo tekmovanje Valentinovo tekmovanje Ureditev po\u010divali\u0161\u010da v parku Ureditev po\u010divali\u0161\u010da v parku Sergej Kos Zasaditev medovitega vrta Izdelava in zasaditev visoke grede Katja Funtek Razmno\u017eevanje okrasnih zelnatih rastlin Pridelava sadik vrtnin Ureditev okrasne grede [&hellip;]<\/p>\n","protected":false},"author":6,"featured_media":0,"parent":0,"menu_order":0,"comment_status":"closed","ping_status":"closed","template":"","meta":{"footnotes":""},"class_list":["post-8179","page","type-page","status-publish","hentry"],"_links":{"self":[{"href":"https:\/\/www.hvu.si\/srednja\/index.php?rest_route=\/wp\/v2\/pages\/8179","targetHints":{"allow":["GET"]}}],"collection":[{"href":"https:\/\/www.hvu.si\/srednja\/index.php?rest_route=\/wp\/v2\/pages"}],"about":[{"href":"https:\/\/www.hvu.si\/srednja\/index.php?rest_route=\/wp\/v2\/types\/page"}],"author":[{"embeddable":true,"href":"https:\/\/www.hvu.si\/srednja\/index.php?rest_route=\/wp\/v2\/users\/6"}],"replies":[{"embeddable":true,"href":"https:\/\/www.hvu.si\/srednja\/index.php?rest_route=%2Fwp%2Fv2%2Fcomments&post=8179"}],"version-history":[{"count":1,"href":"https:\/\/www.hvu.si\/srednja\/index.php?rest_route=\/wp\/v2\/pages\/8179\/revisions"}],"predecessor-version":[{"id":8180,"href":"https:\/\/www.hvu.si\/srednja\/index.php?rest_route=\/wp\/v2\/pages\/8179\/revisions\/8180"}],"wp:attachment":[{"href":"https:\/\/www.hvu.si\/srednja\/index.php?rest_route=%2Fwp%2Fv2%2Fmedia&parent=8179"}],"curies":[{"name":"wp","href":"https:\/\/api.w.org\/{rel}","templated":true}]}}