{"id":72,"date":"2018-01-28T22:00:44","date_gmt":"2018-01-28T21:00:44","guid":{"rendered":"http:\/\/873.gvs.arnes.si\/srednja\/?page_id=72"},"modified":"2025-09-25T11:01:55","modified_gmt":"2025-09-25T09:01:55","slug":"dijaki-in-starsi","status":"publish","type":"page","link":"https:\/\/www.hvu.si\/srednja\/?page_id=72","title":{"rendered":"Dijaki in star\u0161i"},"content":{"rendered":"<div><span style=\"font-family: book antiqua, palatino, serif; font-size: 14pt;\"><a href=\"\/srednja\/?cat=4\">Obvestila<\/a><\/span><br \/>\n<span style=\"font-family: book antiqua, palatino, serif; font-size: 14pt;\"><a href=\"https:\/\/www.lopolispro.si\/urniki\/4370ca1befa888365123d7d55393ecd3f74465af\" target=\"_blank\" rel=\"noopener\">Urniki<\/a><\/span><br \/>\n<span style=\"font-family: book antiqua, palatino, serif; font-size: 14pt;\"><a href=\"\/srednja\/?cat=7\">\u0160olska prehrana<\/a><\/span><br \/>\n<a href=\"\/srednja\/wp-content\/uploads\/sites\/2\/2025\/09\/Vodnik_25-26c.pdf\"><span style=\"font-family: book antiqua, palatino, serif; font-size: 14pt;\">Vodnik za dijake in star\u0161e<\/span><\/a><br \/>\n<a href=\"\/srednja\/?page_id=318\"><span style=\"font-family: book antiqua, palatino, serif; font-size: 14pt;\">PUD \u2013 prakti\u010dno usposabljanje z delom<\/span><\/a><br \/>\n<a href=\"\/srednja\/?page_id=339\"><span style=\"font-family: book antiqua, palatino, serif; font-size: 14pt;\">PM \u2013 poklicna matura<\/span><\/a><br \/>\n<a href=\"\/srednja\/?page_id=489\"><span style=\"font-family: book antiqua, palatino, serif; font-size: 14pt;\">ZI \u2013 zaklju\u010dni izpit<\/span><\/a><br \/>\n<span style=\"font-family: book antiqua, palatino, serif; font-size: 14pt;\"><a href=\"\/srednja\/?cat=8\">\u0160olska knji\u017enica<\/a><\/span><br \/>\n<a href=\"\/srednja\/?cat=9\"><span style=\"font-family: book antiqua, palatino, serif; font-size: 14pt;\">\u0160ola za star\u0161e<\/span><\/a><\/div>\n<div style=\"text-align: left;\"><a href=\"https:\/\/www.hvu.si\/srednja\/?p=2637\"><span style=\"font-family: book antiqua, palatino, serif; font-size: 14pt;\">LoPolisPRO<\/span><\/a><\/div>\n","protected":false},"excerpt":{"rendered":"<p>Obvestila Urniki \u0160olska prehrana Vodnik za dijake in star\u0161e PUD \u2013 prakti\u010dno usposabljanje z delom PM \u2013 poklicna matura ZI \u2013 zaklju\u010dni izpit \u0160olska knji\u017enica \u0160ola za star\u0161e LoPolisPRO<\/p>\n","protected":false},"author":1,"featured_media":0,"parent":0,"menu_order":0,"comment_status":"closed","ping_status":"closed","template":"","meta":{"footnotes":""},"class_list":["post-72","page","type-page","status-publish","hentry"],"_links":{"self":[{"href":"https:\/\/www.hvu.si\/srednja\/index.php?rest_route=\/wp\/v2\/pages\/72","targetHints":{"allow":["GET"]}}],"collection":[{"href":"https:\/\/www.hvu.si\/srednja\/index.php?rest_route=\/wp\/v2\/pages"}],"about":[{"href":"https:\/\/www.hvu.si\/srednja\/index.php?rest_route=\/wp\/v2\/types\/page"}],"author":[{"embeddable":true,"href":"https:\/\/www.hvu.si\/srednja\/index.php?rest_route=\/wp\/v2\/users\/1"}],"replies":[{"embeddable":true,"href":"https:\/\/www.hvu.si\/srednja\/index.php?rest_route=%2Fwp%2Fv2%2Fcomments&post=72"}],"version-history":[{"count":47,"href":"https:\/\/www.hvu.si\/srednja\/index.php?rest_route=\/wp\/v2\/pages\/72\/revisions"}],"predecessor-version":[{"id":7872,"href":"https:\/\/www.hvu.si\/srednja\/index.php?rest_route=\/wp\/v2\/pages\/72\/revisions\/7872"}],"wp:attachment":[{"href":"https:\/\/www.hvu.si\/srednja\/index.php?rest_route=%2Fwp%2Fv2%2Fmedia&parent=72"}],"curies":[{"name":"wp","href":"https:\/\/api.w.org\/{rel}","templated":true}]}}