{"id":61,"date":"2018-01-28T21:53:47","date_gmt":"2018-01-28T20:53:47","guid":{"rendered":"http:\/\/873.gvs.arnes.si\/srednja\/?page_id=61"},"modified":"2020-01-25T10:30:43","modified_gmt":"2020-01-25T09:30:43","slug":"hortikulturni-tehnik-pti","status":"publish","type":"page","link":"https:\/\/www.hvu.si\/srednja\/?page_id=61","title":{"rendered":"Hortikulturni tehnik (PTI)"},"content":{"rendered":"<p><span style=\"font-family: book antiqua, palatino, serif; font-size: 14pt;\">Pridobljen poklic: HORTIKULTURNI TEHNIK<\/span><br \/>\n<span style=\"font-family: book antiqua, palatino, serif; font-size: 14pt;\">Izobra\u017eevanje traja dve leti in je ovrednoteno s 120 KT<\/span><\/p>\n<p><span style=\"font-family: book antiqua, palatino, serif; font-size: 14pt;\">VPISNI POGOJI:<\/span><\/p>\n<ul>\n<li style=\"text-align: justify;\"><span style=\"font-family: book antiqua, palatino, serif; font-size: 14pt;\">vpi\u0161e se lahko, kdor je pridobil enega izmed naslednjih nazivov srednje poklicne izobrazbe: vrtnar, cvetli\u010dar.<br \/>\n<\/span><\/li>\n<li style=\"text-align: justify;\"><span style=\"font-family: book antiqua, palatino, serif; font-size: 14pt;\">kon\u010dano enakovredno izobra\u017eevanje po prej\u0161njih predpisih.<\/span><\/li>\n<\/ul>\n<p><span style=\"font-family: book antiqua, palatino, serif; font-size: 14pt;\">KAJ SE DIJAK NAU\u010cI?<\/span><br \/>\n<span style=\"font-family: book antiqua, palatino, serif; font-size: 14pt;\">Poiskati smisel in pomen izobrazbe s podro\u010dja hortikulture.<\/span><br \/>\n<span style=\"font-family: book antiqua, palatino, serif; font-size: 14pt;\">Poleg tega pa \u0161e:<\/span><\/p>\n<ul>\n<li><span style=\"font-family: book antiqua, palatino, serif; font-size: 14pt;\">utrjevati in prakti\u010dno nadgraditi izbirne module iz triletnega izobra\u017eevanja,<\/span><\/li>\n<li><span style=\"font-family: book antiqua, palatino, serif; font-size: 14pt;\">na\u010drtovati, organizirati in voditi dela v vrtnarstvu in hortikulturi,<\/span><\/li>\n<li><span style=\"font-family: book antiqua, palatino, serif; font-size: 14pt;\">poiskati mo\u017enosti in prilo\u017enosti za zaposlitev v vrtnarstvu oz. hortikulturi,<\/span><\/li>\n<li><span style=\"font-family: book antiqua, palatino, serif; font-size: 14pt;\">uporabljati na\u010dela trajnostnega razvoja,<\/span><\/li>\n<li><span style=\"font-family: book antiqua, palatino, serif; font-size: 14pt;\">izbirati \u0161iroko paleto ponujenih strokovnih modulov,<\/span><\/li>\n<li><span style=\"font-family: book antiqua, palatino, serif; font-size: 14pt;\">promovirati in tr\u017eiti vrtnarske, cvetli\u010darske in hortikulturne proizvode in storitve,<\/span><\/li>\n<li><span style=\"font-family: book antiqua, palatino, serif; font-size: 14pt;\">spoznati logistiko in logisti\u010dne modele v hortikulturi,<\/span><\/li>\n<li><span style=\"font-family: book antiqua, palatino, serif; font-size: 14pt;\">spoznati tehnologije v vrtnarstvu in hortikulturi,<\/span><\/li>\n<li><span style=\"font-family: book antiqua, palatino, serif; font-size: 14pt;\">sooblikovati in urejati kulturno in urbano krajino ter ohranjati naravno krajino,<\/span><\/li>\n<li><span style=\"font-family: book antiqua, palatino, serif; font-size: 14pt;\">oblikovati bivalni in poslovni prostor s cvetjem,<\/span><\/li>\n<li><span style=\"font-family: book antiqua, palatino, serif; font-size: 14pt;\">oblikovati in urejati okolje z rastlinami.<\/span><\/li>\n<\/ul>\n<p><span style=\"font-family: book antiqua, palatino, serif; font-size: 14pt;\">KAK\u0160NE SPREMEMBE IN MO\u017dNOSTI NUDI PROGRAM HORTIKULTURNI TEHNIK?<\/span><\/p>\n<p><span style=\"font-family: book antiqua, palatino, serif; font-size: 14pt;\">Prakti\u010dno izobra\u017eevanje je v prenovljenih programih vklju\u010deno v tako imenovane module (biv\u0161e predmete).<\/span><\/p>\n<p><span style=\"font-family: book antiqua, palatino, serif; font-size: 14pt;\">Dijaki lahko izbirajo posamezne module glede na svoje interese in interese delovnega okolja, iz katerega prihajajo.<\/span><\/p>\n<p><span style=\"font-family: book antiqua, palatino, serif; font-size: 14pt;\">Prakti\u010dno usposabljanje z delom se lahko izvaja pri delodajalcih in omogo\u010da povezovanje dijakov z delovnim in poslovnim procesom ter doseganje ciljev in poklicnih kompetenc, ki jih \u0161ola ne more zagotoviti.<\/span><\/p>\n<p><span style=\"font-family: book antiqua, palatino, serif; font-size: 14pt;\">Prakti\u010dno usposabljanje z delom v delovnem procesu poteka na podlagi sklenjene:<\/span><\/p>\n<ul>\n<li><span style=\"font-family: book antiqua, palatino, serif; font-size: 14pt;\">individualne u\u010dne pogodbe med delodajalcem in dijakom ali<\/span><\/li>\n<li><span style=\"font-family: book antiqua, palatino, serif; font-size: 14pt;\">kolektivne u\u010dne pogodbe med delodajalcem in \u0161olo.<\/span><\/li>\n<\/ul>\n<p><span style=\"font-family: book antiqua, palatino, serif; font-size: 14pt;\">Odprti kurikulum omogo\u010da povezovanje interesov delovnega okolja v regiji s \u0161olo. V odprtem kurikulumu \u0161ola lahko ponudi najrazli\u010dnej\u0161e strokovne module, ki bogatijo poklic hortikulturnega tehnika in so v interesu dolo\u010dene regije ali lokalnega okolja.<\/span><\/p>\n<p><span style=\"font-family: book antiqua, palatino, serif; font-size: 14pt;\">KON\u010cANJE PROGRAMA: poklicna matura.<\/span><\/p>\n<p><span style=\"font-family: book antiqua, palatino, serif; font-size: 14pt;\">MO\u017dNOSTI ZA NAPREJ:<\/span><\/p>\n<ul>\n<li><span style=\"font-family: book antiqua, palatino, serif; font-size: 14pt;\">takoj\u0161nja zaposlitev ali<\/span><\/li>\n<li><span style=\"font-family: book antiqua, palatino, serif; font-size: 14pt;\">nadaljevanje izobra\u017eevanja na vi\u0161jih in visokih strokovnih \u0161olah ter s pridobitvijo petega predmeta tudi na nekaterih univerzitetnih \u0161tudijskih programih prve stopnje.<\/span><\/li>\n<\/ul>\n<p><span style=\"font-family: book antiqua, palatino, serif; font-size: 14pt;\">Predmetnik programa Hortikulturni tehnik PTI<\/span><\/p>\n<table style=\"width: 90%;\" border=\"1\" width=\"90%\" cellspacing=\"0\" cellpadding=\"3\">\n<tbody>\n<tr style=\"height: 24px;\">\n<td style=\"height: 24px;\" width=\"319\"><span style=\"font-family: book antiqua, palatino, serif; font-size: 14pt;\"><strong>Programska enota<\/strong><\/span><\/td>\n<td style=\"text-align: center; height: 24px;\" width=\"142\"><span style=\"font-family: book antiqua, palatino, serif; font-size: 14pt;\">Skupno \u0161tevilo ur<\/span><\/td>\n<\/tr>\n<tr style=\"height: 24px;\">\n<td style=\"text-align: left; height: 24px;\" colspan=\"2\" width=\"461\"><span style=\"font-family: book antiqua, palatino, serif; font-size: 14pt;\"><strong>Splo\u0161noizobra\u017eevalni predmeti<\/strong><\/span><\/td>\n<\/tr>\n<tr style=\"height: 24px;\">\n<td style=\"padding-left: 30px; height: 24px;\" width=\"319\"><span style=\"font-family: book antiqua, palatino, serif; font-size: 14pt;\">Sloven\u0161\u010dina<\/span><\/td>\n<td style=\"text-align: center; height: 24px;\" width=\"142\"><span style=\"font-family: book antiqua, palatino, serif; font-size: 14pt;\">276<\/span><\/td>\n<\/tr>\n<tr style=\"height: 24px;\">\n<td style=\"padding-left: 30px; height: 24px;\" width=\"319\"><span style=\"font-family: book antiqua, palatino, serif; font-size: 14pt;\">Matematika<\/span><\/td>\n<td style=\"text-align: center; height: 24px;\" width=\"142\"><span style=\"font-family: book antiqua, palatino, serif; font-size: 14pt;\">207<\/span><\/td>\n<\/tr>\n<tr style=\"height: 24px;\">\n<td style=\"padding-left: 30px; height: 24px;\" width=\"319\"><span style=\"font-family: book antiqua, palatino, serif; font-size: 14pt;\">Tuji jezik<\/span><\/td>\n<td style=\"text-align: center; height: 24px;\" width=\"142\"><span style=\"font-family: book antiqua, palatino, serif; font-size: 14pt;\">276<\/span><\/td>\n<\/tr>\n<tr style=\"height: 24px;\">\n<td style=\"padding-left: 30px; height: 24px;\" width=\"319\"><span style=\"font-family: book antiqua, palatino, serif; font-size: 14pt;\">Umetnost<\/span><\/td>\n<td style=\"text-align: center; height: 24px;\" width=\"142\"><span style=\"font-family: book antiqua, palatino, serif; font-size: 14pt;\">30<\/span><\/td>\n<\/tr>\n<tr style=\"height: 24px;\">\n<td style=\"padding-left: 30px; height: 24px;\" width=\"319\"><span style=\"font-family: book antiqua, palatino, serif; font-size: 14pt;\">Zgodovina<\/span><\/td>\n<td style=\"text-align: center; height: 24px;\" width=\"142\"><span style=\"font-family: book antiqua, palatino, serif; font-size: 14pt;\">40<\/span><\/td>\n<\/tr>\n<tr style=\"height: 24px;\">\n<td style=\"padding-left: 30px; height: 24px;\" width=\"319\"><span style=\"font-family: book antiqua, palatino, serif; font-size: 14pt;\">Geografija<\/span><\/td>\n<td style=\"text-align: center; height: 24px;\" width=\"142\"><span style=\"font-family: book antiqua, palatino, serif; font-size: 14pt;\">40<\/span><\/td>\n<\/tr>\n<tr style=\"height: 24px;\">\n<td style=\"padding-left: 30px; height: 24px;\" width=\"319\"><span style=\"font-family: book antiqua, palatino, serif; font-size: 14pt;\">Sociologija<\/span><\/td>\n<td style=\"text-align: center; height: 24px;\" width=\"142\"><span style=\"font-family: book antiqua, palatino, serif; font-size: 14pt;\">40<\/span><\/td>\n<\/tr>\n<tr style=\"height: 24px;\">\n<td style=\"padding-left: 30px; height: 24px;\" width=\"319\"><span style=\"font-family: book antiqua, palatino, serif; font-size: 14pt;\">Fizika<\/span><\/td>\n<td style=\"text-align: center; height: 24px;\" width=\"142\"><span style=\"font-family: book antiqua, palatino, serif; font-size: 14pt;\">40<\/span><\/td>\n<\/tr>\n<tr style=\"height: 24px;\">\n<td style=\"padding-left: 30px; height: 24px;\" width=\"319\"><span style=\"font-family: book antiqua, palatino, serif; font-size: 14pt;\">Biologija*<\/span><\/td>\n<td style=\"text-align: center; height: 24px;\" width=\"142\"><span style=\"font-family: book antiqua, palatino, serif; font-size: 14pt;\">40<\/span><\/td>\n<\/tr>\n<tr style=\"height: 24px;\">\n<td style=\"padding-left: 30px; height: 24px;\" width=\"319\"><span style=\"font-family: book antiqua, palatino, serif; font-size: 14pt;\">Kemija *<\/span><\/td>\n<td style=\"text-align: center; height: 24px;\" width=\"142\"><span style=\"font-family: book antiqua, palatino, serif; font-size: 14pt;\">40<\/span><\/td>\n<\/tr>\n<tr style=\"height: 24px;\">\n<td style=\"padding-left: 30px; height: 24px;\" width=\"319\"><span style=\"font-family: book antiqua, palatino, serif; font-size: 14pt;\">\u0160portna vzgoja<\/span><\/td>\n<td style=\"text-align: center; height: 24px;\" width=\"142\"><span style=\"font-family: book antiqua, palatino, serif; font-size: 14pt;\">150<\/span><\/td>\n<\/tr>\n<tr style=\"height: 24px;\">\n<td style=\"padding-left: 30px; height: 24px;\" width=\"319\"><span style=\"font-family: book antiqua, palatino, serif; font-size: 14pt;\">Informatika<\/span><\/td>\n<td style=\"text-align: center; height: 24px;\" width=\"142\"><span style=\"font-family: book antiqua, palatino, serif; font-size: 14pt;\">60<\/span><\/td>\n<\/tr>\n<tr style=\"height: 24px;\">\n<td style=\"text-align: center; height: 24px;\" colspan=\"2\" width=\"461\"><span style=\"font-family: book antiqua, palatino, serif; font-size: 14pt;\"><strong>\u00a0<\/strong><\/span><\/td>\n<\/tr>\n<tr style=\"height: 24px;\">\n<td style=\"text-align: left; height: 24px;\" colspan=\"2\" width=\"461\"><span style=\"font-family: book antiqua, palatino, serif; font-size: 14pt;\"><strong>Strokovni moduli<\/strong><\/span><\/td>\n<\/tr>\n<tr style=\"height: 24px;\">\n<td style=\"padding-left: 30px; height: 24px;\" width=\"319\"><span style=\"font-family: book antiqua, palatino, serif; font-size: 14pt;\">Podjetni\u0161tvo in tr\u017eenje<\/span><\/td>\n<td style=\"text-align: center; height: 24px;\" width=\"142\"><span style=\"font-family: book antiqua, palatino, serif; font-size: 14pt;\">102<\/span><\/td>\n<\/tr>\n<tr style=\"height: 24px;\">\n<td style=\"padding-left: 30px; height: 24px;\" width=\"319\"><span style=\"font-family: book antiqua, palatino, serif; font-size: 14pt;\">Trajnostni razvoj<\/span><\/td>\n<td style=\"text-align: center; height: 24px;\" width=\"142\"><span style=\"font-family: book antiqua, palatino, serif; font-size: 14pt;\">102<\/span><\/td>\n<\/tr>\n<tr style=\"height: 24px;\">\n<td style=\"padding-left: 30px; height: 24px;\" width=\"319\"><span style=\"font-family: book antiqua, palatino, serif; font-size: 14pt;\">Specialno varstvo rastlin<\/span><\/td>\n<td style=\"text-align: center; height: 24px;\" width=\"142\"><span style=\"font-family: book antiqua, palatino, serif; font-size: 14pt;\">102<\/span><\/td>\n<\/tr>\n<tr style=\"height: 24px;\">\n<td style=\"padding-left: 30px; height: 24px;\" width=\"319\"><span style=\"font-family: book antiqua, palatino, serif; font-size: 14pt;\">Osnove vrtnarske tehnologije<\/span><\/td>\n<td style=\"text-align: center; height: 24px;\" width=\"142\"><span style=\"font-family: book antiqua, palatino, serif; font-size: 14pt;\">163<\/span><\/td>\n<\/tr>\n<tr style=\"height: 24px;\">\n<td style=\"padding-left: 30px; height: 24px;\" width=\"319\"><span style=\"font-family: book antiqua, palatino, serif; font-size: 14pt;\">Tehnologija v\u00a0 hortikulturi<\/span><\/td>\n<td style=\"text-align: center; height: 24px;\" width=\"142\"><span style=\"font-family: book antiqua, palatino, serif; font-size: 14pt;\">306<\/span><\/td>\n<\/tr>\n<tr style=\"height: 24px;\">\n<td style=\"text-align: center; height: 24px;\" colspan=\"2\" width=\"461\"><\/td>\n<\/tr>\n<tr style=\"height: 24px;\">\n<td style=\"text-align: left; height: 24px;\" colspan=\"2\" width=\"461\"><span style=\"font-family: book antiqua, palatino, serif; font-size: 14pt;\"><strong>Odprti kurikul<\/strong><\/span><\/td>\n<\/tr>\n<tr style=\"height: 24px;\">\n<td style=\"padding-left: 30px; height: 24px;\" width=\"319\"><span style=\"font-family: book antiqua, palatino, serif; font-size: 14pt;\">Osebne finance<\/span><\/td>\n<td style=\"text-align: center; height: 24px;\" width=\"142\"><span style=\"font-family: book antiqua, palatino, serif; font-size: 14pt;\">32<\/span><\/td>\n<\/tr>\n<tr style=\"height: 24px;\">\n<td style=\"padding-left: 30px; height: 24px;\" width=\"319\"><span style=\"font-family: book antiqua, palatino, serif; font-size: 14pt;\">Bioti\u010dno varstvo rastlin<\/span><\/td>\n<td style=\"text-align: center; height: 24px;\" width=\"142\"><span style=\"font-family: book antiqua, palatino, serif; font-size: 14pt;\">52<\/span><\/td>\n<\/tr>\n<tr style=\"height: 24px;\">\n<td style=\"padding-left: 30px; height: 24px;\" width=\"319\"><span style=\"font-family: book antiqua, palatino, serif; font-size: 14pt;\">Zeli\u0161\u010da in di\u0161avnice<\/span><\/td>\n<td style=\"text-align: center; height: 24px;\" width=\"142\"><span style=\"font-family: book antiqua, palatino, serif; font-size: 14pt;\">53<\/span><\/td>\n<\/tr>\n<tr style=\"height: 24px;\">\n<td style=\"padding-left: 30px; height: 24px;\" width=\"319\"><span style=\"font-family: book antiqua, palatino, serif; font-size: 14pt;\">Trendi v floristiki in aran\u017eerstvu<\/span><\/td>\n<td style=\"text-align: center; height: 24px;\" width=\"142\"><span style=\"font-family: book antiqua, palatino, serif; font-size: 14pt;\">70<\/span><\/td>\n<\/tr>\n<tr style=\"height: 24px;\">\n<td style=\"padding-left: 30px; height: 24px;\" width=\"319\"><span style=\"font-family: book antiqua, palatino, serif; font-size: 14pt;\">Na\u010drtovanje in oblikovanje vrtov<\/span><\/td>\n<td style=\"text-align: center; height: 24px;\" width=\"142\"><span style=\"font-family: book antiqua, palatino, serif; font-size: 14pt;\">50<\/span><\/td>\n<\/tr>\n<tr style=\"height: 24px;\">\n<td style=\"text-align: center; height: 24px;\" colspan=\"2\" width=\"461\"><\/td>\n<\/tr>\n<tr style=\"height: 24px;\">\n<td style=\"height: 24px;\" width=\"319\"><span style=\"font-family: book antiqua, palatino, serif; font-size: 14pt;\"><strong>Prakti\u010dno usposabljanje z delom<\/strong><\/span><\/td>\n<td style=\"text-align: center; height: 24px;\" width=\"142\"><span style=\"font-family: book antiqua, palatino, serif; font-size: 14pt;\">76<\/span><\/td>\n<\/tr>\n<tr style=\"height: 24px;\">\n<td style=\"text-align: center; height: 24px;\" colspan=\"2\" width=\"461\"><\/td>\n<\/tr>\n<tr style=\"height: 24px;\">\n<td style=\"height: 24px;\" width=\"319\"><span style=\"font-family: book antiqua, palatino, serif; font-size: 14pt;\"><strong>Interesne dejavnosti<\/strong><\/span><\/td>\n<td style=\"text-align: center; height: 24px;\" width=\"142\"><span style=\"font-family: book antiqua, palatino, serif; font-size: 14pt;\">96<\/span><\/td>\n<\/tr>\n<\/tbody>\n<\/table>\n","protected":false},"excerpt":{"rendered":"<p>Pridobljen poklic: HORTIKULTURNI TEHNIK Izobra\u017eevanje traja dve leti in je ovrednoteno s 120 KT VPISNI POGOJI: vpi\u0161e se lahko, kdor je pridobil enega izmed naslednjih nazivov srednje poklicne izobrazbe: vrtnar, cvetli\u010dar. kon\u010dano enakovredno izobra\u017eevanje po prej\u0161njih predpisih. KAJ SE DIJAK NAU\u010cI? Poiskati smisel in pomen izobrazbe s podro\u010dja hortikulture. Poleg tega pa \u0161e: utrjevati in [&hellip;]<\/p>\n","protected":false},"author":1,"featured_media":0,"parent":0,"menu_order":0,"comment_status":"closed","ping_status":"closed","template":"","meta":{"footnotes":""},"class_list":["post-61","page","type-page","status-publish","hentry"],"_links":{"self":[{"href":"https:\/\/www.hvu.si\/srednja\/index.php?rest_route=\/wp\/v2\/pages\/61","targetHints":{"allow":["GET"]}}],"collection":[{"href":"https:\/\/www.hvu.si\/srednja\/index.php?rest_route=\/wp\/v2\/pages"}],"about":[{"href":"https:\/\/www.hvu.si\/srednja\/index.php?rest_route=\/wp\/v2\/types\/page"}],"author":[{"embeddable":true,"href":"https:\/\/www.hvu.si\/srednja\/index.php?rest_route=\/wp\/v2\/users\/1"}],"replies":[{"embeddable":true,"href":"https:\/\/www.hvu.si\/srednja\/index.php?rest_route=%2Fwp%2Fv2%2Fcomments&post=61"}],"version-history":[{"count":8,"href":"https:\/\/www.hvu.si\/srednja\/index.php?rest_route=\/wp\/v2\/pages\/61\/revisions"}],"predecessor-version":[{"id":1544,"href":"https:\/\/www.hvu.si\/srednja\/index.php?rest_route=\/wp\/v2\/pages\/61\/revisions\/1544"}],"wp:attachment":[{"href":"https:\/\/www.hvu.si\/srednja\/index.php?rest_route=%2Fwp%2Fv2%2Fmedia&parent=61"}],"curies":[{"name":"wp","href":"https:\/\/api.w.org\/{rel}","templated":true}]}}