{"id":451,"date":"2018-06-23T14:01:14","date_gmt":"2018-06-23T12:01:14","guid":{"rendered":"http:\/\/873.gvs.arnes.si\/srednja\/?page_id=451"},"modified":"2025-09-22T10:47:23","modified_gmt":"2025-09-22T08:47:23","slug":"vpis-v-1-letnik-srednje-sole-sole-za-hortikulturo-in-vizualne-umetnosti-celje","status":"publish","type":"page","link":"https:\/\/www.hvu.si\/srednja\/?page_id=451","title":{"rendered":"Vpis v 1. letnik srednje \u0161ole \u2013 \u0160ole za hortikulturo in vizualne umetnosti Celje"},"content":{"rendered":"<p><span style=\"font-family: verdana, geneva, sans-serif\"><strong>KDO SE LAHKO VPI\u0160E?<\/strong><\/span><\/p>\n<ul>\n<li><span style=\"font-family: verdana, geneva, sans-serif\">Kdor je uspe\u0161no zaklju\u010dil osnovno \u0161olo ali<\/span><\/li>\n<li><span style=\"font-family: verdana, geneva, sans-serif\">Kdor je uspe\u0161no zaklju\u010dil program ni\u017ejega poklicnega izobra\u017eevanja<\/span><\/li>\n<li><span style=\"font-family: verdana, geneva, sans-serif\">Za vpis v program Fotografski tehnik je potreben uspe\u0161no opravljen preizkus likovne nadarjenosti.<\/span><\/li>\n<\/ul>\n<p><span style=\"font-family: verdana, geneva, sans-serif\"><strong>\u0160TEVILO RAZPISANIH MEST<\/strong><\/span><\/p>\n<table style=\"width: 890px\" border=\"3\" cellspacing=\"0\" cellpadding=\"1\">\n<tbody>\n<tr>\n<td width=\"250\"><span style=\"font-family: verdana, geneva, sans-serif\"><strong>Vrsta izobra\u017eevanja<\/strong><\/span><\/td>\n<td width=\"156\"><span style=\"font-family: verdana, geneva, sans-serif\"><strong>Trajanje izobra\u017eevanja<\/strong><\/span><\/td>\n<td width=\"137\"><span style=\"font-family: verdana, geneva, sans-serif\"><strong>Program<\/strong><\/span><\/td>\n<td width=\"95\"><span style=\"font-family: verdana, geneva, sans-serif\"><strong>\u0160tevilo mest<\/strong><\/span><\/td>\n<\/tr>\n<tr>\n<td rowspan=\"2\" width=\"250\"><span style=\"font-family: verdana, geneva, sans-serif\">Srednje poklicno izobra\u017eevanje (SPI)<\/span><\/td>\n<td rowspan=\"2\" width=\"156\"><span style=\"font-family: verdana, geneva, sans-serif\">3 leta<\/span><\/td>\n<td width=\"137\"><span style=\"font-family: verdana, geneva, sans-serif\">Vrtnar<\/span><\/td>\n<td width=\"95\"><span style=\"font-family: verdana, geneva, sans-serif\">26<\/span><\/td>\n<\/tr>\n<tr>\n<td width=\"137\"><span style=\"font-family: verdana, geneva, sans-serif\">Cvetli\u010dar<\/span><\/td>\n<td width=\"95\"><span style=\"font-family: verdana, geneva, sans-serif\">26<\/span><\/td>\n<\/tr>\n<tr>\n<td rowspan=\"3\" width=\"250\"><span style=\"font-family: verdana, geneva, sans-serif\">Srednje strokovno in tehni\u010dno izobra\u017eevanje (SSI)<\/span><\/td>\n<td rowspan=\"3\" width=\"156\"><span style=\"font-family: verdana, geneva, sans-serif\">4 leta<\/span><\/td>\n<td width=\"137\"><span style=\"font-family: verdana, geneva, sans-serif\">Hortikulturni tehnik<\/span><\/td>\n<td width=\"95\"><span style=\"font-family: verdana, geneva, sans-serif\">28<\/span><\/td>\n<\/tr>\n<tr>\n<td width=\"137\"><span style=\"font-family: verdana, geneva, sans-serif\">Aran\u017eerski tehnik<\/span><\/td>\n<td width=\"95\"><span style=\"font-family: verdana, geneva, sans-serif\">28<\/span><\/td>\n<\/tr>\n<tr>\n<td width=\"137\"><span style=\"font-family: verdana, geneva, sans-serif\">Fotografski tehnik<\/span><\/td>\n<td width=\"95\"><span style=\"font-family: verdana, geneva, sans-serif\">28<\/span><\/td>\n<\/tr>\n<\/tbody>\n<\/table>\n<p><span style=\"font-family: verdana, geneva, sans-serif\"><strong>PRIJAVA<\/strong><\/span><\/p>\n<ul>\n<li><span style=\"font-family: verdana, geneva, sans-serif\">S prijavnico (Prijava za vpis v za\u010detni letnik srednje \u0161ole) za vpis v 1. letnik srednjega izobra\u017eevanja, ki je na voljo na spletnih straneh Ministrstva za vzgojo in izobra\u017eevanje (MVI).<\/span><\/li>\n<li><span style=\"font-family: verdana, geneva, sans-serif\">Vsak kandidat odda samo <strong>eno izpolnjeno prijavnico<\/strong>, razen u\u010dencev in dijakov, ki se \u017eelijo poleg izbrane \u0161ole oz. programa vzporedno vpisati tudi v program Umetni\u0161ka gimnazija, Glasbena in Plesna smer. Slednji posredujejo prijavnico tudi \u0161oli, v katero se \u017eelijo vzporedno vpisati v program Umetni\u0161ka gimnazija, Glasbena in Plesna smer, ter fotokopijo prijavnice za vpis v izbrano \u0161olo.<\/span><\/li>\n<li><span style=\"font-family: verdana, geneva, sans-serif\"><strong>U\u010denci osnovnih \u0161ol<\/strong> prijavnico skupaj s potrebnimi dokazili praviloma oddajo <strong>na osnovni \u0161oli<\/strong>, <strong>ostali kandidati<\/strong> pa bodisi na osnovni \u0161oli, kjer so kon\u010dali osnovno\u0161olsko izobra\u017eevanje, bodisi pa jo posredujejo <strong>neposredno izbrani srednji \u0161oli<\/strong>. U\u010denci, ki osnovno \u0161olo zaklju\u010dujejo v tujini, prijavo po\u0161ljejo neposredno srednji \u0161oli, na kateri se \u017eelijo izobra\u017eevati.<\/span><\/li>\n<li><span style=\"font-family: verdana, geneva, sans-serif\">Izpolnjeno prijavnico oddate <strong>do datuma objavljenega na spletni strani MVI.<\/strong><\/span><\/li>\n<\/ul>\n<p><span style=\"font-family: verdana, geneva, sans-serif\"><strong>STANJE PRIJAV<\/strong><\/span><\/p>\n<ul>\n<li><span style=\"font-family: verdana, geneva, sans-serif\">Do datuma objavljenega na spletni strani MVI bo na njihovi spletni strani objavljeno stanje prijav in \u0161e prosta mesta.<\/span><\/li>\n<\/ul>\n<p><span style=\"font-family: verdana, geneva, sans-serif\"><strong>PRENOSNI ROK<\/strong><\/span><\/p>\n<ul>\n<li><span style=\"font-family: verdana, geneva, sans-serif\"><u>\u010ce ne bo dovolj prijavljenih kandidatov<\/u>, bo srednja \u0161ola pred koncem roka za prenos prijav obvestila kandidate, da izobra\u017eevanja po tem programu ne bo organizirala.<\/span><\/li>\n<li><span style=\"font-family: verdana, geneva, sans-serif\">Do datuma objavljenega na spletni strani MVI je mo\u017een prenos prijav na drugo srednjo \u0161olo zaradi spremembe namere ali drugih razlogov ne glede na \u0161tevilo \u017ee prejetih prijav.<\/span><\/li>\n<\/ul>\n<p><span style=\"font-family: verdana, geneva, sans-serif\"><strong>OMEJITEV VPISA<\/strong><\/span><\/p>\n<ul>\n<li><span style=\"font-family: verdana, geneva, sans-serif\">Ministrstvo bo na svojih spletnih straneh objavilo, katere \u0161ole bodo (v katerih programih) omejile vpis za prihodnje \u0161olsko leto.<\/span><\/li>\n<li><span style=\"font-family: verdana, geneva, sans-serif\">V primeru <strong>omejitve<\/strong> vpisa, boste obve\u0161\u010deni s strani \u0161ole.<\/span><\/li>\n<li><span style=\"font-family: verdana, geneva, sans-serif\">Merila za izbiro v primeru omejitve vpisa so objavljena v <u>Razpisu za vpis v srednje \u0161ole<\/u>.<\/span><\/li>\n<\/ul>\n<p><span style=\"font-family: verdana, geneva, sans-serif\"><strong>VPIS<\/strong><\/span><\/p>\n<ul>\n<li><span style=\"font-family: verdana, geneva, sans-serif\"><strong>O datumu vpisa in dokazilih<\/strong>, ki jih je potrebno predlo\u017eiti ob vpisu, boste obve\u0161\u010deni <strong>pisno na dom<\/strong>.<\/span><\/li>\n<li><span style=\"font-family: verdana, geneva, sans-serif\"><strong>\u010ce omejitve ne bo<\/strong>, boste po predlo\u017eitvi izvirnikov spri\u010deval na vpogled in kopijah izvirnikov tudi vpisani.<\/span><\/li>\n<li><span style=\"font-family: verdana, geneva, sans-serif\"><strong>V primeru omejitve<\/strong> boste prina\u0161ali dokumente po posebnem razporedu.<\/span><\/li>\n<\/ul>\n<p><span style=\"font-family: verdana, geneva, sans-serif\">Vse podrobnej\u0161e informacije dobite pri svetovalni delavki ali v <u>Razpisu za vpis v srednje \u0161ole<\/u>.<\/span><\/p>\n","protected":false},"excerpt":{"rendered":"<p>KDO SE LAHKO VPI\u0160E? Kdor je uspe\u0161no zaklju\u010dil osnovno \u0161olo ali Kdor je uspe\u0161no zaklju\u010dil program ni\u017ejega poklicnega izobra\u017eevanja Za vpis v program Fotografski tehnik je potreben uspe\u0161no opravljen preizkus likovne nadarjenosti. \u0160TEVILO RAZPISANIH MEST Vrsta izobra\u017eevanja Trajanje izobra\u017eevanja Program \u0160tevilo mest Srednje poklicno izobra\u017eevanje (SPI) 3 leta Vrtnar 26 Cvetli\u010dar 26 Srednje strokovno in [&hellip;]<\/p>\n","protected":false},"author":1,"featured_media":0,"parent":0,"menu_order":0,"comment_status":"closed","ping_status":"closed","template":"","meta":{"footnotes":""},"class_list":["post-451","page","type-page","status-publish","hentry"],"_links":{"self":[{"href":"https:\/\/www.hvu.si\/srednja\/index.php?rest_route=\/wp\/v2\/pages\/451","targetHints":{"allow":["GET"]}}],"collection":[{"href":"https:\/\/www.hvu.si\/srednja\/index.php?rest_route=\/wp\/v2\/pages"}],"about":[{"href":"https:\/\/www.hvu.si\/srednja\/index.php?rest_route=\/wp\/v2\/types\/page"}],"author":[{"embeddable":true,"href":"https:\/\/www.hvu.si\/srednja\/index.php?rest_route=\/wp\/v2\/users\/1"}],"replies":[{"embeddable":true,"href":"https:\/\/www.hvu.si\/srednja\/index.php?rest_route=%2Fwp%2Fv2%2Fcomments&post=451"}],"version-history":[{"count":16,"href":"https:\/\/www.hvu.si\/srednja\/index.php?rest_route=\/wp\/v2\/pages\/451\/revisions"}],"predecessor-version":[{"id":7858,"href":"https:\/\/www.hvu.si\/srednja\/index.php?rest_route=\/wp\/v2\/pages\/451\/revisions\/7858"}],"wp:attachment":[{"href":"https:\/\/www.hvu.si\/srednja\/index.php?rest_route=%2Fwp%2Fv2%2Fmedia&parent=451"}],"curies":[{"name":"wp","href":"https:\/\/api.w.org\/{rel}","templated":true}]}}