{"id":445,"date":"2018-06-23T13:33:51","date_gmt":"2018-06-23T11:33:51","guid":{"rendered":"http:\/\/873.gvs.arnes.si\/srednja\/?page_id=445"},"modified":"2019-01-04T16:46:29","modified_gmt":"2019-01-04T15:46:29","slug":"vpis-v-visje-strokovno-izobrazevanje","status":"publish","type":"page","link":"https:\/\/www.hvu.si\/srednja\/?page_id=445","title":{"rendered":"Vpis v vi\u0161je strokovno izobra\u017eevanje"},"content":{"rendered":"<p style=\"text-align: justify;\"><span style=\"font-family: book antiqua, palatino, serif; font-size: 14pt;\">Vse podrobnej\u0161e informacije dobite pri svetovalni delavki ali v <a href=\"http:\/\/www.mizs.gov.si\/si\/delovna_podrocja\/direktorat_za_srednje_in_visje_solstvo_ter_izobrazevanje_odraslih\/visjesolsko_izobrazevanje\/vpis\/#c17965\">Razpisu za vpis v vi\u0161je strokovno izobra\u017eevanje<\/a>.<\/span><\/p>\n<p style=\"text-align: justify;\"><span style=\"font-family: book antiqua, palatino, serif; font-size: 14pt;\">V vi\u0161je\u0161olski \u0161tudijski program se lahko vpi\u0161ete:<\/span><\/p>\n<ul style=\"text-align: justify;\">\n<li><span style=\"font-family: book antiqua, palatino, serif; font-size: 14pt;\">s splo\u0161no maturo, poklicno maturo (ali zaklju\u010dnim izpitom oz. diplomo pred letom 2002),<\/span><\/li>\n<li><span style=\"font-family: book antiqua, palatino, serif; font-size: 14pt;\">z mojstrskim ali delovodskim oziroma poslovodskim izpitom, \u010de imate tri leta delovnih izku\u0161enj ter opravite preizkus znanja iz sloven\u0161\u010dine (oz. italijan\u0161\u010dine ali mad\u017ear\u0161\u010dine na narodnostno me\u0161anih obmo\u010djih) in matematike ali tujega jezika v obsegu, dolo\u010denem za poklicno maturo.<\/span><\/li>\n<\/ul>\n<p style=\"text-align: justify;\"><span style=\"font-family: book antiqua, palatino, serif; font-size: 14pt;\">Prijavo oddate v roku navedenem v Razpisu za vpis v vi\u0161je strokovno izobra\u017eevanje. Prijavite se z elektronskim prijavnim obrazcem na spletni strani Vi\u0161je\u0161olske prijavne slu\u017ebe <a href=\"http:\/\/www.vss-ce.com\/vps\">http:\/\/www.vss-ce.com\/vps<\/a>. Obrazec <strong>natisnete<\/strong> in <strong>podpi\u0161ete<\/strong> ter po\u0161ljete s <strong>priporo\u010deno po\u0161iljko<\/strong> Vi\u0161je\u0161olski prijavni slu\u017ebi, na\u00a0 naslov: <strong>Vi\u0161je\u0161olska prijavna slu\u017eba, \u0160olski center Celje, Pot na Lavo 22, 3000\u00a0 Celje<\/strong>.<\/span><\/p>\n<p style=\"text-align: justify;\"><span style=\"font-family: book antiqua, palatino, serif; font-size: 14pt;\">Kandidati lahko v prijavi po prednostnem vrstnem redu izberejo najve\u010d tri \u0161tudijske programe, v katere se \u017eelijo vpisati.<\/span><\/p>\n<p style=\"text-align: justify;\"><span style=\"font-family: book antiqua, palatino, serif; font-size: 14pt;\">Kandidati so o rezultatu izbirnega postopka obve\u0161\u010deni po po\u0161ti.<\/span><\/p>\n","protected":false},"excerpt":{"rendered":"<p>Vse podrobnej\u0161e informacije dobite pri svetovalni delavki ali v Razpisu za vpis v vi\u0161je strokovno izobra\u017eevanje. V vi\u0161je\u0161olski \u0161tudijski program se lahko vpi\u0161ete: s splo\u0161no maturo, poklicno maturo (ali zaklju\u010dnim izpitom oz. diplomo pred letom 2002), z mojstrskim ali delovodskim oziroma poslovodskim izpitom, \u010de imate tri leta delovnih izku\u0161enj ter opravite preizkus znanja iz sloven\u0161\u010dine [&hellip;]<\/p>\n","protected":false},"author":1,"featured_media":0,"parent":0,"menu_order":0,"comment_status":"closed","ping_status":"closed","template":"","meta":{"footnotes":""},"class_list":["post-445","page","type-page","status-publish","hentry"],"_links":{"self":[{"href":"https:\/\/www.hvu.si\/srednja\/index.php?rest_route=\/wp\/v2\/pages\/445","targetHints":{"allow":["GET"]}}],"collection":[{"href":"https:\/\/www.hvu.si\/srednja\/index.php?rest_route=\/wp\/v2\/pages"}],"about":[{"href":"https:\/\/www.hvu.si\/srednja\/index.php?rest_route=\/wp\/v2\/types\/page"}],"author":[{"embeddable":true,"href":"https:\/\/www.hvu.si\/srednja\/index.php?rest_route=\/wp\/v2\/users\/1"}],"replies":[{"embeddable":true,"href":"https:\/\/www.hvu.si\/srednja\/index.php?rest_route=%2Fwp%2Fv2%2Fcomments&post=445"}],"version-history":[{"count":5,"href":"https:\/\/www.hvu.si\/srednja\/index.php?rest_route=\/wp\/v2\/pages\/445\/revisions"}],"predecessor-version":[{"id":869,"href":"https:\/\/www.hvu.si\/srednja\/index.php?rest_route=\/wp\/v2\/pages\/445\/revisions\/869"}],"wp:attachment":[{"href":"https:\/\/www.hvu.si\/srednja\/index.php?rest_route=%2Fwp%2Fv2%2Fmedia&parent=445"}],"curies":[{"name":"wp","href":"https:\/\/api.w.org\/{rel}","templated":true}]}}