{"id":443,"date":"2018-06-23T13:32:03","date_gmt":"2018-06-23T11:32:03","guid":{"rendered":"http:\/\/873.gvs.arnes.si\/srednja\/?page_id=443"},"modified":"2025-09-22T10:44:35","modified_gmt":"2025-09-22T08:44:35","slug":"nadaljevanje-solanja-v-programu-poklicno-tehniskega-izobrazevanja-hortikulturni-tehnik-pti","status":"publish","type":"page","link":"https:\/\/www.hvu.si\/srednja\/?page_id=443","title":{"rendered":"Nadaljevanje \u0161olanja v programu poklicno tehni\u0161kega izobra\u017eevanja \u2013 Hortikulturni tehnik PTI"},"content":{"rendered":"<p><span style=\"font-family: verdana, geneva, sans-serif\"><strong>Kdo <\/strong><strong>se lahko vpi\u0161e?<\/strong><\/span><\/p>\n<ul>\n<li><span style=\"font-family: verdana, geneva, sans-serif\">vpi\u0161e se lahko, kdor je uspe\u0161no zaklju\u010dil program srednjega poklicnega izobra\u017eevanja in si pridobil enega od nazivov: vrtnar ali cvetli\u010dar.<\/span><\/li>\n<\/ul>\n<p><span style=\"font-family: verdana, geneva, sans-serif\"><strong>Trajanje izobra\u017eevanja:<\/strong> 2 leti<\/span><\/p>\n<p><span style=\"font-family: verdana, geneva, sans-serif\"><strong>Zaklju\u010dek izobra\u017eevanja:<\/strong> poklicna matura<\/span><\/p>\n<p><span style=\"font-family: verdana, geneva, sans-serif\"><strong>Pridobljen poklic:<\/strong> <a href=\"http:\/\/www.hvu.si\/index.php\/izobrazevalni-programi-ss\/13-hortikulturni-tehnik-pti\">hortikulturni tehnik<\/a><\/span><\/p>\n<p><span style=\"font-family: verdana, geneva, sans-serif\"><strong>Mo\u017enosti nadaljevanja izobra\u017eevanja:<\/strong> vi\u0161je in visoke strokovne \u0161ole ter univerzitetni programi<\/span><\/p>\n<p><span style=\"font-family: verdana, geneva, sans-serif\">(poklicna matura + dodatni 5. predmet)<\/span><\/p>\n<p><span style=\"font-family: verdana, geneva, sans-serif\"><strong>PRIJAVA<\/strong><\/span><\/p>\n<ul>\n<li><span style=\"font-family: verdana, geneva, sans-serif\">S prijavnico z oznako <strong>M\u0160\u0160-2-1, 20\/08<\/strong> za vpis v 1. letnik srednjega izobra\u017eevanja, ki je na voljo na spletnih straneh Ministrstva za vzgojo in izobra\u017eevanje.<\/span><\/li>\n<li><span style=\"font-family: verdana, geneva, sans-serif\">Prijavnico potrdite pri svetovalni delavki na va\u0161i \u0161oli.<\/span><\/li>\n<li><span style=\"font-family: verdana, geneva, sans-serif\">Vsak kandidat odda samo <strong>eno izpolnjeno prijavnico<\/strong>.<\/span><\/li>\n<li><span style=\"font-family: verdana, geneva, sans-serif\">Izpolnjeno prijavnico posredujete izbrani srednji \u0161oli <strong>do datuma objavljenega na spletni strani Ministrstva za vzgojo in izobra\u017eevanje<\/strong> (MVI).<\/span><\/li>\n<li><span style=\"font-family: verdana, geneva, sans-serif\">V mesecu maju bo na spletni strani MVI objavljeno stanje prijav in \u0161e prosta mesta.<\/span><\/li>\n<li><span style=\"font-family: verdana, geneva, sans-serif\"><u>\u010ce ne bo dovolj prijavljenih kandidatov<\/u>, bo srednja \u0161ola pred koncem roka za prenos prijav obvestila kandidate, da izobra\u017eevanja po tem programu ne bo organizirala.<\/span><\/li>\n<li><span style=\"font-family: verdana, geneva, sans-serif\">Do datuma objavljenega na spletni strani MVI je mo\u017een prenos prijav na drugo srednjo \u0161olo zaradi spremembe namere ali drugih razlogov ne glede na \u0161tevilo \u017ee prejetih prijav.<\/span><\/li>\n<li><span style=\"font-family: verdana, geneva, sans-serif\">V primeru <strong>omejitve<\/strong> vpisa, boste obve\u0161\u010deni s strani \u0161ole.<\/span><\/li>\n<\/ul>\n<p><span style=\"font-family: verdana, geneva, sans-serif\"><strong>Merilo za izbiro v primeru omejitve vpisa<\/strong><\/span><\/p>\n<ul>\n<li><span style=\"font-family: verdana, geneva, sans-serif\">U\u010dni uspeh iz SLO, MAT in splo\u0161ni u\u010dni uspeh v 1., 2. in 3. letniku srednjega poklicnega izobra\u017eevanja in<\/span><\/li>\n<li><span style=\"font-family: verdana, geneva, sans-serif\">U\u010dni uspeh iz SLO, strokovnega predmeta in splo\u0161ni uspeh pri zaklju\u010dnem izpitu srednjega poklicnega izobra\u017eevanja.<\/span><\/li>\n<\/ul>\n<p><span style=\"font-family: verdana, geneva, sans-serif\"><strong>VPIS<\/strong><\/span><\/p>\n<ul>\n<li><span style=\"font-family: verdana, geneva, sans-serif\"><strong>Vpis<\/strong> in izbira kandidatov, ki ste se prijavili do razpisanega datuma (spletna stran MVI), bosta potekala na \u0161oli. O datumu vpisa boste obve\u0161\u010deni po po\u0161ti.<\/span><\/li>\n<li><span style=\"font-family: verdana, geneva, sans-serif\">\u0160ole, ki bodo po vpisu imele \u0161e prosta mesta, bodo sprejemale prijave oz. vpisovale do zasedbe prostih mest, vendar najkasneje do zadnjega delovnega dne v avgustu.<\/span><\/li>\n<\/ul>\n<p><span style=\"font-family: verdana, geneva, sans-serif\">Vse podrobnej\u0161e informacije dobite pri svetovalni delavki ali v <u>Razpisu za vpis v srednje \u0161ole<\/u>.<\/span><\/p>\n","protected":false},"excerpt":{"rendered":"<p>Kdo se lahko vpi\u0161e? vpi\u0161e se lahko, kdor je uspe\u0161no zaklju\u010dil program srednjega poklicnega izobra\u017eevanja in si pridobil enega od nazivov: vrtnar ali cvetli\u010dar. Trajanje izobra\u017eevanja: 2 leti Zaklju\u010dek izobra\u017eevanja: poklicna matura Pridobljen poklic: hortikulturni tehnik Mo\u017enosti nadaljevanja izobra\u017eevanja: vi\u0161je in visoke strokovne \u0161ole ter univerzitetni programi (poklicna matura + dodatni 5. predmet) PRIJAVA S [&hellip;]<\/p>\n","protected":false},"author":1,"featured_media":0,"parent":0,"menu_order":0,"comment_status":"closed","ping_status":"closed","template":"","meta":{"footnotes":""},"class_list":["post-443","page","type-page","status-publish","hentry"],"_links":{"self":[{"href":"https:\/\/www.hvu.si\/srednja\/index.php?rest_route=\/wp\/v2\/pages\/443","targetHints":{"allow":["GET"]}}],"collection":[{"href":"https:\/\/www.hvu.si\/srednja\/index.php?rest_route=\/wp\/v2\/pages"}],"about":[{"href":"https:\/\/www.hvu.si\/srednja\/index.php?rest_route=\/wp\/v2\/types\/page"}],"author":[{"embeddable":true,"href":"https:\/\/www.hvu.si\/srednja\/index.php?rest_route=\/wp\/v2\/users\/1"}],"replies":[{"embeddable":true,"href":"https:\/\/www.hvu.si\/srednja\/index.php?rest_route=%2Fwp%2Fv2%2Fcomments&post=443"}],"version-history":[{"count":19,"href":"https:\/\/www.hvu.si\/srednja\/index.php?rest_route=\/wp\/v2\/pages\/443\/revisions"}],"predecessor-version":[{"id":7856,"href":"https:\/\/www.hvu.si\/srednja\/index.php?rest_route=\/wp\/v2\/pages\/443\/revisions\/7856"}],"wp:attachment":[{"href":"https:\/\/www.hvu.si\/srednja\/index.php?rest_route=%2Fwp%2Fv2%2Fmedia&parent=443"}],"curies":[{"name":"wp","href":"https:\/\/api.w.org\/{rel}","templated":true}]}}