{"id":75,"date":"2018-02-18T21:54:33","date_gmt":"2018-02-18T20:54:33","guid":{"rendered":"http:\/\/873.gvs.arnes.si\/izobrazevalni-center\/?page_id=75"},"modified":"2026-01-23T12:25:49","modified_gmt":"2026-01-23T11:25:49","slug":"sola-voznje","status":"publish","type":"page","link":"https:\/\/www.hvu.si\/izobrazevalni-center\/?page_id=75","title":{"rendered":"\u0160ola vo\u017enje"},"content":{"rendered":"<p style=\"text-align: justify\"><span style=\"font-family: book antiqua, palatino, serif;font-size: 14pt\"><img loading=\"lazy\" decoding=\"async\" class=\"alignright wp-image-77 size-full\" src=\"https:\/\/www.hvu.si\/izobrazevalni-center\/wp-content\/uploads\/sites\/6\/2018\/02\/image001.jpeg\" alt=\"\" width=\"306\" height=\"230\" srcset=\"https:\/\/www.hvu.si\/izobrazevalni-center\/wp-content\/uploads\/sites\/6\/2018\/02\/image001.jpeg 306w, https:\/\/www.hvu.si\/izobrazevalni-center\/wp-content\/uploads\/sites\/6\/2018\/02\/image001-300x225.jpeg 300w\" sizes=\"(max-width: 306px) 100vw, 306px\" \/><\/span><\/p>\n<p><span style=\"font-family: book antiqua, palatino, serif;font-size: 14pt\">\u0160ola vo\u017enje:<\/span><\/p>\n<p><span style=\"font-family: book antiqua, palatino, serif;font-size: 14pt\">Rafael Hrustel, vodja<\/span><br \/>\n<span style=\"font-family: book antiqua, palatino, serif;font-size: 14pt\">Tel: 03 428 59 10<\/span><br \/>\n<span style=\"font-family: book antiqua, palatino, serif;font-size: 14pt\"><a href=\"mailto:rafael.hrustel@hvu.si\">rafael.hrustel@hvu.si<\/a><\/span><\/p>\n<hr \/>\n<p style=\"text-align: justify\"><span style=\"font-family: book antiqua, palatino, serif;font-size: 14pt\">\u0160ola za hortikulturo in vizualne umetnosti Celje ima \u017ee ve\u010d let registrirano \u0161olo Vo\u017enje. Do leta 2014 smo usposabljali le voznike traktorjev s traktorskimi priklju\u010dki ali t. i. F kategorijo. Sedaj pa usposabljamo tudi voznike B kategorije.<\/span><\/p>\n<p><span style=\"font-family: book antiqua, palatino, serif;font-size: 14pt\">Dijakom in \u0161tudentom nudimo ure prakti\u010dne vo\u017enje po zelo ugodni ceni.<\/span><\/p>\n","protected":false},"excerpt":{"rendered":"<p>\u0160ola vo\u017enje: Rafael Hrustel, vodja Tel: 03 428 59 10 rafael.hrustel@hvu.si \u0160ola za hortikulturo in vizualne umetnosti Celje ima \u017ee ve\u010d let registrirano \u0161olo Vo\u017enje. Do leta 2014 smo usposabljali le voznike traktorjev s traktorskimi priklju\u010dki ali t. i. F kategorijo. Sedaj pa usposabljamo tudi voznike B kategorije. Dijakom in \u0161tudentom nudimo ure prakti\u010dne vo\u017enje [&hellip;]<\/p>\n","protected":false},"author":1,"featured_media":0,"parent":0,"menu_order":0,"comment_status":"closed","ping_status":"closed","template":"","meta":{"footnotes":""},"class_list":["post-75","page","type-page","status-publish","hentry"],"_links":{"self":[{"href":"https:\/\/www.hvu.si\/izobrazevalni-center\/index.php?rest_route=\/wp\/v2\/pages\/75","targetHints":{"allow":["GET"]}}],"collection":[{"href":"https:\/\/www.hvu.si\/izobrazevalni-center\/index.php?rest_route=\/wp\/v2\/pages"}],"about":[{"href":"https:\/\/www.hvu.si\/izobrazevalni-center\/index.php?rest_route=\/wp\/v2\/types\/page"}],"author":[{"embeddable":true,"href":"https:\/\/www.hvu.si\/izobrazevalni-center\/index.php?rest_route=\/wp\/v2\/users\/1"}],"replies":[{"embeddable":true,"href":"https:\/\/www.hvu.si\/izobrazevalni-center\/index.php?rest_route=%2Fwp%2Fv2%2Fcomments&post=75"}],"version-history":[{"count":14,"href":"https:\/\/www.hvu.si\/izobrazevalni-center\/index.php?rest_route=\/wp\/v2\/pages\/75\/revisions"}],"predecessor-version":[{"id":2067,"href":"https:\/\/www.hvu.si\/izobrazevalni-center\/index.php?rest_route=\/wp\/v2\/pages\/75\/revisions\/2067"}],"wp:attachment":[{"href":"https:\/\/www.hvu.si\/izobrazevalni-center\/index.php?rest_route=%2Fwp%2Fv2%2Fmedia&parent=75"}],"curies":[{"name":"wp","href":"https:\/\/api.w.org\/{rel}","templated":true}]}}